{"id":13776,"date":"2021-11-04T13:53:33","date_gmt":"2021-11-04T13:53:33","guid":{"rendered":"https:\/\/marevik.ee\/test\/?post_type=product&#038;p=13776"},"modified":"2024-08-12T05:30:15","modified_gmt":"2024-08-12T05:30:15","slug":"paspuaalkandi-ja-parlite-kinnitamise-tald-bernina","status":"publish","type":"product","link":"https:\/\/marevik.ee\/test\/toode\/paspuaalkandi-ja-parlite-kinnitamise-tald-bernina\/","title":{"rendered":"Paspuaalkandi ja p\u00e4rlite kinnitamise tald, Bernina"},"content":{"rendered":"","protected":false},"excerpt":{"rendered":"<p>Paspuaalkandi tald v\u00f5imaldab \u00f5mmelda valmis paspuaalkanti kahe kanga vahele tagades \u00fchtlase tulemuse. Lisaks saab selle talla abil kanga serva \u00f5mmelda p\u00e4rliketti, litripaela, ehisn\u00f6\u00f6ri vms.<br \/>\nSobib mudelitele Bernina L450 ja L460<\/p>\n","protected":false},"featured_media":13777,"template":"","meta":{"site-sidebar-layout":"default","site-content-layout":"default","ast-site-content-layout":"","site-content-style":"default","site-sidebar-style":"default","ast-global-header-display":"","ast-banner-title-visibility":"","ast-main-header-display":"","ast-hfb-above-header-display":"","ast-hfb-below-header-display":"","ast-hfb-mobile-header-display":"","site-post-title":"","ast-breadcrumbs-content":"","ast-featured-img":"","footer-sml-layout":"","theme-transparent-header-meta":"default","adv-header-id-meta":"","stick-header-meta":"","header-above-stick-meta":"","header-main-stick-meta":"","header-below-stick-meta":"","astra-migrate-meta-layouts":"default","ast-page-background-enabled":"default","ast-page-background-meta":{"desktop":{"background-color":"","background-image":"","background-repeat":"repeat","background-position":"center center","background-size":"auto","background-attachment":"scroll","background-type":"","background-media":"","overlay-type":"","overlay-color":"","overlay-opacity":"","overlay-gradient":""},"tablet":{"background-color":"","background-image":"","background-repeat":"repeat","background-position":"center center","background-size":"auto","background-attachment":"scroll","background-type":"","background-media":"","overlay-type":"","overlay-color":"","overlay-opacity":"","overlay-gradient":""},"mobile":{"background-color":"","background-image":"","background-repeat":"repeat","background-position":"center center","background-size":"auto","background-attachment":"scroll","background-type":"","background-media":"","overlay-type":"","overlay-color":"","overlay-opacity":"","overlay-gradient":""}},"ast-content-background-meta":{"desktop":{"background-color":"var(--ast-global-color-5)","background-image":"","background-repeat":"repeat","background-position":"center center","background-size":"auto","background-attachment":"scroll","background-type":"","background-media":"","overlay-type":"","overlay-color":"","overlay-opacity":"","overlay-gradient":""},"tablet":{"background-color":"var(--ast-global-color-5)","background-image":"","background-repeat":"repeat","background-position":"center center","background-size":"auto","background-attachment":"scroll","background-type":"","background-media":"","overlay-type":"","overlay-color":"","overlay-opacity":"","overlay-gradient":""},"mobile":{"background-color":"var(--ast-global-color-5)","background-image":"","background-repeat":"repeat","background-position":"center center","background-size":"auto","background-attachment":"scroll","background-type":"","background-media":"","overlay-type":"","overlay-color":"","overlay-opacity":"","overlay-gradient":""}}},"product_brand":[],"product_cat":[66,78],"product_tag":[108],"class_list":{"0":"post-13776","1":"product","2":"type-product","3":"status-publish","4":"has-post-thumbnail","6":"product_cat-lisatarvikud","7":"product_cat-overloki-presstallad","8":"product_tag-bernina","9":"desktop-align-left","10":"tablet-align-left","11":"mobile-align-left","13":"first","14":"instock","15":"taxable","16":"shipping-taxable","17":"purchasable","18":"product-type-simple"},"yoast_head":"<!-- This site is optimized with the Yoast SEO plugin v26.1.1 - https:\/\/yoast.com\/wordpress\/plugins\/seo\/ -->\n<title>Paspuaalkandi ja p\u00e4rlite kinnitamise tald, Bernina - Marevik O&Uuml;<\/title>\n<meta name=\"description\" content=\"Paspuaalkandi tald v\u00f5imaldab \u00f5mmelda valmis paspuaalkanti kahe kanga vahele tagades \u00fchtlase tulemuse. Lisaks saab selle talla abil kanga serva \u00f5mmelda p\u00e4rliketti, litripaela, ehisn\u00f6\u00f6ri vms.\" \/>\n<meta name=\"robots\" content=\"index, follow, max-snippet:-1, max-image-preview:large, max-video-preview:-1\" \/>\n<link rel=\"canonical\" href=\"https:\/\/marevik.ee\/test\/toode\/paspuaalkandi-ja-parlite-kinnitamise-tald-bernina\/\" \/>\n<meta property=\"og:locale\" content=\"en_US\" \/>\n<meta property=\"og:type\" content=\"article\" \/>\n<meta property=\"og:title\" content=\"Paspuaalkandi ja p\u00e4rlite kinnitamise tald, Bernina - Marevik O&Uuml;\" \/>\n<meta property=\"og:description\" content=\"Paspuaalkandi tald v\u00f5imaldab \u00f5mmelda valmis paspuaalkanti kahe kanga vahele tagades \u00fchtlase tulemuse. Lisaks saab selle talla abil kanga serva \u00f5mmelda p\u00e4rliketti, litripaela, ehisn\u00f6\u00f6ri vms.\" \/>\n<meta property=\"og:url\" content=\"https:\/\/marevik.ee\/test\/toode\/paspuaalkandi-ja-parlite-kinnitamise-tald-bernina\/\" \/>\n<meta property=\"og:site_name\" content=\"Marevik O&Uuml;\" \/>\n<meta property=\"article:modified_time\" content=\"2024-08-12T05:30:15+00:00\" \/>\n<meta property=\"og:image\" content=\"https:\/\/marevik.ee\/test\/wp-content\/uploads\/2021\/11\/Paspuaalkandi-ja-parlitald.png\" \/>\n\t<meta property=\"og:image:width\" content=\"460\" \/>\n\t<meta property=\"og:image:height\" content=\"351\" \/>\n\t<meta property=\"og:image:type\" content=\"image\/png\" \/>\n<meta name=\"twitter:card\" content=\"summary_large_image\" \/>\n<meta name=\"twitter:label1\" content=\"Est. reading time\" \/>\n\t<meta name=\"twitter:data1\" content=\"1 minute\" \/>\n<script type=\"application\/ld+json\" class=\"yoast-schema-graph\">{\"@context\":\"https:\/\/schema.org\",\"@graph\":[{\"@type\":\"WebPage\",\"@id\":\"https:\/\/marevik.ee\/test\/toode\/paspuaalkandi-ja-parlite-kinnitamise-tald-bernina\/\",\"url\":\"https:\/\/marevik.ee\/test\/toode\/paspuaalkandi-ja-parlite-kinnitamise-tald-bernina\/\",\"name\":\"Paspuaalkandi ja p\u00e4rlite kinnitamise tald, Bernina - Marevik O&Uuml;\",\"isPartOf\":{\"@id\":\"https:\/\/marevik.ee\/test\/#website\"},\"primaryImageOfPage\":{\"@id\":\"https:\/\/marevik.ee\/test\/toode\/paspuaalkandi-ja-parlite-kinnitamise-tald-bernina\/#primaryimage\"},\"image\":{\"@id\":\"https:\/\/marevik.ee\/test\/toode\/paspuaalkandi-ja-parlite-kinnitamise-tald-bernina\/#primaryimage\"},\"thumbnailUrl\":\"https:\/\/marevik.ee\/test\/wp-content\/uploads\/2021\/11\/Paspuaalkandi-ja-parlitald.png\",\"datePublished\":\"2021-11-04T13:53:33+00:00\",\"dateModified\":\"2024-08-12T05:30:15+00:00\",\"description\":\"Paspuaalkandi tald v\u00f5imaldab \u00f5mmelda valmis paspuaalkanti kahe kanga vahele tagades \u00fchtlase tulemuse. Lisaks saab selle talla abil kanga serva \u00f5mmelda p\u00e4rliketti, litripaela, ehisn\u00f6\u00f6ri vms.\",\"breadcrumb\":{\"@id\":\"https:\/\/marevik.ee\/test\/toode\/paspuaalkandi-ja-parlite-kinnitamise-tald-bernina\/#breadcrumb\"},\"inLanguage\":\"en\",\"potentialAction\":[{\"@type\":\"ReadAction\",\"target\":[\"https:\/\/marevik.ee\/test\/toode\/paspuaalkandi-ja-parlite-kinnitamise-tald-bernina\/\"]}]},{\"@type\":\"ImageObject\",\"inLanguage\":\"en\",\"@id\":\"https:\/\/marevik.ee\/test\/toode\/paspuaalkandi-ja-parlite-kinnitamise-tald-bernina\/#primaryimage\",\"url\":\"https:\/\/marevik.ee\/test\/wp-content\/uploads\/2021\/11\/Paspuaalkandi-ja-parlitald.png\",\"contentUrl\":\"https:\/\/marevik.ee\/test\/wp-content\/uploads\/2021\/11\/Paspuaalkandi-ja-parlitald.png\",\"width\":460,\"height\":351},{\"@type\":\"BreadcrumbList\",\"@id\":\"https:\/\/marevik.ee\/test\/toode\/paspuaalkandi-ja-parlite-kinnitamise-tald-bernina\/#breadcrumb\",\"itemListElement\":[{\"@type\":\"ListItem\",\"position\":1,\"name\":\"Home\",\"item\":\"https:\/\/marevik.ee\/test\/\"},{\"@type\":\"ListItem\",\"position\":2,\"name\":\"E-POOD\",\"item\":\"https:\/\/marevik.ee\/test\/epood\/\"},{\"@type\":\"ListItem\",\"position\":3,\"name\":\"Paspuaalkandi ja p\u00e4rlite kinnitamise tald, Bernina\"}]},{\"@type\":\"WebSite\",\"@id\":\"https:\/\/marevik.ee\/test\/#website\",\"url\":\"https:\/\/marevik.ee\/test\/\",\"name\":\"Marevik O&Uuml;\",\"description\":\"&Otilde;mblusmasina asjatundja\",\"publisher\":{\"@id\":\"https:\/\/marevik.ee\/test\/#organization\"},\"potentialAction\":[{\"@type\":\"SearchAction\",\"target\":{\"@type\":\"EntryPoint\",\"urlTemplate\":\"https:\/\/marevik.ee\/test\/?s={search_term_string}\"},\"query-input\":{\"@type\":\"PropertyValueSpecification\",\"valueRequired\":true,\"valueName\":\"search_term_string\"}}],\"inLanguage\":\"en\"},{\"@type\":\"Organization\",\"@id\":\"https:\/\/marevik.ee\/test\/#organization\",\"name\":\"Marevik O&Uuml;\",\"url\":\"https:\/\/marevik.ee\/test\/\",\"logo\":{\"@type\":\"ImageObject\",\"inLanguage\":\"en\",\"@id\":\"https:\/\/marevik.ee\/test\/#\/schema\/logo\/image\/\",\"url\":\"https:\/\/marevik.ee\/test\/wp-content\/uploads\/2020\/02\/mblusmasina-asjatundja-1994_173x105_veebi_v-ike.jpg\",\"contentUrl\":\"https:\/\/marevik.ee\/test\/wp-content\/uploads\/2020\/02\/mblusmasina-asjatundja-1994_173x105_veebi_v-ike.jpg\",\"width\":173,\"height\":105,\"caption\":\"Marevik O&Uuml;\"},\"image\":{\"@id\":\"https:\/\/marevik.ee\/test\/#\/schema\/logo\/image\/\"}}]}<\/script>\n<!-- \/ Yoast SEO plugin. -->","yoast_head_json":{"title":"Paspuaalkandi ja p\u00e4rlite kinnitamise tald, Bernina - Marevik O&Uuml;","description":"Paspuaalkandi tald v\u00f5imaldab \u00f5mmelda valmis paspuaalkanti kahe kanga vahele tagades \u00fchtlase tulemuse. Lisaks saab selle talla abil kanga serva \u00f5mmelda p\u00e4rliketti, litripaela, ehisn\u00f6\u00f6ri vms.","robots":{"index":"index","follow":"follow","max-snippet":"max-snippet:-1","max-image-preview":"max-image-preview:large","max-video-preview":"max-video-preview:-1"},"canonical":"https:\/\/marevik.ee\/test\/toode\/paspuaalkandi-ja-parlite-kinnitamise-tald-bernina\/","og_locale":"en_US","og_type":"article","og_title":"Paspuaalkandi ja p\u00e4rlite kinnitamise tald, Bernina - Marevik O&Uuml;","og_description":"Paspuaalkandi tald v\u00f5imaldab \u00f5mmelda valmis paspuaalkanti kahe kanga vahele tagades \u00fchtlase tulemuse. Lisaks saab selle talla abil kanga serva \u00f5mmelda p\u00e4rliketti, litripaela, ehisn\u00f6\u00f6ri vms.","og_url":"https:\/\/marevik.ee\/test\/toode\/paspuaalkandi-ja-parlite-kinnitamise-tald-bernina\/","og_site_name":"Marevik O&Uuml;","article_modified_time":"2024-08-12T05:30:15+00:00","og_image":[{"width":460,"height":351,"url":"https:\/\/marevik.ee\/test\/wp-content\/uploads\/2021\/11\/Paspuaalkandi-ja-parlitald.png","type":"image\/png"}],"twitter_card":"summary_large_image","twitter_misc":{"Est. reading time":"1 minute"},"schema":{"@context":"https:\/\/schema.org","@graph":[{"@type":"WebPage","@id":"https:\/\/marevik.ee\/test\/toode\/paspuaalkandi-ja-parlite-kinnitamise-tald-bernina\/","url":"https:\/\/marevik.ee\/test\/toode\/paspuaalkandi-ja-parlite-kinnitamise-tald-bernina\/","name":"Paspuaalkandi ja p\u00e4rlite kinnitamise tald, Bernina - Marevik O&Uuml;","isPartOf":{"@id":"https:\/\/marevik.ee\/test\/#website"},"primaryImageOfPage":{"@id":"https:\/\/marevik.ee\/test\/toode\/paspuaalkandi-ja-parlite-kinnitamise-tald-bernina\/#primaryimage"},"image":{"@id":"https:\/\/marevik.ee\/test\/toode\/paspuaalkandi-ja-parlite-kinnitamise-tald-bernina\/#primaryimage"},"thumbnailUrl":"https:\/\/marevik.ee\/test\/wp-content\/uploads\/2021\/11\/Paspuaalkandi-ja-parlitald.png","datePublished":"2021-11-04T13:53:33+00:00","dateModified":"2024-08-12T05:30:15+00:00","description":"Paspuaalkandi tald v\u00f5imaldab \u00f5mmelda valmis paspuaalkanti kahe kanga vahele tagades \u00fchtlase tulemuse. Lisaks saab selle talla abil kanga serva \u00f5mmelda p\u00e4rliketti, litripaela, ehisn\u00f6\u00f6ri vms.","breadcrumb":{"@id":"https:\/\/marevik.ee\/test\/toode\/paspuaalkandi-ja-parlite-kinnitamise-tald-bernina\/#breadcrumb"},"inLanguage":"en","potentialAction":[{"@type":"ReadAction","target":["https:\/\/marevik.ee\/test\/toode\/paspuaalkandi-ja-parlite-kinnitamise-tald-bernina\/"]}]},{"@type":"ImageObject","inLanguage":"en","@id":"https:\/\/marevik.ee\/test\/toode\/paspuaalkandi-ja-parlite-kinnitamise-tald-bernina\/#primaryimage","url":"https:\/\/marevik.ee\/test\/wp-content\/uploads\/2021\/11\/Paspuaalkandi-ja-parlitald.png","contentUrl":"https:\/\/marevik.ee\/test\/wp-content\/uploads\/2021\/11\/Paspuaalkandi-ja-parlitald.png","width":460,"height":351},{"@type":"BreadcrumbList","@id":"https:\/\/marevik.ee\/test\/toode\/paspuaalkandi-ja-parlite-kinnitamise-tald-bernina\/#breadcrumb","itemListElement":[{"@type":"ListItem","position":1,"name":"Home","item":"https:\/\/marevik.ee\/test\/"},{"@type":"ListItem","position":2,"name":"E-POOD","item":"https:\/\/marevik.ee\/test\/epood\/"},{"@type":"ListItem","position":3,"name":"Paspuaalkandi ja p\u00e4rlite kinnitamise tald, Bernina"}]},{"@type":"WebSite","@id":"https:\/\/marevik.ee\/test\/#website","url":"https:\/\/marevik.ee\/test\/","name":"Marevik O&Uuml;","description":"&Otilde;mblusmasina asjatundja","publisher":{"@id":"https:\/\/marevik.ee\/test\/#organization"},"potentialAction":[{"@type":"SearchAction","target":{"@type":"EntryPoint","urlTemplate":"https:\/\/marevik.ee\/test\/?s={search_term_string}"},"query-input":{"@type":"PropertyValueSpecification","valueRequired":true,"valueName":"search_term_string"}}],"inLanguage":"en"},{"@type":"Organization","@id":"https:\/\/marevik.ee\/test\/#organization","name":"Marevik O&Uuml;","url":"https:\/\/marevik.ee\/test\/","logo":{"@type":"ImageObject","inLanguage":"en","@id":"https:\/\/marevik.ee\/test\/#\/schema\/logo\/image\/","url":"https:\/\/marevik.ee\/test\/wp-content\/uploads\/2020\/02\/mblusmasina-asjatundja-1994_173x105_veebi_v-ike.jpg","contentUrl":"https:\/\/marevik.ee\/test\/wp-content\/uploads\/2020\/02\/mblusmasina-asjatundja-1994_173x105_veebi_v-ike.jpg","width":173,"height":105,"caption":"Marevik O&Uuml;"},"image":{"@id":"https:\/\/marevik.ee\/test\/#\/schema\/logo\/image\/"}}]}},"_links":{"self":[{"href":"https:\/\/marevik.ee\/test\/wp-json\/wp\/v2\/product\/13776","targetHints":{"allow":["GET"]}}],"collection":[{"href":"https:\/\/marevik.ee\/test\/wp-json\/wp\/v2\/product"}],"about":[{"href":"https:\/\/marevik.ee\/test\/wp-json\/wp\/v2\/types\/product"}],"wp:featuredmedia":[{"embeddable":true,"href":"https:\/\/marevik.ee\/test\/wp-json\/wp\/v2\/media\/13777"}],"wp:attachment":[{"href":"https:\/\/marevik.ee\/test\/wp-json\/wp\/v2\/media?parent=13776"}],"wp:term":[{"taxonomy":"product_brand","embeddable":true,"href":"https:\/\/marevik.ee\/test\/wp-json\/wp\/v2\/product_brand?post=13776"},{"taxonomy":"product_cat","embeddable":true,"href":"https:\/\/marevik.ee\/test\/wp-json\/wp\/v2\/product_cat?post=13776"},{"taxonomy":"product_tag","embeddable":true,"href":"https:\/\/marevik.ee\/test\/wp-json\/wp\/v2\/product_tag?post=13776"}],"curies":[{"name":"wp","href":"https:\/\/api.w.org\/{rel}","templated":true}]}}