{"id":13794,"date":"2021-11-10T13:39:05","date_gmt":"2021-11-10T13:39:05","guid":{"rendered":"https:\/\/marevik.ee\/test\/?post_type=product&#038;p=13794"},"modified":"2025-10-23T13:33:33","modified_gmt":"2025-10-23T13:33:33","slug":"janome-744d-overlok","status":"publish","type":"product","link":"https:\/\/marevik.ee\/test\/toode\/janome-744d-overlok\/","title":{"rendered":"Janome 744D overlok"},"content":{"rendered":"<p>2-3- v\u00f5i 4- niidilised, l\u00f5ikab ja \u00f5mbleb \u00e4\u00e4ristuspisted.<br \/>\nKiire ja lihtne alumise silmusti niidistamine.<br \/>\n4- v\u00e4rviline niidistamisjuhis.<br \/>\nPerfeksed \u00f5mblused igale kanga paksusele ja liigile.<br \/>\nPiste laius 5,0 \u2013 7,0 mm.<br \/>\nDifferentsiaals\u00f6\u00f6de erinevatele kangaliikidele, v\u00e4ldib veniva kanga servade v\u00e4ljavenitamist ja lokkimist.<br \/>\n\u00c4ra keeretav nuga.<br \/>\nVabavars torujate detailide jaoks.<br \/>\nKohtvalgustus.<br \/>\nPr\u00fcgisahtel kangaj\u00e4\u00e4tmete jaoks ning pedaali hoidmiseks, kui masin pole kasutuses.<br \/>\nNiitide keerdumise kaitse paremaks \u00f5mbluskvaliteediks.<br \/>\nKerge ja kompaktne masin koos kandesangaga.<br \/>\nKiirkinnitusega presstald.<br \/>\nPresstalla surveregulaator.<br \/>\nPehme kate<\/p>\n<p><strong>Lisatarvikud (ei kuulu komplekti):<\/strong> paela-\/kummipaelatald, peitepistetald, krookimistald,<br \/>\nrullkanditald, p\u00e4rlitald<\/p>\n","protected":false},"excerpt":{"rendered":"<p>Janome 744D overlok on kindel t\u00f6\u00f6riist, mis sobib ka n\u00f5udlikume \u00f5mbleja t\u00f6\u00f6lauale. Lihtne niidistus ja mugav seadistus teeb masinast n\u00f5utud abimehe igale k\u00e4sit\u00f6\u00f6huvilisele.<\/p>\n","protected":false},"featured_media":13795,"template":"","meta":{"site-sidebar-layout":"default","site-content-layout":"default","ast-site-content-layout":"default","site-content-style":"default","site-sidebar-style":"default","ast-global-header-display":"","ast-banner-title-visibility":"","ast-main-header-display":"","ast-hfb-above-header-display":"","ast-hfb-below-header-display":"","ast-hfb-mobile-header-display":"","site-post-title":"","ast-breadcrumbs-content":"","ast-featured-img":"","footer-sml-layout":"","theme-transparent-header-meta":"default","adv-header-id-meta":"","stick-header-meta":"","header-above-stick-meta":"","header-main-stick-meta":"","header-below-stick-meta":"","astra-migrate-meta-layouts":"set","ast-page-background-enabled":"default","ast-page-background-meta":{"desktop":{"background-color":"","background-image":"","background-repeat":"repeat","background-position":"center center","background-size":"auto","background-attachment":"scroll","background-type":"","background-media":"","overlay-type":"","overlay-color":"","overlay-opacity":"","overlay-gradient":""},"tablet":{"background-color":"","background-image":"","background-repeat":"repeat","background-position":"center center","background-size":"auto","background-attachment":"scroll","background-type":"","background-media":"","overlay-type":"","overlay-color":"","overlay-opacity":"","overlay-gradient":""},"mobile":{"background-color":"","background-image":"","background-repeat":"repeat","background-position":"center center","background-size":"auto","background-attachment":"scroll","background-type":"","background-media":"","overlay-type":"","overlay-color":"","overlay-opacity":"","overlay-gradient":""}},"ast-content-background-meta":{"desktop":{"background-color":"var(--ast-global-color-5)","background-image":"","background-repeat":"repeat","background-position":"center center","background-size":"auto","background-attachment":"scroll","background-type":"","background-media":"","overlay-type":"","overlay-color":"","overlay-opacity":"","overlay-gradient":""},"tablet":{"background-color":"var(--ast-global-color-5)","background-image":"","background-repeat":"repeat","background-position":"center center","background-size":"auto","background-attachment":"scroll","background-type":"","background-media":"","overlay-type":"","overlay-color":"","overlay-opacity":"","overlay-gradient":""},"mobile":{"background-color":"var(--ast-global-color-5)","background-image":"","background-repeat":"repeat","background-position":"center center","background-size":"auto","background-attachment":"scroll","background-type":"","background-media":"","overlay-type":"","overlay-color":"","overlay-opacity":"","overlay-gradient":""}}},"product_brand":[],"product_cat":[90,64],"product_tag":[84],"class_list":{"0":"post-13794","1":"product","2":"type-product","3":"status-publish","4":"has-post-thumbnail","6":"product_cat-janome-overlokid-ja-kattemasinad","7":"product_cat-overlokid-ja-kattemasinad","8":"product_tag-janome","9":"desktop-align-left","10":"tablet-align-left","11":"mobile-align-left","13":"first","14":"instock","15":"taxable","16":"shipping-taxable","17":"purchasable","18":"product-type-simple"},"yoast_head":"<!-- This site is optimized with the Yoast SEO plugin v26.1.1 - https:\/\/yoast.com\/wordpress\/plugins\/seo\/ -->\n<title>Janome 744D overlok - Marevik O&Uuml;<\/title>\n<meta name=\"description\" content=\"Janome 744D overlok on kindel t\u00f6\u00f6riist, mis sobib ka n\u00f5udlikume \u00f5mbleja t\u00f6\u00f6lauale. Lihtne niidistus ja mugav seadistus teeb masinast n\u00f5utud abimehe igale...\" \/>\n<meta name=\"robots\" content=\"index, follow, max-snippet:-1, max-image-preview:large, max-video-preview:-1\" \/>\n<link rel=\"canonical\" href=\"https:\/\/marevik.ee\/test\/toode\/janome-744d-overlok\/\" \/>\n<meta property=\"og:locale\" content=\"en_US\" \/>\n<meta property=\"og:type\" content=\"article\" \/>\n<meta property=\"og:title\" content=\"Janome 744D overlok - Marevik O&Uuml;\" \/>\n<meta property=\"og:description\" content=\"Janome 744D overlok on kindel t\u00f6\u00f6riist, mis sobib ka n\u00f5udlikume \u00f5mbleja t\u00f6\u00f6lauale. Lihtne niidistus ja mugav seadistus teeb masinast n\u00f5utud abimehe igale...\" \/>\n<meta property=\"og:url\" content=\"https:\/\/marevik.ee\/test\/toode\/janome-744d-overlok\/\" \/>\n<meta property=\"og:site_name\" content=\"Marevik O&Uuml;\" \/>\n<meta property=\"article:modified_time\" content=\"2025-10-23T13:33:33+00:00\" \/>\n<meta property=\"og:image\" content=\"https:\/\/marevik.ee\/test\/wp-content\/uploads\/2021\/11\/Janome-744D.jpg\" \/>\n\t<meta property=\"og:image:width\" content=\"500\" \/>\n\t<meta property=\"og:image:height\" content=\"500\" \/>\n\t<meta property=\"og:image:type\" content=\"image\/jpeg\" \/>\n<meta name=\"twitter:card\" content=\"summary_large_image\" \/>\n<meta name=\"twitter:label1\" content=\"Est. reading time\" \/>\n\t<meta name=\"twitter:data1\" content=\"1 minute\" \/>\n<script type=\"application\/ld+json\" class=\"yoast-schema-graph\">{\"@context\":\"https:\/\/schema.org\",\"@graph\":[{\"@type\":\"WebPage\",\"@id\":\"https:\/\/marevik.ee\/test\/toode\/janome-744d-overlok\/\",\"url\":\"https:\/\/marevik.ee\/test\/toode\/janome-744d-overlok\/\",\"name\":\"Janome 744D overlok - Marevik O&Uuml;\",\"isPartOf\":{\"@id\":\"https:\/\/marevik.ee\/test\/#website\"},\"primaryImageOfPage\":{\"@id\":\"https:\/\/marevik.ee\/test\/toode\/janome-744d-overlok\/#primaryimage\"},\"image\":{\"@id\":\"https:\/\/marevik.ee\/test\/toode\/janome-744d-overlok\/#primaryimage\"},\"thumbnailUrl\":\"https:\/\/marevik.ee\/test\/wp-content\/uploads\/2021\/11\/Janome-744D.jpg\",\"datePublished\":\"2021-11-10T13:39:05+00:00\",\"dateModified\":\"2025-10-23T13:33:33+00:00\",\"description\":\"Janome 744D overlok on kindel t\u00f6\u00f6riist, mis sobib ka n\u00f5udlikume \u00f5mbleja t\u00f6\u00f6lauale. Lihtne niidistus ja mugav seadistus teeb masinast n\u00f5utud abimehe igale...\",\"breadcrumb\":{\"@id\":\"https:\/\/marevik.ee\/test\/toode\/janome-744d-overlok\/#breadcrumb\"},\"inLanguage\":\"en\",\"potentialAction\":[{\"@type\":\"ReadAction\",\"target\":[\"https:\/\/marevik.ee\/test\/toode\/janome-744d-overlok\/\"]}]},{\"@type\":\"ImageObject\",\"inLanguage\":\"en\",\"@id\":\"https:\/\/marevik.ee\/test\/toode\/janome-744d-overlok\/#primaryimage\",\"url\":\"https:\/\/marevik.ee\/test\/wp-content\/uploads\/2021\/11\/Janome-744D.jpg\",\"contentUrl\":\"https:\/\/marevik.ee\/test\/wp-content\/uploads\/2021\/11\/Janome-744D.jpg\",\"width\":500,\"height\":500},{\"@type\":\"BreadcrumbList\",\"@id\":\"https:\/\/marevik.ee\/test\/toode\/janome-744d-overlok\/#breadcrumb\",\"itemListElement\":[{\"@type\":\"ListItem\",\"position\":1,\"name\":\"Home\",\"item\":\"https:\/\/marevik.ee\/test\/\"},{\"@type\":\"ListItem\",\"position\":2,\"name\":\"E-POOD\",\"item\":\"https:\/\/marevik.ee\/test\/epood\/\"},{\"@type\":\"ListItem\",\"position\":3,\"name\":\"Janome 744D overlok\"}]},{\"@type\":\"WebSite\",\"@id\":\"https:\/\/marevik.ee\/test\/#website\",\"url\":\"https:\/\/marevik.ee\/test\/\",\"name\":\"Marevik O&Uuml;\",\"description\":\"&Otilde;mblusmasina asjatundja\",\"publisher\":{\"@id\":\"https:\/\/marevik.ee\/test\/#organization\"},\"potentialAction\":[{\"@type\":\"SearchAction\",\"target\":{\"@type\":\"EntryPoint\",\"urlTemplate\":\"https:\/\/marevik.ee\/test\/?s={search_term_string}\"},\"query-input\":{\"@type\":\"PropertyValueSpecification\",\"valueRequired\":true,\"valueName\":\"search_term_string\"}}],\"inLanguage\":\"en\"},{\"@type\":\"Organization\",\"@id\":\"https:\/\/marevik.ee\/test\/#organization\",\"name\":\"Marevik O&Uuml;\",\"url\":\"https:\/\/marevik.ee\/test\/\",\"logo\":{\"@type\":\"ImageObject\",\"inLanguage\":\"en\",\"@id\":\"https:\/\/marevik.ee\/test\/#\/schema\/logo\/image\/\",\"url\":\"https:\/\/marevik.ee\/test\/wp-content\/uploads\/2020\/02\/mblusmasina-asjatundja-1994_173x105_veebi_v-ike.jpg\",\"contentUrl\":\"https:\/\/marevik.ee\/test\/wp-content\/uploads\/2020\/02\/mblusmasina-asjatundja-1994_173x105_veebi_v-ike.jpg\",\"width\":173,\"height\":105,\"caption\":\"Marevik O&Uuml;\"},\"image\":{\"@id\":\"https:\/\/marevik.ee\/test\/#\/schema\/logo\/image\/\"}}]}<\/script>\n<!-- \/ Yoast SEO plugin. -->","yoast_head_json":{"title":"Janome 744D overlok - Marevik O&Uuml;","description":"Janome 744D overlok on kindel t\u00f6\u00f6riist, mis sobib ka n\u00f5udlikume \u00f5mbleja t\u00f6\u00f6lauale. Lihtne niidistus ja mugav seadistus teeb masinast n\u00f5utud abimehe igale...","robots":{"index":"index","follow":"follow","max-snippet":"max-snippet:-1","max-image-preview":"max-image-preview:large","max-video-preview":"max-video-preview:-1"},"canonical":"https:\/\/marevik.ee\/test\/toode\/janome-744d-overlok\/","og_locale":"en_US","og_type":"article","og_title":"Janome 744D overlok - Marevik O&Uuml;","og_description":"Janome 744D overlok on kindel t\u00f6\u00f6riist, mis sobib ka n\u00f5udlikume \u00f5mbleja t\u00f6\u00f6lauale. Lihtne niidistus ja mugav seadistus teeb masinast n\u00f5utud abimehe igale...","og_url":"https:\/\/marevik.ee\/test\/toode\/janome-744d-overlok\/","og_site_name":"Marevik O&Uuml;","article_modified_time":"2025-10-23T13:33:33+00:00","og_image":[{"width":500,"height":500,"url":"https:\/\/marevik.ee\/test\/wp-content\/uploads\/2021\/11\/Janome-744D.jpg","type":"image\/jpeg"}],"twitter_card":"summary_large_image","twitter_misc":{"Est. reading time":"1 minute"},"schema":{"@context":"https:\/\/schema.org","@graph":[{"@type":"WebPage","@id":"https:\/\/marevik.ee\/test\/toode\/janome-744d-overlok\/","url":"https:\/\/marevik.ee\/test\/toode\/janome-744d-overlok\/","name":"Janome 744D overlok - Marevik O&Uuml;","isPartOf":{"@id":"https:\/\/marevik.ee\/test\/#website"},"primaryImageOfPage":{"@id":"https:\/\/marevik.ee\/test\/toode\/janome-744d-overlok\/#primaryimage"},"image":{"@id":"https:\/\/marevik.ee\/test\/toode\/janome-744d-overlok\/#primaryimage"},"thumbnailUrl":"https:\/\/marevik.ee\/test\/wp-content\/uploads\/2021\/11\/Janome-744D.jpg","datePublished":"2021-11-10T13:39:05+00:00","dateModified":"2025-10-23T13:33:33+00:00","description":"Janome 744D overlok on kindel t\u00f6\u00f6riist, mis sobib ka n\u00f5udlikume \u00f5mbleja t\u00f6\u00f6lauale. Lihtne niidistus ja mugav seadistus teeb masinast n\u00f5utud abimehe igale...","breadcrumb":{"@id":"https:\/\/marevik.ee\/test\/toode\/janome-744d-overlok\/#breadcrumb"},"inLanguage":"en","potentialAction":[{"@type":"ReadAction","target":["https:\/\/marevik.ee\/test\/toode\/janome-744d-overlok\/"]}]},{"@type":"ImageObject","inLanguage":"en","@id":"https:\/\/marevik.ee\/test\/toode\/janome-744d-overlok\/#primaryimage","url":"https:\/\/marevik.ee\/test\/wp-content\/uploads\/2021\/11\/Janome-744D.jpg","contentUrl":"https:\/\/marevik.ee\/test\/wp-content\/uploads\/2021\/11\/Janome-744D.jpg","width":500,"height":500},{"@type":"BreadcrumbList","@id":"https:\/\/marevik.ee\/test\/toode\/janome-744d-overlok\/#breadcrumb","itemListElement":[{"@type":"ListItem","position":1,"name":"Home","item":"https:\/\/marevik.ee\/test\/"},{"@type":"ListItem","position":2,"name":"E-POOD","item":"https:\/\/marevik.ee\/test\/epood\/"},{"@type":"ListItem","position":3,"name":"Janome 744D overlok"}]},{"@type":"WebSite","@id":"https:\/\/marevik.ee\/test\/#website","url":"https:\/\/marevik.ee\/test\/","name":"Marevik O&Uuml;","description":"&Otilde;mblusmasina asjatundja","publisher":{"@id":"https:\/\/marevik.ee\/test\/#organization"},"potentialAction":[{"@type":"SearchAction","target":{"@type":"EntryPoint","urlTemplate":"https:\/\/marevik.ee\/test\/?s={search_term_string}"},"query-input":{"@type":"PropertyValueSpecification","valueRequired":true,"valueName":"search_term_string"}}],"inLanguage":"en"},{"@type":"Organization","@id":"https:\/\/marevik.ee\/test\/#organization","name":"Marevik O&Uuml;","url":"https:\/\/marevik.ee\/test\/","logo":{"@type":"ImageObject","inLanguage":"en","@id":"https:\/\/marevik.ee\/test\/#\/schema\/logo\/image\/","url":"https:\/\/marevik.ee\/test\/wp-content\/uploads\/2020\/02\/mblusmasina-asjatundja-1994_173x105_veebi_v-ike.jpg","contentUrl":"https:\/\/marevik.ee\/test\/wp-content\/uploads\/2020\/02\/mblusmasina-asjatundja-1994_173x105_veebi_v-ike.jpg","width":173,"height":105,"caption":"Marevik O&Uuml;"},"image":{"@id":"https:\/\/marevik.ee\/test\/#\/schema\/logo\/image\/"}}]}},"_links":{"self":[{"href":"https:\/\/marevik.ee\/test\/wp-json\/wp\/v2\/product\/13794","targetHints":{"allow":["GET"]}}],"collection":[{"href":"https:\/\/marevik.ee\/test\/wp-json\/wp\/v2\/product"}],"about":[{"href":"https:\/\/marevik.ee\/test\/wp-json\/wp\/v2\/types\/product"}],"wp:featuredmedia":[{"embeddable":true,"href":"https:\/\/marevik.ee\/test\/wp-json\/wp\/v2\/media\/13795"}],"wp:attachment":[{"href":"https:\/\/marevik.ee\/test\/wp-json\/wp\/v2\/media?parent=13794"}],"wp:term":[{"taxonomy":"product_brand","embeddable":true,"href":"https:\/\/marevik.ee\/test\/wp-json\/wp\/v2\/product_brand?post=13794"},{"taxonomy":"product_cat","embeddable":true,"href":"https:\/\/marevik.ee\/test\/wp-json\/wp\/v2\/product_cat?post=13794"},{"taxonomy":"product_tag","embeddable":true,"href":"https:\/\/marevik.ee\/test\/wp-json\/wp\/v2\/product_tag?post=13794"}],"curies":[{"name":"wp","href":"https:\/\/api.w.org\/{rel}","templated":true}]}}