{"id":14945,"date":"2022-12-01T13:04:13","date_gmt":"2022-12-01T13:04:13","guid":{"rendered":"https:\/\/marevik.ee\/test\/?post_type=product&#038;p=14945"},"modified":"2022-12-01T13:04:14","modified_gmt":"2022-12-01T13:04:14","slug":"kanga-serva-suunaja-15mm-matmar","status":"publish","type":"product","link":"https:\/\/marevik.ee\/test\/toode\/kanga-serva-suunaja-15mm-matmar\/","title":{"rendered":"Kanga serva suunaja 15mm Matmar"},"content":{"rendered":"","protected":false},"excerpt":{"rendered":"<p>Otsid lihtsamat viisi, kuidas n\u00f6\u00f6pn\u00f5elu kasutamata \u00fchtlaselt p\u00f6\u00f6ratud kanga \u00e4\u00e4rt saavutada?<br \/>\nKanga serva suunaja on just selleks loodud<br \/>\n3D prinditud PLA plastikust serva suunaja, mille valmis \u00e4\u00e4re laius 15mm<br \/>\nMatMar\u00b4i stiiline ja ainulaadne disain, valmistatud Eestis. <\/p>\n","protected":false},"featured_media":14947,"template":"","meta":{"site-sidebar-layout":"default","site-content-layout":"default","ast-site-content-layout":"","site-content-style":"default","site-sidebar-style":"default","ast-global-header-display":"","ast-banner-title-visibility":"","ast-main-header-display":"","ast-hfb-above-header-display":"","ast-hfb-below-header-display":"","ast-hfb-mobile-header-display":"","site-post-title":"","ast-breadcrumbs-content":"","ast-featured-img":"","footer-sml-layout":"","theme-transparent-header-meta":"default","adv-header-id-meta":"","stick-header-meta":"","header-above-stick-meta":"","header-main-stick-meta":"","header-below-stick-meta":"","astra-migrate-meta-layouts":"default","ast-page-background-enabled":"default","ast-page-background-meta":{"desktop":{"background-color":"","background-image":"","background-repeat":"repeat","background-position":"center center","background-size":"auto","background-attachment":"scroll","background-type":"","background-media":"","overlay-type":"","overlay-color":"","overlay-opacity":"","overlay-gradient":""},"tablet":{"background-color":"","background-image":"","background-repeat":"repeat","background-position":"center center","background-size":"auto","background-attachment":"scroll","background-type":"","background-media":"","overlay-type":"","overlay-color":"","overlay-opacity":"","overlay-gradient":""},"mobile":{"background-color":"","background-image":"","background-repeat":"repeat","background-position":"center center","background-size":"auto","background-attachment":"scroll","background-type":"","background-media":"","overlay-type":"","overlay-color":"","overlay-opacity":"","overlay-gradient":""}},"ast-content-background-meta":{"desktop":{"background-color":"var(--ast-global-color-5)","background-image":"","background-repeat":"repeat","background-position":"center center","background-size":"auto","background-attachment":"scroll","background-type":"","background-media":"","overlay-type":"","overlay-color":"","overlay-opacity":"","overlay-gradient":""},"tablet":{"background-color":"var(--ast-global-color-5)","background-image":"","background-repeat":"repeat","background-position":"center center","background-size":"auto","background-attachment":"scroll","background-type":"","background-media":"","overlay-type":"","overlay-color":"","overlay-opacity":"","overlay-gradient":""},"mobile":{"background-color":"var(--ast-global-color-5)","background-image":"","background-repeat":"repeat","background-position":"center center","background-size":"auto","background-attachment":"scroll","background-type":"","background-media":"","overlay-type":"","overlay-color":"","overlay-opacity":"","overlay-gradient":""}}},"product_brand":[],"product_cat":[79,66],"product_tag":[109,85,84,92],"class_list":{"0":"post-14945","1":"product","2":"type-product","3":"status-publish","4":"has-post-thumbnail","6":"product_cat-kattemasina-lisatarvikud","7":"product_cat-lisatarvikud","8":"product_tag-bernette","9":"product_tag-brother","10":"product_tag-janome","11":"product_tag-juki","12":"desktop-align-left","13":"tablet-align-left","14":"mobile-align-left","16":"first","17":"instock","18":"taxable","19":"shipping-taxable","20":"purchasable","21":"product-type-simple"},"yoast_head":"<!-- This site is optimized with the Yoast SEO plugin v26.1.1 - https:\/\/yoast.com\/wordpress\/plugins\/seo\/ -->\n<title>Kanga serva suunaja 15mm Matmar - Marevik O&Uuml;<\/title>\n<meta name=\"description\" content=\"Otsid lihtsamat viisi, kuidas n\u00f6\u00f6pn\u00f5elu kasutamata \u00fchtlaselt p\u00f6\u00f6ratud kanga \u00e4\u00e4rt saavutada?Kanga serva suunaja on just selleks loodud3D prinditud PLA plastikust serva suunaja, mille valmis \u00e4\u00e4re laius 15mmMatMar\u00b4i stiiline ja ainulaadne disain, valmistatud Eestis.\" \/>\n<meta name=\"robots\" content=\"index, follow, max-snippet:-1, max-image-preview:large, max-video-preview:-1\" \/>\n<link rel=\"canonical\" href=\"https:\/\/marevik.ee\/test\/toode\/kanga-serva-suunaja-15mm-matmar\/\" \/>\n<meta property=\"og:locale\" content=\"en_US\" \/>\n<meta property=\"og:type\" content=\"article\" \/>\n<meta property=\"og:title\" content=\"Kanga serva suunaja 15mm Matmar - Marevik O&Uuml;\" \/>\n<meta property=\"og:description\" content=\"Otsid lihtsamat viisi, kuidas n\u00f6\u00f6pn\u00f5elu kasutamata \u00fchtlaselt p\u00f6\u00f6ratud kanga \u00e4\u00e4rt saavutada?Kanga serva suunaja on just selleks loodud3D prinditud PLA plastikust serva suunaja, mille valmis \u00e4\u00e4re laius 15mmMatMar\u00b4i stiiline ja ainulaadne disain, valmistatud Eestis.\" \/>\n<meta property=\"og:url\" content=\"https:\/\/marevik.ee\/test\/toode\/kanga-serva-suunaja-15mm-matmar\/\" \/>\n<meta property=\"og:site_name\" content=\"Marevik O&Uuml;\" \/>\n<meta property=\"article:modified_time\" content=\"2022-12-01T13:04:14+00:00\" \/>\n<meta property=\"og:image\" content=\"https:\/\/marevik.ee\/test\/wp-content\/uploads\/2022\/12\/Serve-suunaja.jpg\" \/>\n\t<meta property=\"og:image:width\" content=\"1024\" \/>\n\t<meta property=\"og:image:height\" content=\"1024\" \/>\n\t<meta property=\"og:image:type\" content=\"image\/jpeg\" \/>\n<meta name=\"twitter:card\" content=\"summary_large_image\" \/>\n<script type=\"application\/ld+json\" class=\"yoast-schema-graph\">{\"@context\":\"https:\/\/schema.org\",\"@graph\":[{\"@type\":\"WebPage\",\"@id\":\"https:\/\/marevik.ee\/test\/toode\/kanga-serva-suunaja-15mm-matmar\/\",\"url\":\"https:\/\/marevik.ee\/test\/toode\/kanga-serva-suunaja-15mm-matmar\/\",\"name\":\"Kanga serva suunaja 15mm Matmar - Marevik O&Uuml;\",\"isPartOf\":{\"@id\":\"https:\/\/marevik.ee\/test\/#website\"},\"primaryImageOfPage\":{\"@id\":\"https:\/\/marevik.ee\/test\/toode\/kanga-serva-suunaja-15mm-matmar\/#primaryimage\"},\"image\":{\"@id\":\"https:\/\/marevik.ee\/test\/toode\/kanga-serva-suunaja-15mm-matmar\/#primaryimage\"},\"thumbnailUrl\":\"https:\/\/marevik.ee\/test\/wp-content\/uploads\/2022\/12\/Serve-suunaja.jpg\",\"datePublished\":\"2022-12-01T13:04:13+00:00\",\"dateModified\":\"2022-12-01T13:04:14+00:00\",\"description\":\"Otsid lihtsamat viisi, kuidas n\u00f6\u00f6pn\u00f5elu kasutamata \u00fchtlaselt p\u00f6\u00f6ratud kanga \u00e4\u00e4rt saavutada?Kanga serva suunaja on just selleks loodud3D prinditud PLA plastikust serva suunaja, mille valmis \u00e4\u00e4re laius 15mmMatMar\u00b4i stiiline ja ainulaadne disain, valmistatud Eestis.\",\"breadcrumb\":{\"@id\":\"https:\/\/marevik.ee\/test\/toode\/kanga-serva-suunaja-15mm-matmar\/#breadcrumb\"},\"inLanguage\":\"en\",\"potentialAction\":[{\"@type\":\"ReadAction\",\"target\":[\"https:\/\/marevik.ee\/test\/toode\/kanga-serva-suunaja-15mm-matmar\/\"]}]},{\"@type\":\"ImageObject\",\"inLanguage\":\"en\",\"@id\":\"https:\/\/marevik.ee\/test\/toode\/kanga-serva-suunaja-15mm-matmar\/#primaryimage\",\"url\":\"https:\/\/marevik.ee\/test\/wp-content\/uploads\/2022\/12\/Serve-suunaja.jpg\",\"contentUrl\":\"https:\/\/marevik.ee\/test\/wp-content\/uploads\/2022\/12\/Serve-suunaja.jpg\",\"width\":1024,\"height\":1024},{\"@type\":\"BreadcrumbList\",\"@id\":\"https:\/\/marevik.ee\/test\/toode\/kanga-serva-suunaja-15mm-matmar\/#breadcrumb\",\"itemListElement\":[{\"@type\":\"ListItem\",\"position\":1,\"name\":\"Home\",\"item\":\"https:\/\/marevik.ee\/test\/\"},{\"@type\":\"ListItem\",\"position\":2,\"name\":\"E-POOD\",\"item\":\"https:\/\/marevik.ee\/test\/epood\/\"},{\"@type\":\"ListItem\",\"position\":3,\"name\":\"Kanga serva suunaja 15mm Matmar\"}]},{\"@type\":\"WebSite\",\"@id\":\"https:\/\/marevik.ee\/test\/#website\",\"url\":\"https:\/\/marevik.ee\/test\/\",\"name\":\"Marevik O&Uuml;\",\"description\":\"&Otilde;mblusmasina asjatundja\",\"publisher\":{\"@id\":\"https:\/\/marevik.ee\/test\/#organization\"},\"potentialAction\":[{\"@type\":\"SearchAction\",\"target\":{\"@type\":\"EntryPoint\",\"urlTemplate\":\"https:\/\/marevik.ee\/test\/?s={search_term_string}\"},\"query-input\":{\"@type\":\"PropertyValueSpecification\",\"valueRequired\":true,\"valueName\":\"search_term_string\"}}],\"inLanguage\":\"en\"},{\"@type\":\"Organization\",\"@id\":\"https:\/\/marevik.ee\/test\/#organization\",\"name\":\"Marevik O&Uuml;\",\"url\":\"https:\/\/marevik.ee\/test\/\",\"logo\":{\"@type\":\"ImageObject\",\"inLanguage\":\"en\",\"@id\":\"https:\/\/marevik.ee\/test\/#\/schema\/logo\/image\/\",\"url\":\"https:\/\/marevik.ee\/test\/wp-content\/uploads\/2020\/02\/mblusmasina-asjatundja-1994_173x105_veebi_v-ike.jpg\",\"contentUrl\":\"https:\/\/marevik.ee\/test\/wp-content\/uploads\/2020\/02\/mblusmasina-asjatundja-1994_173x105_veebi_v-ike.jpg\",\"width\":173,\"height\":105,\"caption\":\"Marevik O&Uuml;\"},\"image\":{\"@id\":\"https:\/\/marevik.ee\/test\/#\/schema\/logo\/image\/\"}}]}<\/script>\n<!-- \/ Yoast SEO plugin. -->","yoast_head_json":{"title":"Kanga serva suunaja 15mm Matmar - Marevik O&Uuml;","description":"Otsid lihtsamat viisi, kuidas n\u00f6\u00f6pn\u00f5elu kasutamata \u00fchtlaselt p\u00f6\u00f6ratud kanga \u00e4\u00e4rt saavutada?Kanga serva suunaja on just selleks loodud3D prinditud PLA plastikust serva suunaja, mille valmis \u00e4\u00e4re laius 15mmMatMar\u00b4i stiiline ja ainulaadne disain, valmistatud Eestis.","robots":{"index":"index","follow":"follow","max-snippet":"max-snippet:-1","max-image-preview":"max-image-preview:large","max-video-preview":"max-video-preview:-1"},"canonical":"https:\/\/marevik.ee\/test\/toode\/kanga-serva-suunaja-15mm-matmar\/","og_locale":"en_US","og_type":"article","og_title":"Kanga serva suunaja 15mm Matmar - Marevik O&Uuml;","og_description":"Otsid lihtsamat viisi, kuidas n\u00f6\u00f6pn\u00f5elu kasutamata \u00fchtlaselt p\u00f6\u00f6ratud kanga \u00e4\u00e4rt saavutada?Kanga serva suunaja on just selleks loodud3D prinditud PLA plastikust serva suunaja, mille valmis \u00e4\u00e4re laius 15mmMatMar\u00b4i stiiline ja ainulaadne disain, valmistatud Eestis.","og_url":"https:\/\/marevik.ee\/test\/toode\/kanga-serva-suunaja-15mm-matmar\/","og_site_name":"Marevik O&Uuml;","article_modified_time":"2022-12-01T13:04:14+00:00","og_image":[{"width":1024,"height":1024,"url":"https:\/\/marevik.ee\/test\/wp-content\/uploads\/2022\/12\/Serve-suunaja.jpg","type":"image\/jpeg"}],"twitter_card":"summary_large_image","schema":{"@context":"https:\/\/schema.org","@graph":[{"@type":"WebPage","@id":"https:\/\/marevik.ee\/test\/toode\/kanga-serva-suunaja-15mm-matmar\/","url":"https:\/\/marevik.ee\/test\/toode\/kanga-serva-suunaja-15mm-matmar\/","name":"Kanga serva suunaja 15mm Matmar - Marevik O&Uuml;","isPartOf":{"@id":"https:\/\/marevik.ee\/test\/#website"},"primaryImageOfPage":{"@id":"https:\/\/marevik.ee\/test\/toode\/kanga-serva-suunaja-15mm-matmar\/#primaryimage"},"image":{"@id":"https:\/\/marevik.ee\/test\/toode\/kanga-serva-suunaja-15mm-matmar\/#primaryimage"},"thumbnailUrl":"https:\/\/marevik.ee\/test\/wp-content\/uploads\/2022\/12\/Serve-suunaja.jpg","datePublished":"2022-12-01T13:04:13+00:00","dateModified":"2022-12-01T13:04:14+00:00","description":"Otsid lihtsamat viisi, kuidas n\u00f6\u00f6pn\u00f5elu kasutamata \u00fchtlaselt p\u00f6\u00f6ratud kanga \u00e4\u00e4rt saavutada?Kanga serva suunaja on just selleks loodud3D prinditud PLA plastikust serva suunaja, mille valmis \u00e4\u00e4re laius 15mmMatMar\u00b4i stiiline ja ainulaadne disain, valmistatud Eestis.","breadcrumb":{"@id":"https:\/\/marevik.ee\/test\/toode\/kanga-serva-suunaja-15mm-matmar\/#breadcrumb"},"inLanguage":"en","potentialAction":[{"@type":"ReadAction","target":["https:\/\/marevik.ee\/test\/toode\/kanga-serva-suunaja-15mm-matmar\/"]}]},{"@type":"ImageObject","inLanguage":"en","@id":"https:\/\/marevik.ee\/test\/toode\/kanga-serva-suunaja-15mm-matmar\/#primaryimage","url":"https:\/\/marevik.ee\/test\/wp-content\/uploads\/2022\/12\/Serve-suunaja.jpg","contentUrl":"https:\/\/marevik.ee\/test\/wp-content\/uploads\/2022\/12\/Serve-suunaja.jpg","width":1024,"height":1024},{"@type":"BreadcrumbList","@id":"https:\/\/marevik.ee\/test\/toode\/kanga-serva-suunaja-15mm-matmar\/#breadcrumb","itemListElement":[{"@type":"ListItem","position":1,"name":"Home","item":"https:\/\/marevik.ee\/test\/"},{"@type":"ListItem","position":2,"name":"E-POOD","item":"https:\/\/marevik.ee\/test\/epood\/"},{"@type":"ListItem","position":3,"name":"Kanga serva suunaja 15mm Matmar"}]},{"@type":"WebSite","@id":"https:\/\/marevik.ee\/test\/#website","url":"https:\/\/marevik.ee\/test\/","name":"Marevik O&Uuml;","description":"&Otilde;mblusmasina asjatundja","publisher":{"@id":"https:\/\/marevik.ee\/test\/#organization"},"potentialAction":[{"@type":"SearchAction","target":{"@type":"EntryPoint","urlTemplate":"https:\/\/marevik.ee\/test\/?s={search_term_string}"},"query-input":{"@type":"PropertyValueSpecification","valueRequired":true,"valueName":"search_term_string"}}],"inLanguage":"en"},{"@type":"Organization","@id":"https:\/\/marevik.ee\/test\/#organization","name":"Marevik O&Uuml;","url":"https:\/\/marevik.ee\/test\/","logo":{"@type":"ImageObject","inLanguage":"en","@id":"https:\/\/marevik.ee\/test\/#\/schema\/logo\/image\/","url":"https:\/\/marevik.ee\/test\/wp-content\/uploads\/2020\/02\/mblusmasina-asjatundja-1994_173x105_veebi_v-ike.jpg","contentUrl":"https:\/\/marevik.ee\/test\/wp-content\/uploads\/2020\/02\/mblusmasina-asjatundja-1994_173x105_veebi_v-ike.jpg","width":173,"height":105,"caption":"Marevik O&Uuml;"},"image":{"@id":"https:\/\/marevik.ee\/test\/#\/schema\/logo\/image\/"}}]}},"_links":{"self":[{"href":"https:\/\/marevik.ee\/test\/wp-json\/wp\/v2\/product\/14945","targetHints":{"allow":["GET"]}}],"collection":[{"href":"https:\/\/marevik.ee\/test\/wp-json\/wp\/v2\/product"}],"about":[{"href":"https:\/\/marevik.ee\/test\/wp-json\/wp\/v2\/types\/product"}],"wp:featuredmedia":[{"embeddable":true,"href":"https:\/\/marevik.ee\/test\/wp-json\/wp\/v2\/media\/14947"}],"wp:attachment":[{"href":"https:\/\/marevik.ee\/test\/wp-json\/wp\/v2\/media?parent=14945"}],"wp:term":[{"taxonomy":"product_brand","embeddable":true,"href":"https:\/\/marevik.ee\/test\/wp-json\/wp\/v2\/product_brand?post=14945"},{"taxonomy":"product_cat","embeddable":true,"href":"https:\/\/marevik.ee\/test\/wp-json\/wp\/v2\/product_cat?post=14945"},{"taxonomy":"product_tag","embeddable":true,"href":"https:\/\/marevik.ee\/test\/wp-json\/wp\/v2\/product_tag?post=14945"}],"curies":[{"name":"wp","href":"https:\/\/api.w.org\/{rel}","templated":true}]}}