{"id":15123,"date":"2023-02-14T11:43:11","date_gmt":"2023-02-14T11:43:11","guid":{"rendered":"https:\/\/marevik.ee\/test\/?post_type=product&#038;p=15123"},"modified":"2023-02-14T11:43:13","modified_gmt":"2023-02-14T11:43:13","slug":"bernette-77","status":"publish","type":"product","link":"https:\/\/marevik.ee\/test\/toode\/bernette-77\/","title":{"rendered":"Bernette 77"},"content":{"rendered":"<p>500 erinevat \u00f5mblusoperatsiooni, seal hulgas t\u00e4hestik<br \/>\n17 n\u00f6\u00f6pauguoperatsiooni<br \/>\nPiste laius 7 mm<br \/>\nPiste pikkus 5 mm<br \/>\n\u00d5mbluskiirus maksimaalselt 1000 pm<br \/>\nT\u00f6\u00f6laua pikkus, n\u00f5elast paremale 23 cm<br \/>\nLED valgustus<br \/>\nAutomaatne niidil\u00f5ikus<br \/>\nStart\/stop nupp ilma pedaalita \u00f5mblemiseks<br \/>\nAutomaatne pistekinnitus<br \/>\nP\u00f5lvekang jalaga presstalla t\u00f5stmiseks<br \/>\n15 n\u00f5elapositsiooni<br \/>\nElektrooniline presstalla surve<br \/>\n\u00dclemine kangas\u00f6\u00f6tja<\/p>\n<p>Varustus:<br \/>\n8 erinevat presstalda, suur abilaud, p\u00f5lvekang, pedaal, tolmukate ja varun\u00f5elad.<\/p>\n","protected":false},"excerpt":{"rendered":"<p>Bernette 77 on \u00f5mblusmasin n\u00f5udlikule hobi\u00f5mblejale. Tegemist on Bernette kaubam\u00e4rgi tippmudeli, Bernette 79 k\u00e4rbitud versiooniga. Masinal puudub vaid masintikkimis funktsioon. \u00d5mblusmasinas on \u00fchendatud Bernette parimad omadused ja k\u00f5rge kvaliteet. Kiire, j\u00f5uline, suure ja suure t\u00f6\u00f6lauaga t\u00f6\u00f6riist. Kindel abimees aastak\u00fcmneteks.<\/p>\n","protected":false},"featured_media":15124,"template":"","meta":{"site-sidebar-layout":"default","site-content-layout":"default","ast-site-content-layout":"","site-content-style":"default","site-sidebar-style":"default","ast-global-header-display":"","ast-banner-title-visibility":"","ast-main-header-display":"","ast-hfb-above-header-display":"","ast-hfb-below-header-display":"","ast-hfb-mobile-header-display":"","site-post-title":"","ast-breadcrumbs-content":"","ast-featured-img":"","footer-sml-layout":"","theme-transparent-header-meta":"default","adv-header-id-meta":"","stick-header-meta":"","header-above-stick-meta":"","header-main-stick-meta":"","header-below-stick-meta":"","astra-migrate-meta-layouts":"default","ast-page-background-enabled":"default","ast-page-background-meta":{"desktop":{"background-color":"","background-image":"","background-repeat":"repeat","background-position":"center center","background-size":"auto","background-attachment":"scroll","background-type":"","background-media":"","overlay-type":"","overlay-color":"","overlay-opacity":"","overlay-gradient":""},"tablet":{"background-color":"","background-image":"","background-repeat":"repeat","background-position":"center center","background-size":"auto","background-attachment":"scroll","background-type":"","background-media":"","overlay-type":"","overlay-color":"","overlay-opacity":"","overlay-gradient":""},"mobile":{"background-color":"","background-image":"","background-repeat":"repeat","background-position":"center center","background-size":"auto","background-attachment":"scroll","background-type":"","background-media":"","overlay-type":"","overlay-color":"","overlay-opacity":"","overlay-gradient":""}},"ast-content-background-meta":{"desktop":{"background-color":"var(--ast-global-color-5)","background-image":"","background-repeat":"repeat","background-position":"center center","background-size":"auto","background-attachment":"scroll","background-type":"","background-media":"","overlay-type":"","overlay-color":"","overlay-opacity":"","overlay-gradient":""},"tablet":{"background-color":"var(--ast-global-color-5)","background-image":"","background-repeat":"repeat","background-position":"center center","background-size":"auto","background-attachment":"scroll","background-type":"","background-media":"","overlay-type":"","overlay-color":"","overlay-opacity":"","overlay-gradient":""},"mobile":{"background-color":"var(--ast-global-color-5)","background-image":"","background-repeat":"repeat","background-position":"center center","background-size":"auto","background-attachment":"scroll","background-type":"","background-media":"","overlay-type":"","overlay-color":"","overlay-opacity":"","overlay-gradient":""}}},"product_brand":[],"product_cat":[70,60],"product_tag":[109],"class_list":{"0":"post-15123","1":"product","2":"type-product","3":"status-publish","4":"has-post-thumbnail","6":"product_cat-bernette","7":"product_cat-omblusmasinad","8":"product_tag-bernette","9":"desktop-align-left","10":"tablet-align-left","11":"mobile-align-left","13":"first","14":"instock","15":"taxable","16":"shipping-taxable","17":"purchasable","18":"product-type-simple"},"yoast_head":"<!-- This site is optimized with the Yoast SEO plugin v26.1.1 - https:\/\/yoast.com\/wordpress\/plugins\/seo\/ -->\n<title>Bernette 77 - Marevik O&Uuml;<\/title>\n<meta name=\"description\" content=\"Bernette 77 on \u00f5mblusmasin n\u00f5udlikule hobi\u00f5mblejale. Tegemist on Bernette kaubam\u00e4rgi tippmudeli, Bernette 79 k\u00e4rbitud versiooniga. Masinal puudub vaid masintikkimis funktsioon. \u00d5mblusmasinas on \u00fchendatud Bernette parimad omadused ja k\u00f5rge kvaliteet. Kiire, j\u00f5uline, suure ja suure t\u00f6\u00f6lauaga t\u00f6\u00f6riist. Kindel abimees aastak\u00fcmneteks.\" \/>\n<meta name=\"robots\" content=\"index, follow, max-snippet:-1, max-image-preview:large, max-video-preview:-1\" \/>\n<link rel=\"canonical\" href=\"https:\/\/marevik.ee\/test\/toode\/bernette-77\/\" \/>\n<meta property=\"og:locale\" content=\"en_US\" \/>\n<meta property=\"og:type\" content=\"article\" \/>\n<meta property=\"og:title\" content=\"Bernette 77 - Marevik O&Uuml;\" \/>\n<meta property=\"og:description\" content=\"Bernette 77 on \u00f5mblusmasin n\u00f5udlikule hobi\u00f5mblejale. Tegemist on Bernette kaubam\u00e4rgi tippmudeli, Bernette 79 k\u00e4rbitud versiooniga. Masinal puudub vaid masintikkimis funktsioon. \u00d5mblusmasinas on \u00fchendatud Bernette parimad omadused ja k\u00f5rge kvaliteet. Kiire, j\u00f5uline, suure ja suure t\u00f6\u00f6lauaga t\u00f6\u00f6riist. Kindel abimees aastak\u00fcmneteks.\" \/>\n<meta property=\"og:url\" content=\"https:\/\/marevik.ee\/test\/toode\/bernette-77\/\" \/>\n<meta property=\"og:site_name\" content=\"Marevik O&Uuml;\" \/>\n<meta property=\"article:modified_time\" content=\"2023-02-14T11:43:13+00:00\" \/>\n<meta property=\"og:image\" content=\"https:\/\/marevik.ee\/test\/wp-content\/uploads\/2023\/02\/bernette77-scaled.jpg\" \/>\n\t<meta property=\"og:image:width\" content=\"2560\" \/>\n\t<meta property=\"og:image:height\" content=\"2560\" \/>\n\t<meta property=\"og:image:type\" content=\"image\/jpeg\" \/>\n<meta name=\"twitter:card\" content=\"summary_large_image\" \/>\n<meta name=\"twitter:label1\" content=\"Est. reading time\" \/>\n\t<meta name=\"twitter:data1\" content=\"1 minute\" \/>\n<script type=\"application\/ld+json\" class=\"yoast-schema-graph\">{\"@context\":\"https:\/\/schema.org\",\"@graph\":[{\"@type\":\"WebPage\",\"@id\":\"https:\/\/marevik.ee\/test\/toode\/bernette-77\/\",\"url\":\"https:\/\/marevik.ee\/test\/toode\/bernette-77\/\",\"name\":\"Bernette 77 - Marevik O&Uuml;\",\"isPartOf\":{\"@id\":\"https:\/\/marevik.ee\/test\/#website\"},\"primaryImageOfPage\":{\"@id\":\"https:\/\/marevik.ee\/test\/toode\/bernette-77\/#primaryimage\"},\"image\":{\"@id\":\"https:\/\/marevik.ee\/test\/toode\/bernette-77\/#primaryimage\"},\"thumbnailUrl\":\"https:\/\/marevik.ee\/test\/wp-content\/uploads\/2023\/02\/bernette77-scaled.jpg\",\"datePublished\":\"2023-02-14T11:43:11+00:00\",\"dateModified\":\"2023-02-14T11:43:13+00:00\",\"description\":\"Bernette 77 on \u00f5mblusmasin n\u00f5udlikule hobi\u00f5mblejale. Tegemist on Bernette kaubam\u00e4rgi tippmudeli, Bernette 79 k\u00e4rbitud versiooniga. Masinal puudub vaid masintikkimis funktsioon. \u00d5mblusmasinas on \u00fchendatud Bernette parimad omadused ja k\u00f5rge kvaliteet. Kiire, j\u00f5uline, suure ja suure t\u00f6\u00f6lauaga t\u00f6\u00f6riist. Kindel abimees aastak\u00fcmneteks.\",\"breadcrumb\":{\"@id\":\"https:\/\/marevik.ee\/test\/toode\/bernette-77\/#breadcrumb\"},\"inLanguage\":\"en\",\"potentialAction\":[{\"@type\":\"ReadAction\",\"target\":[\"https:\/\/marevik.ee\/test\/toode\/bernette-77\/\"]}]},{\"@type\":\"ImageObject\",\"inLanguage\":\"en\",\"@id\":\"https:\/\/marevik.ee\/test\/toode\/bernette-77\/#primaryimage\",\"url\":\"https:\/\/marevik.ee\/test\/wp-content\/uploads\/2023\/02\/bernette77-scaled.jpg\",\"contentUrl\":\"https:\/\/marevik.ee\/test\/wp-content\/uploads\/2023\/02\/bernette77-scaled.jpg\",\"width\":2560,\"height\":2560},{\"@type\":\"BreadcrumbList\",\"@id\":\"https:\/\/marevik.ee\/test\/toode\/bernette-77\/#breadcrumb\",\"itemListElement\":[{\"@type\":\"ListItem\",\"position\":1,\"name\":\"Home\",\"item\":\"https:\/\/marevik.ee\/test\/\"},{\"@type\":\"ListItem\",\"position\":2,\"name\":\"E-POOD\",\"item\":\"https:\/\/marevik.ee\/test\/epood\/\"},{\"@type\":\"ListItem\",\"position\":3,\"name\":\"Bernette 77\"}]},{\"@type\":\"WebSite\",\"@id\":\"https:\/\/marevik.ee\/test\/#website\",\"url\":\"https:\/\/marevik.ee\/test\/\",\"name\":\"Marevik O&Uuml;\",\"description\":\"&Otilde;mblusmasina asjatundja\",\"publisher\":{\"@id\":\"https:\/\/marevik.ee\/test\/#organization\"},\"potentialAction\":[{\"@type\":\"SearchAction\",\"target\":{\"@type\":\"EntryPoint\",\"urlTemplate\":\"https:\/\/marevik.ee\/test\/?s={search_term_string}\"},\"query-input\":{\"@type\":\"PropertyValueSpecification\",\"valueRequired\":true,\"valueName\":\"search_term_string\"}}],\"inLanguage\":\"en\"},{\"@type\":\"Organization\",\"@id\":\"https:\/\/marevik.ee\/test\/#organization\",\"name\":\"Marevik O&Uuml;\",\"url\":\"https:\/\/marevik.ee\/test\/\",\"logo\":{\"@type\":\"ImageObject\",\"inLanguage\":\"en\",\"@id\":\"https:\/\/marevik.ee\/test\/#\/schema\/logo\/image\/\",\"url\":\"https:\/\/marevik.ee\/test\/wp-content\/uploads\/2020\/02\/mblusmasina-asjatundja-1994_173x105_veebi_v-ike.jpg\",\"contentUrl\":\"https:\/\/marevik.ee\/test\/wp-content\/uploads\/2020\/02\/mblusmasina-asjatundja-1994_173x105_veebi_v-ike.jpg\",\"width\":173,\"height\":105,\"caption\":\"Marevik O&Uuml;\"},\"image\":{\"@id\":\"https:\/\/marevik.ee\/test\/#\/schema\/logo\/image\/\"}}]}<\/script>\n<!-- \/ Yoast SEO plugin. -->","yoast_head_json":{"title":"Bernette 77 - Marevik O&Uuml;","description":"Bernette 77 on \u00f5mblusmasin n\u00f5udlikule hobi\u00f5mblejale. Tegemist on Bernette kaubam\u00e4rgi tippmudeli, Bernette 79 k\u00e4rbitud versiooniga. Masinal puudub vaid masintikkimis funktsioon. \u00d5mblusmasinas on \u00fchendatud Bernette parimad omadused ja k\u00f5rge kvaliteet. Kiire, j\u00f5uline, suure ja suure t\u00f6\u00f6lauaga t\u00f6\u00f6riist. Kindel abimees aastak\u00fcmneteks.","robots":{"index":"index","follow":"follow","max-snippet":"max-snippet:-1","max-image-preview":"max-image-preview:large","max-video-preview":"max-video-preview:-1"},"canonical":"https:\/\/marevik.ee\/test\/toode\/bernette-77\/","og_locale":"en_US","og_type":"article","og_title":"Bernette 77 - Marevik O&Uuml;","og_description":"Bernette 77 on \u00f5mblusmasin n\u00f5udlikule hobi\u00f5mblejale. Tegemist on Bernette kaubam\u00e4rgi tippmudeli, Bernette 79 k\u00e4rbitud versiooniga. Masinal puudub vaid masintikkimis funktsioon. \u00d5mblusmasinas on \u00fchendatud Bernette parimad omadused ja k\u00f5rge kvaliteet. Kiire, j\u00f5uline, suure ja suure t\u00f6\u00f6lauaga t\u00f6\u00f6riist. Kindel abimees aastak\u00fcmneteks.","og_url":"https:\/\/marevik.ee\/test\/toode\/bernette-77\/","og_site_name":"Marevik O&Uuml;","article_modified_time":"2023-02-14T11:43:13+00:00","og_image":[{"width":2560,"height":2560,"url":"https:\/\/marevik.ee\/test\/wp-content\/uploads\/2023\/02\/bernette77-scaled.jpg","type":"image\/jpeg"}],"twitter_card":"summary_large_image","twitter_misc":{"Est. reading time":"1 minute"},"schema":{"@context":"https:\/\/schema.org","@graph":[{"@type":"WebPage","@id":"https:\/\/marevik.ee\/test\/toode\/bernette-77\/","url":"https:\/\/marevik.ee\/test\/toode\/bernette-77\/","name":"Bernette 77 - Marevik O&Uuml;","isPartOf":{"@id":"https:\/\/marevik.ee\/test\/#website"},"primaryImageOfPage":{"@id":"https:\/\/marevik.ee\/test\/toode\/bernette-77\/#primaryimage"},"image":{"@id":"https:\/\/marevik.ee\/test\/toode\/bernette-77\/#primaryimage"},"thumbnailUrl":"https:\/\/marevik.ee\/test\/wp-content\/uploads\/2023\/02\/bernette77-scaled.jpg","datePublished":"2023-02-14T11:43:11+00:00","dateModified":"2023-02-14T11:43:13+00:00","description":"Bernette 77 on \u00f5mblusmasin n\u00f5udlikule hobi\u00f5mblejale. Tegemist on Bernette kaubam\u00e4rgi tippmudeli, Bernette 79 k\u00e4rbitud versiooniga. Masinal puudub vaid masintikkimis funktsioon. \u00d5mblusmasinas on \u00fchendatud Bernette parimad omadused ja k\u00f5rge kvaliteet. Kiire, j\u00f5uline, suure ja suure t\u00f6\u00f6lauaga t\u00f6\u00f6riist. Kindel abimees aastak\u00fcmneteks.","breadcrumb":{"@id":"https:\/\/marevik.ee\/test\/toode\/bernette-77\/#breadcrumb"},"inLanguage":"en","potentialAction":[{"@type":"ReadAction","target":["https:\/\/marevik.ee\/test\/toode\/bernette-77\/"]}]},{"@type":"ImageObject","inLanguage":"en","@id":"https:\/\/marevik.ee\/test\/toode\/bernette-77\/#primaryimage","url":"https:\/\/marevik.ee\/test\/wp-content\/uploads\/2023\/02\/bernette77-scaled.jpg","contentUrl":"https:\/\/marevik.ee\/test\/wp-content\/uploads\/2023\/02\/bernette77-scaled.jpg","width":2560,"height":2560},{"@type":"BreadcrumbList","@id":"https:\/\/marevik.ee\/test\/toode\/bernette-77\/#breadcrumb","itemListElement":[{"@type":"ListItem","position":1,"name":"Home","item":"https:\/\/marevik.ee\/test\/"},{"@type":"ListItem","position":2,"name":"E-POOD","item":"https:\/\/marevik.ee\/test\/epood\/"},{"@type":"ListItem","position":3,"name":"Bernette 77"}]},{"@type":"WebSite","@id":"https:\/\/marevik.ee\/test\/#website","url":"https:\/\/marevik.ee\/test\/","name":"Marevik O&Uuml;","description":"&Otilde;mblusmasina asjatundja","publisher":{"@id":"https:\/\/marevik.ee\/test\/#organization"},"potentialAction":[{"@type":"SearchAction","target":{"@type":"EntryPoint","urlTemplate":"https:\/\/marevik.ee\/test\/?s={search_term_string}"},"query-input":{"@type":"PropertyValueSpecification","valueRequired":true,"valueName":"search_term_string"}}],"inLanguage":"en"},{"@type":"Organization","@id":"https:\/\/marevik.ee\/test\/#organization","name":"Marevik O&Uuml;","url":"https:\/\/marevik.ee\/test\/","logo":{"@type":"ImageObject","inLanguage":"en","@id":"https:\/\/marevik.ee\/test\/#\/schema\/logo\/image\/","url":"https:\/\/marevik.ee\/test\/wp-content\/uploads\/2020\/02\/mblusmasina-asjatundja-1994_173x105_veebi_v-ike.jpg","contentUrl":"https:\/\/marevik.ee\/test\/wp-content\/uploads\/2020\/02\/mblusmasina-asjatundja-1994_173x105_veebi_v-ike.jpg","width":173,"height":105,"caption":"Marevik O&Uuml;"},"image":{"@id":"https:\/\/marevik.ee\/test\/#\/schema\/logo\/image\/"}}]}},"_links":{"self":[{"href":"https:\/\/marevik.ee\/test\/wp-json\/wp\/v2\/product\/15123","targetHints":{"allow":["GET"]}}],"collection":[{"href":"https:\/\/marevik.ee\/test\/wp-json\/wp\/v2\/product"}],"about":[{"href":"https:\/\/marevik.ee\/test\/wp-json\/wp\/v2\/types\/product"}],"wp:featuredmedia":[{"embeddable":true,"href":"https:\/\/marevik.ee\/test\/wp-json\/wp\/v2\/media\/15124"}],"wp:attachment":[{"href":"https:\/\/marevik.ee\/test\/wp-json\/wp\/v2\/media?parent=15123"}],"wp:term":[{"taxonomy":"product_brand","embeddable":true,"href":"https:\/\/marevik.ee\/test\/wp-json\/wp\/v2\/product_brand?post=15123"},{"taxonomy":"product_cat","embeddable":true,"href":"https:\/\/marevik.ee\/test\/wp-json\/wp\/v2\/product_cat?post=15123"},{"taxonomy":"product_tag","embeddable":true,"href":"https:\/\/marevik.ee\/test\/wp-json\/wp\/v2\/product_tag?post=15123"}],"curies":[{"name":"wp","href":"https:\/\/api.w.org\/{rel}","templated":true}]}}