{"id":15486,"date":"2023-08-15T11:56:50","date_gmt":"2023-08-15T11:56:50","guid":{"rendered":"https:\/\/marevik.ee\/test\/?post_type=product&#038;p=15486"},"modified":"2023-08-15T11:56:50","modified_gmt":"2023-08-15T11:56:50","slug":"transpordikohver-ratastel-bernina-l","status":"publish","type":"product","link":"https:\/\/marevik.ee\/test\/toode\/transpordikohver-ratastel-bernina-l\/","title":{"rendered":"Transpordikohver ratastel Bernina L"},"content":{"rendered":"","protected":false},"excerpt":{"rendered":"<p>BERNINA L transpordikohver on vastupidav ja sobib ideaalselt reisimiseks. Paljud sisemised ja v\u00e4lised taskud tagavad, et tarvikute jaoks on piisavalt ruumi. T\u00e4nu tugevatele ratastele ja pikendatavale teleskoopk\u00e4epidemele saate oma \u00f5mblusmasinat ja selle k\u00fclge kinnitatud tikkimismoodulit h\u00f5lpsalt transportida. K\u00fclgk\u00e4epidemed teevad peale- ja mahalaadimisel ka t\u00f5stmise lihtsaks.<\/p>\n","protected":false},"featured_media":15487,"template":"","meta":{"site-sidebar-layout":"default","site-content-layout":"default","ast-site-content-layout":"","site-content-style":"default","site-sidebar-style":"default","ast-global-header-display":"","ast-banner-title-visibility":"","ast-main-header-display":"","ast-hfb-above-header-display":"","ast-hfb-below-header-display":"","ast-hfb-mobile-header-display":"","site-post-title":"","ast-breadcrumbs-content":"","ast-featured-img":"","footer-sml-layout":"","theme-transparent-header-meta":"default","adv-header-id-meta":"","stick-header-meta":"","header-above-stick-meta":"","header-main-stick-meta":"","header-below-stick-meta":"","astra-migrate-meta-layouts":"default","ast-page-background-enabled":"default","ast-page-background-meta":{"desktop":{"background-color":"","background-image":"","background-repeat":"repeat","background-position":"center center","background-size":"auto","background-attachment":"scroll","background-type":"","background-media":"","overlay-type":"","overlay-color":"","overlay-opacity":"","overlay-gradient":""},"tablet":{"background-color":"","background-image":"","background-repeat":"repeat","background-position":"center center","background-size":"auto","background-attachment":"scroll","background-type":"","background-media":"","overlay-type":"","overlay-color":"","overlay-opacity":"","overlay-gradient":""},"mobile":{"background-color":"","background-image":"","background-repeat":"repeat","background-position":"center center","background-size":"auto","background-attachment":"scroll","background-type":"","background-media":"","overlay-type":"","overlay-color":"","overlay-opacity":"","overlay-gradient":""}},"ast-content-background-meta":{"desktop":{"background-color":"var(--ast-global-color-5)","background-image":"","background-repeat":"repeat","background-position":"center center","background-size":"auto","background-attachment":"scroll","background-type":"","background-media":"","overlay-type":"","overlay-color":"","overlay-opacity":"","overlay-gradient":""},"tablet":{"background-color":"var(--ast-global-color-5)","background-image":"","background-repeat":"repeat","background-position":"center center","background-size":"auto","background-attachment":"scroll","background-type":"","background-media":"","overlay-type":"","overlay-color":"","overlay-opacity":"","overlay-gradient":""},"mobile":{"background-color":"var(--ast-global-color-5)","background-image":"","background-repeat":"repeat","background-position":"center center","background-size":"auto","background-attachment":"scroll","background-type":"","background-media":"","overlay-type":"","overlay-color":"","overlay-opacity":"","overlay-gradient":""}}},"product_brand":[],"product_cat":[66,76],"product_tag":[108],"class_list":{"0":"post-15486","1":"product","2":"type-product","3":"status-publish","4":"has-post-thumbnail","6":"product_cat-lisatarvikud","7":"product_cat-varuosad-ja-lisad","8":"product_tag-bernina","9":"desktop-align-left","10":"tablet-align-left","11":"mobile-align-left","13":"first","14":"instock","15":"taxable","16":"shipping-taxable","17":"purchasable","18":"product-type-simple"},"yoast_head":"<!-- This site is optimized with the Yoast SEO plugin v26.1.1 - https:\/\/yoast.com\/wordpress\/plugins\/seo\/ -->\n<title>Transpordikohver ratastel Bernina L - Marevik O\u00dc<\/title>\n<meta name=\"description\" content=\"BERNINA L transpordikohver on vastupidav ja sobib ideaalselt reisimiseks. Paljud sisemised ja v\u00e4lised taskud tagavad, et tarvikute jaoks on piisavalt ruumi. T\u00e4nu tugevatele ratastele ja pikendatavale teleskoopk\u00e4epidemele saate oma \u00f5mblusmasinat ja selle k\u00fclge kinnitatud tikkimismoodulit h\u00f5lpsalt transportida. K\u00fclgk\u00e4epidemed teevad peale- ja mahalaadimisel ka t\u00f5stmise lihtsaks.\" \/>\n<meta name=\"robots\" content=\"index, follow, max-snippet:-1, max-image-preview:large, max-video-preview:-1\" \/>\n<link rel=\"canonical\" href=\"https:\/\/marevik.ee\/test\/toode\/transpordikohver-ratastel-bernina-l\/\" \/>\n<meta property=\"og:locale\" content=\"en_US\" \/>\n<meta property=\"og:type\" content=\"article\" \/>\n<meta property=\"og:title\" content=\"Transpordikohver ratastel Bernina L - Marevik O\u00dc\" \/>\n<meta property=\"og:description\" content=\"BERNINA L transpordikohver on vastupidav ja sobib ideaalselt reisimiseks. Paljud sisemised ja v\u00e4lised taskud tagavad, et tarvikute jaoks on piisavalt ruumi. T\u00e4nu tugevatele ratastele ja pikendatavale teleskoopk\u00e4epidemele saate oma \u00f5mblusmasinat ja selle k\u00fclge kinnitatud tikkimismoodulit h\u00f5lpsalt transportida. K\u00fclgk\u00e4epidemed teevad peale- ja mahalaadimisel ka t\u00f5stmise lihtsaks.\" \/>\n<meta property=\"og:url\" content=\"https:\/\/marevik.ee\/test\/toode\/transpordikohver-ratastel-bernina-l\/\" \/>\n<meta property=\"og:site_name\" content=\"Marevik O&Uuml;\" \/>\n<meta property=\"og:image\" content=\"https:\/\/marevik.ee\/test\/wp-content\/uploads\/2023\/08\/Sewing-Accessories-Trolley-L-Header-Image.png\" \/>\n\t<meta property=\"og:image:width\" content=\"540\" \/>\n\t<meta property=\"og:image:height\" content=\"540\" \/>\n\t<meta property=\"og:image:type\" content=\"image\/png\" \/>\n<meta name=\"twitter:card\" content=\"summary_large_image\" \/>\n<script type=\"application\/ld+json\" class=\"yoast-schema-graph\">{\"@context\":\"https:\/\/schema.org\",\"@graph\":[{\"@type\":\"WebPage\",\"@id\":\"https:\/\/marevik.ee\/test\/toode\/transpordikohver-ratastel-bernina-l\/\",\"url\":\"https:\/\/marevik.ee\/test\/toode\/transpordikohver-ratastel-bernina-l\/\",\"name\":\"Transpordikohver ratastel Bernina L - Marevik O\u00dc\",\"isPartOf\":{\"@id\":\"https:\/\/marevik.ee\/test\/#website\"},\"primaryImageOfPage\":{\"@id\":\"https:\/\/marevik.ee\/test\/toode\/transpordikohver-ratastel-bernina-l\/#primaryimage\"},\"image\":{\"@id\":\"https:\/\/marevik.ee\/test\/toode\/transpordikohver-ratastel-bernina-l\/#primaryimage\"},\"thumbnailUrl\":\"https:\/\/marevik.ee\/test\/wp-content\/uploads\/2023\/08\/Sewing-Accessories-Trolley-L-Header-Image.png\",\"datePublished\":\"2023-08-15T11:56:50+00:00\",\"description\":\"BERNINA L transpordikohver on vastupidav ja sobib ideaalselt reisimiseks. Paljud sisemised ja v\u00e4lised taskud tagavad, et tarvikute jaoks on piisavalt ruumi. T\u00e4nu tugevatele ratastele ja pikendatavale teleskoopk\u00e4epidemele saate oma \u00f5mblusmasinat ja selle k\u00fclge kinnitatud tikkimismoodulit h\u00f5lpsalt transportida. K\u00fclgk\u00e4epidemed teevad peale- ja mahalaadimisel ka t\u00f5stmise lihtsaks.\",\"breadcrumb\":{\"@id\":\"https:\/\/marevik.ee\/test\/toode\/transpordikohver-ratastel-bernina-l\/#breadcrumb\"},\"inLanguage\":\"en\",\"potentialAction\":[{\"@type\":\"ReadAction\",\"target\":[\"https:\/\/marevik.ee\/test\/toode\/transpordikohver-ratastel-bernina-l\/\"]}]},{\"@type\":\"ImageObject\",\"inLanguage\":\"en\",\"@id\":\"https:\/\/marevik.ee\/test\/toode\/transpordikohver-ratastel-bernina-l\/#primaryimage\",\"url\":\"https:\/\/marevik.ee\/test\/wp-content\/uploads\/2023\/08\/Sewing-Accessories-Trolley-L-Header-Image.png\",\"contentUrl\":\"https:\/\/marevik.ee\/test\/wp-content\/uploads\/2023\/08\/Sewing-Accessories-Trolley-L-Header-Image.png\",\"width\":540,\"height\":540},{\"@type\":\"BreadcrumbList\",\"@id\":\"https:\/\/marevik.ee\/test\/toode\/transpordikohver-ratastel-bernina-l\/#breadcrumb\",\"itemListElement\":[{\"@type\":\"ListItem\",\"position\":1,\"name\":\"Home\",\"item\":\"https:\/\/marevik.ee\/test\/\"},{\"@type\":\"ListItem\",\"position\":2,\"name\":\"E-POOD\",\"item\":\"https:\/\/marevik.ee\/test\/epood\/\"},{\"@type\":\"ListItem\",\"position\":3,\"name\":\"Transpordikohver ratastel Bernina L\"}]},{\"@type\":\"WebSite\",\"@id\":\"https:\/\/marevik.ee\/test\/#website\",\"url\":\"https:\/\/marevik.ee\/test\/\",\"name\":\"Marevik O&Uuml;\",\"description\":\"&Otilde;mblusmasina asjatundja\",\"publisher\":{\"@id\":\"https:\/\/marevik.ee\/test\/#organization\"},\"potentialAction\":[{\"@type\":\"SearchAction\",\"target\":{\"@type\":\"EntryPoint\",\"urlTemplate\":\"https:\/\/marevik.ee\/test\/?s={search_term_string}\"},\"query-input\":{\"@type\":\"PropertyValueSpecification\",\"valueRequired\":true,\"valueName\":\"search_term_string\"}}],\"inLanguage\":\"en\"},{\"@type\":\"Organization\",\"@id\":\"https:\/\/marevik.ee\/test\/#organization\",\"name\":\"Marevik O&Uuml;\",\"url\":\"https:\/\/marevik.ee\/test\/\",\"logo\":{\"@type\":\"ImageObject\",\"inLanguage\":\"en\",\"@id\":\"https:\/\/marevik.ee\/test\/#\/schema\/logo\/image\/\",\"url\":\"https:\/\/marevik.ee\/test\/wp-content\/uploads\/2020\/02\/mblusmasina-asjatundja-1994_173x105_veebi_v-ike.jpg\",\"contentUrl\":\"https:\/\/marevik.ee\/test\/wp-content\/uploads\/2020\/02\/mblusmasina-asjatundja-1994_173x105_veebi_v-ike.jpg\",\"width\":173,\"height\":105,\"caption\":\"Marevik O&Uuml;\"},\"image\":{\"@id\":\"https:\/\/marevik.ee\/test\/#\/schema\/logo\/image\/\"}}]}<\/script>\n<!-- \/ Yoast SEO plugin. -->","yoast_head_json":{"title":"Transpordikohver ratastel Bernina L - Marevik O\u00dc","description":"BERNINA L transpordikohver on vastupidav ja sobib ideaalselt reisimiseks. Paljud sisemised ja v\u00e4lised taskud tagavad, et tarvikute jaoks on piisavalt ruumi. T\u00e4nu tugevatele ratastele ja pikendatavale teleskoopk\u00e4epidemele saate oma \u00f5mblusmasinat ja selle k\u00fclge kinnitatud tikkimismoodulit h\u00f5lpsalt transportida. K\u00fclgk\u00e4epidemed teevad peale- ja mahalaadimisel ka t\u00f5stmise lihtsaks.","robots":{"index":"index","follow":"follow","max-snippet":"max-snippet:-1","max-image-preview":"max-image-preview:large","max-video-preview":"max-video-preview:-1"},"canonical":"https:\/\/marevik.ee\/test\/toode\/transpordikohver-ratastel-bernina-l\/","og_locale":"en_US","og_type":"article","og_title":"Transpordikohver ratastel Bernina L - Marevik O\u00dc","og_description":"BERNINA L transpordikohver on vastupidav ja sobib ideaalselt reisimiseks. Paljud sisemised ja v\u00e4lised taskud tagavad, et tarvikute jaoks on piisavalt ruumi. T\u00e4nu tugevatele ratastele ja pikendatavale teleskoopk\u00e4epidemele saate oma \u00f5mblusmasinat ja selle k\u00fclge kinnitatud tikkimismoodulit h\u00f5lpsalt transportida. K\u00fclgk\u00e4epidemed teevad peale- ja mahalaadimisel ka t\u00f5stmise lihtsaks.","og_url":"https:\/\/marevik.ee\/test\/toode\/transpordikohver-ratastel-bernina-l\/","og_site_name":"Marevik O&Uuml;","og_image":[{"width":540,"height":540,"url":"https:\/\/marevik.ee\/test\/wp-content\/uploads\/2023\/08\/Sewing-Accessories-Trolley-L-Header-Image.png","type":"image\/png"}],"twitter_card":"summary_large_image","schema":{"@context":"https:\/\/schema.org","@graph":[{"@type":"WebPage","@id":"https:\/\/marevik.ee\/test\/toode\/transpordikohver-ratastel-bernina-l\/","url":"https:\/\/marevik.ee\/test\/toode\/transpordikohver-ratastel-bernina-l\/","name":"Transpordikohver ratastel Bernina L - Marevik O\u00dc","isPartOf":{"@id":"https:\/\/marevik.ee\/test\/#website"},"primaryImageOfPage":{"@id":"https:\/\/marevik.ee\/test\/toode\/transpordikohver-ratastel-bernina-l\/#primaryimage"},"image":{"@id":"https:\/\/marevik.ee\/test\/toode\/transpordikohver-ratastel-bernina-l\/#primaryimage"},"thumbnailUrl":"https:\/\/marevik.ee\/test\/wp-content\/uploads\/2023\/08\/Sewing-Accessories-Trolley-L-Header-Image.png","datePublished":"2023-08-15T11:56:50+00:00","description":"BERNINA L transpordikohver on vastupidav ja sobib ideaalselt reisimiseks. Paljud sisemised ja v\u00e4lised taskud tagavad, et tarvikute jaoks on piisavalt ruumi. T\u00e4nu tugevatele ratastele ja pikendatavale teleskoopk\u00e4epidemele saate oma \u00f5mblusmasinat ja selle k\u00fclge kinnitatud tikkimismoodulit h\u00f5lpsalt transportida. K\u00fclgk\u00e4epidemed teevad peale- ja mahalaadimisel ka t\u00f5stmise lihtsaks.","breadcrumb":{"@id":"https:\/\/marevik.ee\/test\/toode\/transpordikohver-ratastel-bernina-l\/#breadcrumb"},"inLanguage":"en","potentialAction":[{"@type":"ReadAction","target":["https:\/\/marevik.ee\/test\/toode\/transpordikohver-ratastel-bernina-l\/"]}]},{"@type":"ImageObject","inLanguage":"en","@id":"https:\/\/marevik.ee\/test\/toode\/transpordikohver-ratastel-bernina-l\/#primaryimage","url":"https:\/\/marevik.ee\/test\/wp-content\/uploads\/2023\/08\/Sewing-Accessories-Trolley-L-Header-Image.png","contentUrl":"https:\/\/marevik.ee\/test\/wp-content\/uploads\/2023\/08\/Sewing-Accessories-Trolley-L-Header-Image.png","width":540,"height":540},{"@type":"BreadcrumbList","@id":"https:\/\/marevik.ee\/test\/toode\/transpordikohver-ratastel-bernina-l\/#breadcrumb","itemListElement":[{"@type":"ListItem","position":1,"name":"Home","item":"https:\/\/marevik.ee\/test\/"},{"@type":"ListItem","position":2,"name":"E-POOD","item":"https:\/\/marevik.ee\/test\/epood\/"},{"@type":"ListItem","position":3,"name":"Transpordikohver ratastel Bernina L"}]},{"@type":"WebSite","@id":"https:\/\/marevik.ee\/test\/#website","url":"https:\/\/marevik.ee\/test\/","name":"Marevik O&Uuml;","description":"&Otilde;mblusmasina asjatundja","publisher":{"@id":"https:\/\/marevik.ee\/test\/#organization"},"potentialAction":[{"@type":"SearchAction","target":{"@type":"EntryPoint","urlTemplate":"https:\/\/marevik.ee\/test\/?s={search_term_string}"},"query-input":{"@type":"PropertyValueSpecification","valueRequired":true,"valueName":"search_term_string"}}],"inLanguage":"en"},{"@type":"Organization","@id":"https:\/\/marevik.ee\/test\/#organization","name":"Marevik O&Uuml;","url":"https:\/\/marevik.ee\/test\/","logo":{"@type":"ImageObject","inLanguage":"en","@id":"https:\/\/marevik.ee\/test\/#\/schema\/logo\/image\/","url":"https:\/\/marevik.ee\/test\/wp-content\/uploads\/2020\/02\/mblusmasina-asjatundja-1994_173x105_veebi_v-ike.jpg","contentUrl":"https:\/\/marevik.ee\/test\/wp-content\/uploads\/2020\/02\/mblusmasina-asjatundja-1994_173x105_veebi_v-ike.jpg","width":173,"height":105,"caption":"Marevik O&Uuml;"},"image":{"@id":"https:\/\/marevik.ee\/test\/#\/schema\/logo\/image\/"}}]}},"_links":{"self":[{"href":"https:\/\/marevik.ee\/test\/wp-json\/wp\/v2\/product\/15486","targetHints":{"allow":["GET"]}}],"collection":[{"href":"https:\/\/marevik.ee\/test\/wp-json\/wp\/v2\/product"}],"about":[{"href":"https:\/\/marevik.ee\/test\/wp-json\/wp\/v2\/types\/product"}],"wp:featuredmedia":[{"embeddable":true,"href":"https:\/\/marevik.ee\/test\/wp-json\/wp\/v2\/media\/15487"}],"wp:attachment":[{"href":"https:\/\/marevik.ee\/test\/wp-json\/wp\/v2\/media?parent=15486"}],"wp:term":[{"taxonomy":"product_brand","embeddable":true,"href":"https:\/\/marevik.ee\/test\/wp-json\/wp\/v2\/product_brand?post=15486"},{"taxonomy":"product_cat","embeddable":true,"href":"https:\/\/marevik.ee\/test\/wp-json\/wp\/v2\/product_cat?post=15486"},{"taxonomy":"product_tag","embeddable":true,"href":"https:\/\/marevik.ee\/test\/wp-json\/wp\/v2\/product_tag?post=15486"}],"curies":[{"name":"wp","href":"https:\/\/api.w.org\/{rel}","templated":true}]}}