{"id":16842,"date":"2025-03-05T12:17:56","date_gmt":"2025-03-05T12:17:56","guid":{"rendered":"https:\/\/marevik.ee\/test\/?post_type=product&#038;p=16842"},"modified":"2025-03-05T12:17:57","modified_gmt":"2025-03-05T12:17:57","slug":"sammuv-tald-kanga-ulaltsootja-bernina-50","status":"publish","type":"product","link":"https:\/\/marevik.ee\/test\/toode\/sammuv-tald-kanga-ulaltsootja-bernina-50\/","title":{"rendered":"Sammuv tald, kanga \u00fclalts\u00f6\u00f6tja Bernina #50"},"content":{"rendered":"<div class=\"ast-oembed-container \" style=\"height: 100%;\"><iframe title=\"Tutorial: BERNINA walking foot no. 50 \u2013 accurate and comfortable sewing\" width=\"500\" height=\"281\" src=\"https:\/\/www.youtube.com\/embed\/NvfNCoJJ5dU?feature=oembed\" frameborder=\"0\" allow=\"accelerometer; autoplay; clipboard-write; encrypted-media; gyroscope; picture-in-picture; web-share\" referrerpolicy=\"strict-origin-when-cross-origin\" allowfullscreen><\/iframe><\/div>\n","protected":false},"excerpt":{"rendered":"<p>Bernina kolmest tallast koosnev \u00fclalts\u00f6\u00f6tmise mehanism on m\u00f5eldud keerukate kangastega t\u00f6\u00f6tamiseks v\u00f5i masinteppimiseks, pakkudes t\u00e4iuslikku kanga etteandmist ja \u00fchtlast \u00f5mbluste moodustumist.<br \/>\nTald muudab venivate ja \u00f5rnade kangaste \u00f5mblemise lihtsaks ning v\u00e4hendab teppimise v\u00f5i mitmekihilise \u00f5mblemise ajal erinevate kihtide nihkumist. <\/p>\n","protected":false},"featured_media":16843,"template":"","meta":{"site-sidebar-layout":"default","site-content-layout":"default","ast-site-content-layout":"","site-content-style":"default","site-sidebar-style":"default","ast-global-header-display":"","ast-banner-title-visibility":"","ast-main-header-display":"","ast-hfb-above-header-display":"","ast-hfb-below-header-display":"","ast-hfb-mobile-header-display":"","site-post-title":"","ast-breadcrumbs-content":"","ast-featured-img":"","footer-sml-layout":"","theme-transparent-header-meta":"default","adv-header-id-meta":"","stick-header-meta":"","header-above-stick-meta":"","header-main-stick-meta":"","header-below-stick-meta":"","astra-migrate-meta-layouts":"default","ast-page-background-enabled":"default","ast-page-background-meta":{"desktop":{"background-color":"","background-image":"","background-repeat":"repeat","background-position":"center center","background-size":"auto","background-attachment":"scroll","background-type":"","background-media":"","overlay-type":"","overlay-color":"","overlay-opacity":"","overlay-gradient":""},"tablet":{"background-color":"","background-image":"","background-repeat":"repeat","background-position":"center center","background-size":"auto","background-attachment":"scroll","background-type":"","background-media":"","overlay-type":"","overlay-color":"","overlay-opacity":"","overlay-gradient":""},"mobile":{"background-color":"","background-image":"","background-repeat":"repeat","background-position":"center center","background-size":"auto","background-attachment":"scroll","background-type":"","background-media":"","overlay-type":"","overlay-color":"","overlay-opacity":"","overlay-gradient":""}},"ast-content-background-meta":{"desktop":{"background-color":"var(--ast-global-color-5)","background-image":"","background-repeat":"repeat","background-position":"center center","background-size":"auto","background-attachment":"scroll","background-type":"","background-media":"","overlay-type":"","overlay-color":"","overlay-opacity":"","overlay-gradient":""},"tablet":{"background-color":"var(--ast-global-color-5)","background-image":"","background-repeat":"repeat","background-position":"center center","background-size":"auto","background-attachment":"scroll","background-type":"","background-media":"","overlay-type":"","overlay-color":"","overlay-opacity":"","overlay-gradient":""},"mobile":{"background-color":"var(--ast-global-color-5)","background-image":"","background-repeat":"repeat","background-position":"center center","background-size":"auto","background-attachment":"scroll","background-type":"","background-media":"","overlay-type":"","overlay-color":"","overlay-opacity":"","overlay-gradient":""}}},"product_brand":[],"product_cat":[66,75],"product_tag":[108],"class_list":{"0":"post-16842","1":"product","2":"type-product","3":"status-publish","4":"has-post-thumbnail","6":"product_cat-lisatarvikud","7":"product_cat-omblusmasina-presstallad","8":"product_tag-bernina","9":"desktop-align-left","10":"tablet-align-left","11":"mobile-align-left","13":"first","14":"instock","15":"taxable","16":"shipping-taxable","17":"purchasable","18":"product-type-simple"},"yoast_head":"<!-- This site is optimized with the Yoast SEO plugin v26.1.1 - https:\/\/yoast.com\/wordpress\/plugins\/seo\/ -->\n<title>Sammuv tald, kanga \u00fclalts\u00f6\u00f6tja Bernina #50 - Marevik O&Uuml;<\/title>\n<meta name=\"description\" content=\"Bernina kolmest tallast koosnev \u00fclalts\u00f6\u00f6tmise mehanism on m\u00f5eldud keerukate kangastega t\u00f6\u00f6tamiseks v\u00f5i masinteppimiseks, pakkudes t\u00e4iuslikku kanga etteandmist ja \u00fchtlast \u00f5mbluste moodustumist.Tald muudab venivate ja \u00f5rnade kangaste \u00f5mblemise lihtsaks ning v\u00e4hendab teppimise v\u00f5i mitmekihilise \u00f5mblemise ajal erinevate kihtide nihkumist.\" \/>\n<meta name=\"robots\" content=\"index, follow, max-snippet:-1, max-image-preview:large, max-video-preview:-1\" \/>\n<link rel=\"canonical\" href=\"https:\/\/marevik.ee\/test\/toode\/sammuv-tald-kanga-ulaltsootja-bernina-50\/\" \/>\n<meta property=\"og:locale\" content=\"en_US\" \/>\n<meta property=\"og:type\" content=\"article\" \/>\n<meta property=\"og:title\" content=\"Sammuv tald, kanga \u00fclalts\u00f6\u00f6tja Bernina #50 - Marevik O&Uuml;\" \/>\n<meta property=\"og:description\" content=\"Bernina kolmest tallast koosnev \u00fclalts\u00f6\u00f6tmise mehanism on m\u00f5eldud keerukate kangastega t\u00f6\u00f6tamiseks v\u00f5i masinteppimiseks, pakkudes t\u00e4iuslikku kanga etteandmist ja \u00fchtlast \u00f5mbluste moodustumist.Tald muudab venivate ja \u00f5rnade kangaste \u00f5mblemise lihtsaks ning v\u00e4hendab teppimise v\u00f5i mitmekihilise \u00f5mblemise ajal erinevate kihtide nihkumist.\" \/>\n<meta property=\"og:url\" content=\"https:\/\/marevik.ee\/test\/toode\/sammuv-tald-kanga-ulaltsootja-bernina-50\/\" \/>\n<meta property=\"og:site_name\" content=\"Marevik O&Uuml;\" \/>\n<meta property=\"article:modified_time\" content=\"2025-03-05T12:17:57+00:00\" \/>\n<meta property=\"og:image\" content=\"https:\/\/marevik.ee\/test\/wp-content\/uploads\/2025\/03\/50.jpg\" \/>\n\t<meta property=\"og:image:width\" content=\"500\" \/>\n\t<meta property=\"og:image:height\" content=\"500\" \/>\n\t<meta property=\"og:image:type\" content=\"image\/jpeg\" \/>\n<meta name=\"twitter:card\" content=\"summary_large_image\" \/>\n<meta name=\"twitter:label1\" content=\"Est. reading time\" \/>\n\t<meta name=\"twitter:data1\" content=\"1 minute\" \/>\n<script type=\"application\/ld+json\" class=\"yoast-schema-graph\">{\"@context\":\"https:\/\/schema.org\",\"@graph\":[{\"@type\":\"WebPage\",\"@id\":\"https:\/\/marevik.ee\/test\/toode\/sammuv-tald-kanga-ulaltsootja-bernina-50\/\",\"url\":\"https:\/\/marevik.ee\/test\/toode\/sammuv-tald-kanga-ulaltsootja-bernina-50\/\",\"name\":\"Sammuv tald, kanga \u00fclalts\u00f6\u00f6tja Bernina #50 - Marevik O&Uuml;\",\"isPartOf\":{\"@id\":\"https:\/\/marevik.ee\/test\/#website\"},\"primaryImageOfPage\":{\"@id\":\"https:\/\/marevik.ee\/test\/toode\/sammuv-tald-kanga-ulaltsootja-bernina-50\/#primaryimage\"},\"image\":{\"@id\":\"https:\/\/marevik.ee\/test\/toode\/sammuv-tald-kanga-ulaltsootja-bernina-50\/#primaryimage\"},\"thumbnailUrl\":\"https:\/\/marevik.ee\/test\/wp-content\/uploads\/2025\/03\/50.jpg\",\"datePublished\":\"2025-03-05T12:17:56+00:00\",\"dateModified\":\"2025-03-05T12:17:57+00:00\",\"description\":\"Bernina kolmest tallast koosnev \u00fclalts\u00f6\u00f6tmise mehanism on m\u00f5eldud keerukate kangastega t\u00f6\u00f6tamiseks v\u00f5i masinteppimiseks, pakkudes t\u00e4iuslikku kanga etteandmist ja \u00fchtlast \u00f5mbluste moodustumist.Tald muudab venivate ja \u00f5rnade kangaste \u00f5mblemise lihtsaks ning v\u00e4hendab teppimise v\u00f5i mitmekihilise \u00f5mblemise ajal erinevate kihtide nihkumist.\",\"breadcrumb\":{\"@id\":\"https:\/\/marevik.ee\/test\/toode\/sammuv-tald-kanga-ulaltsootja-bernina-50\/#breadcrumb\"},\"inLanguage\":\"en\",\"potentialAction\":[{\"@type\":\"ReadAction\",\"target\":[\"https:\/\/marevik.ee\/test\/toode\/sammuv-tald-kanga-ulaltsootja-bernina-50\/\"]}]},{\"@type\":\"ImageObject\",\"inLanguage\":\"en\",\"@id\":\"https:\/\/marevik.ee\/test\/toode\/sammuv-tald-kanga-ulaltsootja-bernina-50\/#primaryimage\",\"url\":\"https:\/\/marevik.ee\/test\/wp-content\/uploads\/2025\/03\/50.jpg\",\"contentUrl\":\"https:\/\/marevik.ee\/test\/wp-content\/uploads\/2025\/03\/50.jpg\",\"width\":500,\"height\":500},{\"@type\":\"BreadcrumbList\",\"@id\":\"https:\/\/marevik.ee\/test\/toode\/sammuv-tald-kanga-ulaltsootja-bernina-50\/#breadcrumb\",\"itemListElement\":[{\"@type\":\"ListItem\",\"position\":1,\"name\":\"Home\",\"item\":\"https:\/\/marevik.ee\/test\/\"},{\"@type\":\"ListItem\",\"position\":2,\"name\":\"E-POOD\",\"item\":\"https:\/\/marevik.ee\/test\/epood\/\"},{\"@type\":\"ListItem\",\"position\":3,\"name\":\"Sammuv tald, kanga \u00fclalts\u00f6\u00f6tja Bernina #50\"}]},{\"@type\":\"WebSite\",\"@id\":\"https:\/\/marevik.ee\/test\/#website\",\"url\":\"https:\/\/marevik.ee\/test\/\",\"name\":\"Marevik O&Uuml;\",\"description\":\"&Otilde;mblusmasina asjatundja\",\"publisher\":{\"@id\":\"https:\/\/marevik.ee\/test\/#organization\"},\"potentialAction\":[{\"@type\":\"SearchAction\",\"target\":{\"@type\":\"EntryPoint\",\"urlTemplate\":\"https:\/\/marevik.ee\/test\/?s={search_term_string}\"},\"query-input\":{\"@type\":\"PropertyValueSpecification\",\"valueRequired\":true,\"valueName\":\"search_term_string\"}}],\"inLanguage\":\"en\"},{\"@type\":\"Organization\",\"@id\":\"https:\/\/marevik.ee\/test\/#organization\",\"name\":\"Marevik O&Uuml;\",\"url\":\"https:\/\/marevik.ee\/test\/\",\"logo\":{\"@type\":\"ImageObject\",\"inLanguage\":\"en\",\"@id\":\"https:\/\/marevik.ee\/test\/#\/schema\/logo\/image\/\",\"url\":\"https:\/\/marevik.ee\/test\/wp-content\/uploads\/2020\/02\/mblusmasina-asjatundja-1994_173x105_veebi_v-ike.jpg\",\"contentUrl\":\"https:\/\/marevik.ee\/test\/wp-content\/uploads\/2020\/02\/mblusmasina-asjatundja-1994_173x105_veebi_v-ike.jpg\",\"width\":173,\"height\":105,\"caption\":\"Marevik O&Uuml;\"},\"image\":{\"@id\":\"https:\/\/marevik.ee\/test\/#\/schema\/logo\/image\/\"}}]}<\/script>\n<!-- \/ Yoast SEO plugin. -->","yoast_head_json":{"title":"Sammuv tald, kanga \u00fclalts\u00f6\u00f6tja Bernina #50 - Marevik O&Uuml;","description":"Bernina kolmest tallast koosnev \u00fclalts\u00f6\u00f6tmise mehanism on m\u00f5eldud keerukate kangastega t\u00f6\u00f6tamiseks v\u00f5i masinteppimiseks, pakkudes t\u00e4iuslikku kanga etteandmist ja \u00fchtlast \u00f5mbluste moodustumist.Tald muudab venivate ja \u00f5rnade kangaste \u00f5mblemise lihtsaks ning v\u00e4hendab teppimise v\u00f5i mitmekihilise \u00f5mblemise ajal erinevate kihtide nihkumist.","robots":{"index":"index","follow":"follow","max-snippet":"max-snippet:-1","max-image-preview":"max-image-preview:large","max-video-preview":"max-video-preview:-1"},"canonical":"https:\/\/marevik.ee\/test\/toode\/sammuv-tald-kanga-ulaltsootja-bernina-50\/","og_locale":"en_US","og_type":"article","og_title":"Sammuv tald, kanga \u00fclalts\u00f6\u00f6tja Bernina #50 - Marevik O&Uuml;","og_description":"Bernina kolmest tallast koosnev \u00fclalts\u00f6\u00f6tmise mehanism on m\u00f5eldud keerukate kangastega t\u00f6\u00f6tamiseks v\u00f5i masinteppimiseks, pakkudes t\u00e4iuslikku kanga etteandmist ja \u00fchtlast \u00f5mbluste moodustumist.Tald muudab venivate ja \u00f5rnade kangaste \u00f5mblemise lihtsaks ning v\u00e4hendab teppimise v\u00f5i mitmekihilise \u00f5mblemise ajal erinevate kihtide nihkumist.","og_url":"https:\/\/marevik.ee\/test\/toode\/sammuv-tald-kanga-ulaltsootja-bernina-50\/","og_site_name":"Marevik O&Uuml;","article_modified_time":"2025-03-05T12:17:57+00:00","og_image":[{"width":500,"height":500,"url":"https:\/\/marevik.ee\/test\/wp-content\/uploads\/2025\/03\/50.jpg","type":"image\/jpeg"}],"twitter_card":"summary_large_image","twitter_misc":{"Est. reading time":"1 minute"},"schema":{"@context":"https:\/\/schema.org","@graph":[{"@type":"WebPage","@id":"https:\/\/marevik.ee\/test\/toode\/sammuv-tald-kanga-ulaltsootja-bernina-50\/","url":"https:\/\/marevik.ee\/test\/toode\/sammuv-tald-kanga-ulaltsootja-bernina-50\/","name":"Sammuv tald, kanga \u00fclalts\u00f6\u00f6tja Bernina #50 - Marevik O&Uuml;","isPartOf":{"@id":"https:\/\/marevik.ee\/test\/#website"},"primaryImageOfPage":{"@id":"https:\/\/marevik.ee\/test\/toode\/sammuv-tald-kanga-ulaltsootja-bernina-50\/#primaryimage"},"image":{"@id":"https:\/\/marevik.ee\/test\/toode\/sammuv-tald-kanga-ulaltsootja-bernina-50\/#primaryimage"},"thumbnailUrl":"https:\/\/marevik.ee\/test\/wp-content\/uploads\/2025\/03\/50.jpg","datePublished":"2025-03-05T12:17:56+00:00","dateModified":"2025-03-05T12:17:57+00:00","description":"Bernina kolmest tallast koosnev \u00fclalts\u00f6\u00f6tmise mehanism on m\u00f5eldud keerukate kangastega t\u00f6\u00f6tamiseks v\u00f5i masinteppimiseks, pakkudes t\u00e4iuslikku kanga etteandmist ja \u00fchtlast \u00f5mbluste moodustumist.Tald muudab venivate ja \u00f5rnade kangaste \u00f5mblemise lihtsaks ning v\u00e4hendab teppimise v\u00f5i mitmekihilise \u00f5mblemise ajal erinevate kihtide nihkumist.","breadcrumb":{"@id":"https:\/\/marevik.ee\/test\/toode\/sammuv-tald-kanga-ulaltsootja-bernina-50\/#breadcrumb"},"inLanguage":"en","potentialAction":[{"@type":"ReadAction","target":["https:\/\/marevik.ee\/test\/toode\/sammuv-tald-kanga-ulaltsootja-bernina-50\/"]}]},{"@type":"ImageObject","inLanguage":"en","@id":"https:\/\/marevik.ee\/test\/toode\/sammuv-tald-kanga-ulaltsootja-bernina-50\/#primaryimage","url":"https:\/\/marevik.ee\/test\/wp-content\/uploads\/2025\/03\/50.jpg","contentUrl":"https:\/\/marevik.ee\/test\/wp-content\/uploads\/2025\/03\/50.jpg","width":500,"height":500},{"@type":"BreadcrumbList","@id":"https:\/\/marevik.ee\/test\/toode\/sammuv-tald-kanga-ulaltsootja-bernina-50\/#breadcrumb","itemListElement":[{"@type":"ListItem","position":1,"name":"Home","item":"https:\/\/marevik.ee\/test\/"},{"@type":"ListItem","position":2,"name":"E-POOD","item":"https:\/\/marevik.ee\/test\/epood\/"},{"@type":"ListItem","position":3,"name":"Sammuv tald, kanga \u00fclalts\u00f6\u00f6tja Bernina #50"}]},{"@type":"WebSite","@id":"https:\/\/marevik.ee\/test\/#website","url":"https:\/\/marevik.ee\/test\/","name":"Marevik O&Uuml;","description":"&Otilde;mblusmasina asjatundja","publisher":{"@id":"https:\/\/marevik.ee\/test\/#organization"},"potentialAction":[{"@type":"SearchAction","target":{"@type":"EntryPoint","urlTemplate":"https:\/\/marevik.ee\/test\/?s={search_term_string}"},"query-input":{"@type":"PropertyValueSpecification","valueRequired":true,"valueName":"search_term_string"}}],"inLanguage":"en"},{"@type":"Organization","@id":"https:\/\/marevik.ee\/test\/#organization","name":"Marevik O&Uuml;","url":"https:\/\/marevik.ee\/test\/","logo":{"@type":"ImageObject","inLanguage":"en","@id":"https:\/\/marevik.ee\/test\/#\/schema\/logo\/image\/","url":"https:\/\/marevik.ee\/test\/wp-content\/uploads\/2020\/02\/mblusmasina-asjatundja-1994_173x105_veebi_v-ike.jpg","contentUrl":"https:\/\/marevik.ee\/test\/wp-content\/uploads\/2020\/02\/mblusmasina-asjatundja-1994_173x105_veebi_v-ike.jpg","width":173,"height":105,"caption":"Marevik O&Uuml;"},"image":{"@id":"https:\/\/marevik.ee\/test\/#\/schema\/logo\/image\/"}}]}},"_links":{"self":[{"href":"https:\/\/marevik.ee\/test\/wp-json\/wp\/v2\/product\/16842","targetHints":{"allow":["GET"]}}],"collection":[{"href":"https:\/\/marevik.ee\/test\/wp-json\/wp\/v2\/product"}],"about":[{"href":"https:\/\/marevik.ee\/test\/wp-json\/wp\/v2\/types\/product"}],"wp:featuredmedia":[{"embeddable":true,"href":"https:\/\/marevik.ee\/test\/wp-json\/wp\/v2\/media\/16843"}],"wp:attachment":[{"href":"https:\/\/marevik.ee\/test\/wp-json\/wp\/v2\/media?parent=16842"}],"wp:term":[{"taxonomy":"product_brand","embeddable":true,"href":"https:\/\/marevik.ee\/test\/wp-json\/wp\/v2\/product_brand?post=16842"},{"taxonomy":"product_cat","embeddable":true,"href":"https:\/\/marevik.ee\/test\/wp-json\/wp\/v2\/product_cat?post=16842"},{"taxonomy":"product_tag","embeddable":true,"href":"https:\/\/marevik.ee\/test\/wp-json\/wp\/v2\/product_tag?post=16842"}],"curies":[{"name":"wp","href":"https:\/\/api.w.org\/{rel}","templated":true}]}}