{"id":7356,"date":"2017-02-14T13:30:36","date_gmt":"2017-02-14T13:30:36","guid":{"rendered":"https:\/\/xn--mblusmasinapood-rsb.ee\/product\/innov-f400-brother\/"},"modified":"2025-08-14T09:35:16","modified_gmt":"2025-08-14T09:35:16","slug":"innov-f400-brother","status":"publish","type":"product","link":"https:\/\/marevik.ee\/test\/toode\/innov-f400-brother\/","title":{"rendered":"Innov-is F400 Brother"},"content":{"rendered":"<p>Vedelkristallekraan kuhu kuvatakse valitud \u00f5mblus, piste pikkus ja laius, n\u00f5ela asend peatudes, soovituslik presstald<br \/>\n40 erinevat \u00f5mblusoperatsiooni, s.h. 7 erinevat t\u00e4isautomaatset n\u00f6\u00f6paugu\u00f5mblust<br \/>\n\u00d5mblused venivale kangale ja overlok\u00f5mblused<br \/>\nDekoratiiv\u00f5mblused<br \/>\nS\u00f6\u00f6tehammastiku langetamine n\u00f5elumiseks, n\u00f6\u00f6bi \u00f5mblemiseks v\u00f5i vabak\u00e4etikkimiseks<br \/>\nSujuvalt reguleeritav piste pikkus 0 &#8211; 5 mm ja laius 0 &#8211; 7 mm<br \/>\nHorisontaalne poolis\u00fcsteem<br \/>\nSuur t\u00f6\u00f6pind<br \/>\nStart\/stopp nupp masina k\u00e4ivitamiseks ja peatamiseks pedaalita \u00f5mblemisel<br \/>\n\u00d5mblemiskiiruse regulaator<br \/>\nN\u00f5elasilma niidistaja<br \/>\nAutomaatsed kinnituspisted \u00f5mbluse alguse ja l\u00f5pu kinnitamiseks<br \/>\nElektrooniline niidil\u00f5ikur<br \/>\nN\u00f5ela peatumisasendi valimine (n\u00f5el all\/\u00fcleval)<br \/>\nN\u00f5ela asendi muutmise nupp (n\u00f5el all\/\u00fcleval)<br \/>\nPresstalla surve regulaator<br \/>\n\u00dchtlane s\u00f6\u00f6de t\u00e4nu 7-osalisele hammastikule<br \/>\nFiksaatoriga presstald h\u00f5lbustamaks \u00fcleminekuid \u00f5hemalt paksemale kohale<br \/>\nVabavars h\u00f5lbustamaks torujate detailide \u00f5mblemist<br \/>\nLED valgustus<br \/>\nKomplektis: 4 pooli, n\u00f5elad nr. 75, 90, fiksaatoriga sik-saktald, lukutald, n\u00f6\u00f6paugutald,<br \/>\nn\u00f6\u00f6bitald, peitpistetald, overloktald, dekoratiiv\u00f5mblustald, harutaja, augustaja, kruvikeerajad, puhastuspintsel, k\u00f5va masinakate, voolujuhe, pedaal<\/p>\n","protected":false},"excerpt":{"rendered":"<p>Suurep\u00e4rase kvaliteediga kompuuter\u00f5mblusmasin, firmalt Brother. Masin on varustatud k\u00f5ikide funktsioonidega, mida r\u00e4tsep vajab. Suur t\u00f6\u00f6pind, mis on n\u00f5elast paremale m\u00f5\u00f5detuna juba 19cm v\u00f5imaldab mugavamalt \u00f5mmelda suurem\u00f5\u00f5tmelisi r\u00f5ivaid v\u00f5i teha lapit\u00f6\u00f6d. 7-realine s\u00f6\u00f6tehammastik t\u00f6\u00f6tleb venivat kangast nagu professionaalne trikotaazimasin. Elektrooniline niidil\u00f5ikus ja automaatne otsakinnitus annavad \u00f5mblejale olulise mugavuseelise. Kolmelt erinevalt positsioonilt paistev LED valgus, muudab t\u00f6\u00f6pinna h\u00e4sti j\u00e4lgitavaks. Boonuseks on \u00f5mblusmasina suurep\u00e4rane disain ja ergonoomilisus.<\/p>\n","protected":false},"featured_media":7357,"template":"","meta":{"site-sidebar-layout":"default","site-content-layout":"default","ast-site-content-layout":"default","site-content-style":"default","site-sidebar-style":"default","ast-global-header-display":"","ast-banner-title-visibility":"","ast-main-header-display":"","ast-hfb-above-header-display":"","ast-hfb-below-header-display":"","ast-hfb-mobile-header-display":"","site-post-title":"","ast-breadcrumbs-content":"","ast-featured-img":"","footer-sml-layout":"","theme-transparent-header-meta":"default","adv-header-id-meta":"","stick-header-meta":"","header-above-stick-meta":"","header-main-stick-meta":"","header-below-stick-meta":"","astra-migrate-meta-layouts":"set","ast-page-background-enabled":"default","ast-page-background-meta":{"desktop":{"background-color":"","background-image":"","background-repeat":"repeat","background-position":"center center","background-size":"auto","background-attachment":"scroll","background-type":"","background-media":"","overlay-type":"","overlay-color":"","overlay-opacity":"","overlay-gradient":""},"tablet":{"background-color":"","background-image":"","background-repeat":"repeat","background-position":"center center","background-size":"auto","background-attachment":"scroll","background-type":"","background-media":"","overlay-type":"","overlay-color":"","overlay-opacity":"","overlay-gradient":""},"mobile":{"background-color":"","background-image":"","background-repeat":"repeat","background-position":"center center","background-size":"auto","background-attachment":"scroll","background-type":"","background-media":"","overlay-type":"","overlay-color":"","overlay-opacity":"","overlay-gradient":""}},"ast-content-background-meta":{"desktop":{"background-color":"var(--ast-global-color-5)","background-image":"","background-repeat":"repeat","background-position":"center center","background-size":"auto","background-attachment":"scroll","background-type":"","background-media":"","overlay-type":"","overlay-color":"","overlay-opacity":"","overlay-gradient":""},"tablet":{"background-color":"var(--ast-global-color-5)","background-image":"","background-repeat":"repeat","background-position":"center center","background-size":"auto","background-attachment":"scroll","background-type":"","background-media":"","overlay-type":"","overlay-color":"","overlay-opacity":"","overlay-gradient":""},"mobile":{"background-color":"var(--ast-global-color-5)","background-image":"","background-repeat":"repeat","background-position":"center center","background-size":"auto","background-attachment":"scroll","background-type":"","background-media":"","overlay-type":"","overlay-color":"","overlay-opacity":"","overlay-gradient":""}}},"product_brand":[],"product_cat":[68,67,60],"product_tag":[85],"class_list":{"0":"post-7356","1":"product","2":"type-product","3":"status-publish","4":"has-post-thumbnail","6":"product_cat-brother","7":"product_cat-kampaaniahinnad","8":"product_cat-omblusmasinad","9":"product_tag-brother","10":"desktop-align-left","11":"tablet-align-left","12":"mobile-align-left","14":"first","15":"instock","16":"sale","17":"taxable","18":"shipping-taxable","19":"purchasable","20":"product-type-simple"},"yoast_head":"<!-- This site is optimized with the Yoast SEO plugin v26.1.1 - https:\/\/yoast.com\/wordpress\/plugins\/seo\/ -->\n<title>Innov-is F400 Brother - Suurep\u00e4rase kvaliteediga kompuuter\u00f5mblusmasin<\/title>\n<meta name=\"description\" content=\"Kolmelt erinevalt positsioonilt paistev LED valgus, muudab t\u00f6\u00f6pinna h\u00e4sti j\u00e4lgitavaks. Boonuseks on \u00f5mblusmasina suurep\u00e4rane disain ja ergonoomilisus.\" \/>\n<meta name=\"robots\" content=\"index, follow, max-snippet:-1, max-image-preview:large, max-video-preview:-1\" \/>\n<link rel=\"canonical\" href=\"https:\/\/marevik.ee\/test\/toode\/innov-f400-brother\/\" \/>\n<meta property=\"og:locale\" content=\"en_US\" \/>\n<meta property=\"og:type\" content=\"article\" \/>\n<meta property=\"og:title\" content=\"Innov-is F400 Brother - Suurep\u00e4rase kvaliteediga kompuuter\u00f5mblusmasin\" \/>\n<meta property=\"og:description\" content=\"Kolmelt erinevalt positsioonilt paistev LED valgus, muudab t\u00f6\u00f6pinna h\u00e4sti j\u00e4lgitavaks. Boonuseks on \u00f5mblusmasina suurep\u00e4rane disain ja ergonoomilisus.\" \/>\n<meta property=\"og:url\" content=\"https:\/\/marevik.ee\/test\/toode\/innov-f400-brother\/\" \/>\n<meta property=\"og:site_name\" content=\"Marevik O&Uuml;\" \/>\n<meta property=\"article:modified_time\" content=\"2025-08-14T09:35:16+00:00\" \/>\n<meta property=\"og:image\" content=\"https:\/\/marevik.ee\/test\/wp-content\/uploads\/2021\/03\/NV-F400.jpg\" \/>\n\t<meta property=\"og:image:width\" content=\"500\" \/>\n\t<meta property=\"og:image:height\" content=\"500\" \/>\n\t<meta property=\"og:image:type\" content=\"image\/jpeg\" \/>\n<meta name=\"twitter:card\" content=\"summary_large_image\" \/>\n<meta name=\"twitter:label1\" content=\"Est. reading time\" \/>\n\t<meta name=\"twitter:data1\" content=\"1 minute\" \/>\n<script type=\"application\/ld+json\" class=\"yoast-schema-graph\">{\"@context\":\"https:\/\/schema.org\",\"@graph\":[{\"@type\":\"WebPage\",\"@id\":\"https:\/\/marevik.ee\/test\/toode\/innov-f400-brother\/\",\"url\":\"https:\/\/marevik.ee\/test\/toode\/innov-f400-brother\/\",\"name\":\"Innov-is F400 Brother - Suurep\u00e4rase kvaliteediga kompuuter\u00f5mblusmasin\",\"isPartOf\":{\"@id\":\"https:\/\/marevik.ee\/test\/#website\"},\"primaryImageOfPage\":{\"@id\":\"https:\/\/marevik.ee\/test\/toode\/innov-f400-brother\/#primaryimage\"},\"image\":{\"@id\":\"https:\/\/marevik.ee\/test\/toode\/innov-f400-brother\/#primaryimage\"},\"thumbnailUrl\":\"https:\/\/marevik.ee\/test\/wp-content\/uploads\/2021\/03\/NV-F400.jpg\",\"datePublished\":\"2017-02-14T13:30:36+00:00\",\"dateModified\":\"2025-08-14T09:35:16+00:00\",\"description\":\"Kolmelt erinevalt positsioonilt paistev LED valgus, muudab t\u00f6\u00f6pinna h\u00e4sti j\u00e4lgitavaks. Boonuseks on \u00f5mblusmasina suurep\u00e4rane disain ja ergonoomilisus.\",\"breadcrumb\":{\"@id\":\"https:\/\/marevik.ee\/test\/toode\/innov-f400-brother\/#breadcrumb\"},\"inLanguage\":\"en\",\"potentialAction\":[{\"@type\":\"ReadAction\",\"target\":[\"https:\/\/marevik.ee\/test\/toode\/innov-f400-brother\/\"]}]},{\"@type\":\"ImageObject\",\"inLanguage\":\"en\",\"@id\":\"https:\/\/marevik.ee\/test\/toode\/innov-f400-brother\/#primaryimage\",\"url\":\"https:\/\/marevik.ee\/test\/wp-content\/uploads\/2021\/03\/NV-F400.jpg\",\"contentUrl\":\"https:\/\/marevik.ee\/test\/wp-content\/uploads\/2021\/03\/NV-F400.jpg\",\"width\":500,\"height\":500,\"caption\":\"Innov-is F400 Brother\"},{\"@type\":\"BreadcrumbList\",\"@id\":\"https:\/\/marevik.ee\/test\/toode\/innov-f400-brother\/#breadcrumb\",\"itemListElement\":[{\"@type\":\"ListItem\",\"position\":1,\"name\":\"Home\",\"item\":\"https:\/\/marevik.ee\/test\/\"},{\"@type\":\"ListItem\",\"position\":2,\"name\":\"E-POOD\",\"item\":\"https:\/\/marevik.ee\/test\/epood\/\"},{\"@type\":\"ListItem\",\"position\":3,\"name\":\"Innov-is F400 Brother\"}]},{\"@type\":\"WebSite\",\"@id\":\"https:\/\/marevik.ee\/test\/#website\",\"url\":\"https:\/\/marevik.ee\/test\/\",\"name\":\"Marevik O&Uuml;\",\"description\":\"&Otilde;mblusmasina asjatundja\",\"publisher\":{\"@id\":\"https:\/\/marevik.ee\/test\/#organization\"},\"potentialAction\":[{\"@type\":\"SearchAction\",\"target\":{\"@type\":\"EntryPoint\",\"urlTemplate\":\"https:\/\/marevik.ee\/test\/?s={search_term_string}\"},\"query-input\":{\"@type\":\"PropertyValueSpecification\",\"valueRequired\":true,\"valueName\":\"search_term_string\"}}],\"inLanguage\":\"en\"},{\"@type\":\"Organization\",\"@id\":\"https:\/\/marevik.ee\/test\/#organization\",\"name\":\"Marevik O&Uuml;\",\"url\":\"https:\/\/marevik.ee\/test\/\",\"logo\":{\"@type\":\"ImageObject\",\"inLanguage\":\"en\",\"@id\":\"https:\/\/marevik.ee\/test\/#\/schema\/logo\/image\/\",\"url\":\"https:\/\/marevik.ee\/test\/wp-content\/uploads\/2020\/02\/mblusmasina-asjatundja-1994_173x105_veebi_v-ike.jpg\",\"contentUrl\":\"https:\/\/marevik.ee\/test\/wp-content\/uploads\/2020\/02\/mblusmasina-asjatundja-1994_173x105_veebi_v-ike.jpg\",\"width\":173,\"height\":105,\"caption\":\"Marevik O&Uuml;\"},\"image\":{\"@id\":\"https:\/\/marevik.ee\/test\/#\/schema\/logo\/image\/\"}}]}<\/script>\n<!-- \/ Yoast SEO plugin. -->","yoast_head_json":{"title":"Innov-is F400 Brother - Suurep\u00e4rase kvaliteediga kompuuter\u00f5mblusmasin","description":"Kolmelt erinevalt positsioonilt paistev LED valgus, muudab t\u00f6\u00f6pinna h\u00e4sti j\u00e4lgitavaks. Boonuseks on \u00f5mblusmasina suurep\u00e4rane disain ja ergonoomilisus.","robots":{"index":"index","follow":"follow","max-snippet":"max-snippet:-1","max-image-preview":"max-image-preview:large","max-video-preview":"max-video-preview:-1"},"canonical":"https:\/\/marevik.ee\/test\/toode\/innov-f400-brother\/","og_locale":"en_US","og_type":"article","og_title":"Innov-is F400 Brother - Suurep\u00e4rase kvaliteediga kompuuter\u00f5mblusmasin","og_description":"Kolmelt erinevalt positsioonilt paistev LED valgus, muudab t\u00f6\u00f6pinna h\u00e4sti j\u00e4lgitavaks. Boonuseks on \u00f5mblusmasina suurep\u00e4rane disain ja ergonoomilisus.","og_url":"https:\/\/marevik.ee\/test\/toode\/innov-f400-brother\/","og_site_name":"Marevik O&Uuml;","article_modified_time":"2025-08-14T09:35:16+00:00","og_image":[{"width":500,"height":500,"url":"https:\/\/marevik.ee\/test\/wp-content\/uploads\/2021\/03\/NV-F400.jpg","type":"image\/jpeg"}],"twitter_card":"summary_large_image","twitter_misc":{"Est. reading time":"1 minute"},"schema":{"@context":"https:\/\/schema.org","@graph":[{"@type":"WebPage","@id":"https:\/\/marevik.ee\/test\/toode\/innov-f400-brother\/","url":"https:\/\/marevik.ee\/test\/toode\/innov-f400-brother\/","name":"Innov-is F400 Brother - Suurep\u00e4rase kvaliteediga kompuuter\u00f5mblusmasin","isPartOf":{"@id":"https:\/\/marevik.ee\/test\/#website"},"primaryImageOfPage":{"@id":"https:\/\/marevik.ee\/test\/toode\/innov-f400-brother\/#primaryimage"},"image":{"@id":"https:\/\/marevik.ee\/test\/toode\/innov-f400-brother\/#primaryimage"},"thumbnailUrl":"https:\/\/marevik.ee\/test\/wp-content\/uploads\/2021\/03\/NV-F400.jpg","datePublished":"2017-02-14T13:30:36+00:00","dateModified":"2025-08-14T09:35:16+00:00","description":"Kolmelt erinevalt positsioonilt paistev LED valgus, muudab t\u00f6\u00f6pinna h\u00e4sti j\u00e4lgitavaks. Boonuseks on \u00f5mblusmasina suurep\u00e4rane disain ja ergonoomilisus.","breadcrumb":{"@id":"https:\/\/marevik.ee\/test\/toode\/innov-f400-brother\/#breadcrumb"},"inLanguage":"en","potentialAction":[{"@type":"ReadAction","target":["https:\/\/marevik.ee\/test\/toode\/innov-f400-brother\/"]}]},{"@type":"ImageObject","inLanguage":"en","@id":"https:\/\/marevik.ee\/test\/toode\/innov-f400-brother\/#primaryimage","url":"https:\/\/marevik.ee\/test\/wp-content\/uploads\/2021\/03\/NV-F400.jpg","contentUrl":"https:\/\/marevik.ee\/test\/wp-content\/uploads\/2021\/03\/NV-F400.jpg","width":500,"height":500,"caption":"Innov-is F400 Brother"},{"@type":"BreadcrumbList","@id":"https:\/\/marevik.ee\/test\/toode\/innov-f400-brother\/#breadcrumb","itemListElement":[{"@type":"ListItem","position":1,"name":"Home","item":"https:\/\/marevik.ee\/test\/"},{"@type":"ListItem","position":2,"name":"E-POOD","item":"https:\/\/marevik.ee\/test\/epood\/"},{"@type":"ListItem","position":3,"name":"Innov-is F400 Brother"}]},{"@type":"WebSite","@id":"https:\/\/marevik.ee\/test\/#website","url":"https:\/\/marevik.ee\/test\/","name":"Marevik O&Uuml;","description":"&Otilde;mblusmasina asjatundja","publisher":{"@id":"https:\/\/marevik.ee\/test\/#organization"},"potentialAction":[{"@type":"SearchAction","target":{"@type":"EntryPoint","urlTemplate":"https:\/\/marevik.ee\/test\/?s={search_term_string}"},"query-input":{"@type":"PropertyValueSpecification","valueRequired":true,"valueName":"search_term_string"}}],"inLanguage":"en"},{"@type":"Organization","@id":"https:\/\/marevik.ee\/test\/#organization","name":"Marevik O&Uuml;","url":"https:\/\/marevik.ee\/test\/","logo":{"@type":"ImageObject","inLanguage":"en","@id":"https:\/\/marevik.ee\/test\/#\/schema\/logo\/image\/","url":"https:\/\/marevik.ee\/test\/wp-content\/uploads\/2020\/02\/mblusmasina-asjatundja-1994_173x105_veebi_v-ike.jpg","contentUrl":"https:\/\/marevik.ee\/test\/wp-content\/uploads\/2020\/02\/mblusmasina-asjatundja-1994_173x105_veebi_v-ike.jpg","width":173,"height":105,"caption":"Marevik O&Uuml;"},"image":{"@id":"https:\/\/marevik.ee\/test\/#\/schema\/logo\/image\/"}}]}},"_links":{"self":[{"href":"https:\/\/marevik.ee\/test\/wp-json\/wp\/v2\/product\/7356","targetHints":{"allow":["GET"]}}],"collection":[{"href":"https:\/\/marevik.ee\/test\/wp-json\/wp\/v2\/product"}],"about":[{"href":"https:\/\/marevik.ee\/test\/wp-json\/wp\/v2\/types\/product"}],"wp:featuredmedia":[{"embeddable":true,"href":"https:\/\/marevik.ee\/test\/wp-json\/wp\/v2\/media\/7357"}],"wp:attachment":[{"href":"https:\/\/marevik.ee\/test\/wp-json\/wp\/v2\/media?parent=7356"}],"wp:term":[{"taxonomy":"product_brand","embeddable":true,"href":"https:\/\/marevik.ee\/test\/wp-json\/wp\/v2\/product_brand?post=7356"},{"taxonomy":"product_cat","embeddable":true,"href":"https:\/\/marevik.ee\/test\/wp-json\/wp\/v2\/product_cat?post=7356"},{"taxonomy":"product_tag","embeddable":true,"href":"https:\/\/marevik.ee\/test\/wp-json\/wp\/v2\/product_tag?post=7356"}],"curies":[{"name":"wp","href":"https:\/\/api.w.org\/{rel}","templated":true}]}}