{"id":8263,"date":"2018-02-07T12:58:03","date_gmt":"2018-02-07T12:58:03","guid":{"rendered":"https:\/\/xn--mblusmasinapood-rsb.ee\/product\/bernette-funlock-48\/"},"modified":"2024-12-10T06:52:45","modified_gmt":"2024-12-10T06:52:45","slug":"bernette-funlock-48-overlok-kattemasin","status":"publish","type":"product","link":"https:\/\/marevik.ee\/test\/toode\/bernette-funlock-48-overlok-kattemasin\/","title":{"rendered":"Bernette Funlock 48 overlok-kattemasin"},"content":{"rendered":"<p>1300 pistet\/minutis<br \/>\npistepikkus kuni 1-4mm<br \/>\nkatte laius 2,8 mm ja 5,6mm<br \/>\ndifferentsiaals\u00f6\u00f6de: 0.5-2.25<br \/>\nsuurem t\u00f6\u00f6pind, mis on n\u00f5elast paremale 87mm<br \/>\nkohtvalgusti LED<br \/>\nmasin on tehases eelniidistatud<br \/>\nv\u00e4rvikoodiga t\u00e4histatud niiditeekond. Lihtne niidistus.<\/p>\n<div class=\"ast-oembed-container \" style=\"height: 100%;\"><iframe title=\"b48 + b44 Tutorial \u2013 Overlock threading (3\/15)\" width=\"500\" height=\"281\" src=\"https:\/\/www.youtube.com\/embed\/oyBTccc7twk?feature=oembed\" frameborder=\"0\" allow=\"accelerometer; autoplay; clipboard-write; encrypted-media; gyroscope; picture-in-picture; web-share\" referrerpolicy=\"strict-origin-when-cross-origin\" allowfullscreen><\/iframe><\/div>\n","protected":false},"excerpt":{"rendered":"<p>Soodne ja professionaalne 5-niidiline overkok. Bernette Funlock 48 on laia pistevalikuga, kus on 15 overlok\u00f5mbluse ja 3 katte\u00f5mbluse funktsiooni. Trikotaa\u017ei \u00f5mblemine on selle masinaga puhas nauding. Professionaalne t\u00f6\u00f6rist koduseks kasutamiseks, kus kaunis tulemus on alati garanteeritud. Vaikne ja t\u00f6\u00f6kindel t\u00f6\u00f6riist, nii algajale kui ka professionaalile.<\/p>\n","protected":false},"featured_media":8264,"template":"","meta":{"site-sidebar-layout":"default","site-content-layout":"default","ast-site-content-layout":"","site-content-style":"default","site-sidebar-style":"default","ast-global-header-display":"","ast-banner-title-visibility":"","ast-main-header-display":"","ast-hfb-above-header-display":"","ast-hfb-below-header-display":"","ast-hfb-mobile-header-display":"","site-post-title":"","ast-breadcrumbs-content":"","ast-featured-img":"","footer-sml-layout":"","theme-transparent-header-meta":"default","adv-header-id-meta":"","stick-header-meta":"","header-above-stick-meta":"","header-main-stick-meta":"","header-below-stick-meta":"","astra-migrate-meta-layouts":"default","ast-page-background-enabled":"default","ast-page-background-meta":{"desktop":{"background-color":"","background-image":"","background-repeat":"repeat","background-position":"center center","background-size":"auto","background-attachment":"scroll","background-type":"","background-media":"","overlay-type":"","overlay-color":"","overlay-opacity":"","overlay-gradient":""},"tablet":{"background-color":"","background-image":"","background-repeat":"repeat","background-position":"center center","background-size":"auto","background-attachment":"scroll","background-type":"","background-media":"","overlay-type":"","overlay-color":"","overlay-opacity":"","overlay-gradient":""},"mobile":{"background-color":"","background-image":"","background-repeat":"repeat","background-position":"center center","background-size":"auto","background-attachment":"scroll","background-type":"","background-media":"","overlay-type":"","overlay-color":"","overlay-opacity":"","overlay-gradient":""}},"ast-content-background-meta":{"desktop":{"background-color":"var(--ast-global-color-5)","background-image":"","background-repeat":"repeat","background-position":"center center","background-size":"auto","background-attachment":"scroll","background-type":"","background-media":"","overlay-type":"","overlay-color":"","overlay-opacity":"","overlay-gradient":""},"tablet":{"background-color":"var(--ast-global-color-5)","background-image":"","background-repeat":"repeat","background-position":"center center","background-size":"auto","background-attachment":"scroll","background-type":"","background-media":"","overlay-type":"","overlay-color":"","overlay-opacity":"","overlay-gradient":""},"mobile":{"background-color":"var(--ast-global-color-5)","background-image":"","background-repeat":"repeat","background-position":"center center","background-size":"auto","background-attachment":"scroll","background-type":"","background-media":"","overlay-type":"","overlay-color":"","overlay-opacity":"","overlay-gradient":""}}},"product_brand":[],"product_cat":[97,95,64],"product_tag":[109],"class_list":{"0":"post-8263","1":"product","2":"type-product","3":"status-publish","4":"has-post-thumbnail","6":"product_cat-bernette-overlokid-ja-kattemasinad","7":"product_cat-katteomblusmasinad","8":"product_cat-overlokid-ja-kattemasinad","9":"product_tag-bernette","10":"desktop-align-left","11":"tablet-align-left","12":"mobile-align-left","14":"first","15":"instock","16":"taxable","17":"shipping-taxable","18":"purchasable","19":"product-type-simple"},"yoast_head":"<!-- This site is optimized with the Yoast SEO plugin v26.1.1 - https:\/\/yoast.com\/wordpress\/plugins\/seo\/ -->\n<title>Bernette Funlock 48 overlok-kattemasin<\/title>\n<meta name=\"description\" content=\"Soodne ja professionaalne 5-niidiline overkok. Bernette Funlock 48 on laia pistevalikuga, kus on 15 overlok\u00f5mbluse ja 3 katte\u00f5mbluse funktsiooni. Trikotaa\u017ei \u00f5mblemine on selle masinaga puhas nauding.\" \/>\n<meta name=\"robots\" content=\"index, follow, max-snippet:-1, max-image-preview:large, max-video-preview:-1\" \/>\n<link rel=\"canonical\" href=\"https:\/\/marevik.ee\/test\/toode\/bernette-funlock-48-overlok-kattemasin\/\" \/>\n<meta property=\"og:locale\" content=\"en_US\" \/>\n<meta property=\"og:type\" content=\"article\" \/>\n<meta property=\"og:title\" content=\"Bernette Funlock 48 overlok-kattemasin\" \/>\n<meta property=\"og:description\" content=\"Soodne ja professionaalne 5-niidiline overkok. Bernette Funlock 48 on laia pistevalikuga, kus on 15 overlok\u00f5mbluse ja 3 katte\u00f5mbluse funktsiooni. Trikotaa\u017ei \u00f5mblemine on selle masinaga puhas nauding.\" \/>\n<meta property=\"og:url\" content=\"https:\/\/marevik.ee\/test\/toode\/bernette-funlock-48-overlok-kattemasin\/\" \/>\n<meta property=\"og:site_name\" content=\"Marevik O&Uuml;\" \/>\n<meta property=\"article:modified_time\" content=\"2024-12-10T06:52:45+00:00\" \/>\n<meta property=\"og:image\" content=\"https:\/\/marevik.ee\/test\/wp-content\/uploads\/2021\/03\/Bernette-Funlock-48.jpg\" \/>\n\t<meta property=\"og:image:width\" content=\"500\" \/>\n\t<meta property=\"og:image:height\" content=\"500\" \/>\n\t<meta property=\"og:image:type\" content=\"image\/jpeg\" \/>\n<meta name=\"twitter:card\" content=\"summary_large_image\" \/>\n<meta name=\"twitter:label1\" content=\"Est. reading time\" \/>\n\t<meta name=\"twitter:data1\" content=\"1 minute\" \/>\n<script type=\"application\/ld+json\" class=\"yoast-schema-graph\">{\"@context\":\"https:\/\/schema.org\",\"@graph\":[{\"@type\":\"WebPage\",\"@id\":\"https:\/\/marevik.ee\/test\/toode\/bernette-funlock-48-overlok-kattemasin\/\",\"url\":\"https:\/\/marevik.ee\/test\/toode\/bernette-funlock-48-overlok-kattemasin\/\",\"name\":\"Bernette Funlock 48 overlok-kattemasin\",\"isPartOf\":{\"@id\":\"https:\/\/marevik.ee\/test\/#website\"},\"primaryImageOfPage\":{\"@id\":\"https:\/\/marevik.ee\/test\/toode\/bernette-funlock-48-overlok-kattemasin\/#primaryimage\"},\"image\":{\"@id\":\"https:\/\/marevik.ee\/test\/toode\/bernette-funlock-48-overlok-kattemasin\/#primaryimage\"},\"thumbnailUrl\":\"https:\/\/marevik.ee\/test\/wp-content\/uploads\/2021\/03\/Bernette-Funlock-48.jpg\",\"datePublished\":\"2018-02-07T12:58:03+00:00\",\"dateModified\":\"2024-12-10T06:52:45+00:00\",\"description\":\"Soodne ja professionaalne 5-niidiline overkok. Bernette Funlock 48 on laia pistevalikuga, kus on 15 overlok\u00f5mbluse ja 3 katte\u00f5mbluse funktsiooni. Trikotaa\u017ei \u00f5mblemine on selle masinaga puhas nauding.\",\"breadcrumb\":{\"@id\":\"https:\/\/marevik.ee\/test\/toode\/bernette-funlock-48-overlok-kattemasin\/#breadcrumb\"},\"inLanguage\":\"en\",\"potentialAction\":[{\"@type\":\"ReadAction\",\"target\":[\"https:\/\/marevik.ee\/test\/toode\/bernette-funlock-48-overlok-kattemasin\/\"]}]},{\"@type\":\"ImageObject\",\"inLanguage\":\"en\",\"@id\":\"https:\/\/marevik.ee\/test\/toode\/bernette-funlock-48-overlok-kattemasin\/#primaryimage\",\"url\":\"https:\/\/marevik.ee\/test\/wp-content\/uploads\/2021\/03\/Bernette-Funlock-48.jpg\",\"contentUrl\":\"https:\/\/marevik.ee\/test\/wp-content\/uploads\/2021\/03\/Bernette-Funlock-48.jpg\",\"width\":500,\"height\":500,\"caption\":\"Bernette Funlock 48 overlok-kattemasin\"},{\"@type\":\"BreadcrumbList\",\"@id\":\"https:\/\/marevik.ee\/test\/toode\/bernette-funlock-48-overlok-kattemasin\/#breadcrumb\",\"itemListElement\":[{\"@type\":\"ListItem\",\"position\":1,\"name\":\"Home\",\"item\":\"https:\/\/marevik.ee\/test\/\"},{\"@type\":\"ListItem\",\"position\":2,\"name\":\"E-POOD\",\"item\":\"https:\/\/marevik.ee\/test\/epood\/\"},{\"@type\":\"ListItem\",\"position\":3,\"name\":\"Bernette Funlock 48 overlok-kattemasin\"}]},{\"@type\":\"WebSite\",\"@id\":\"https:\/\/marevik.ee\/test\/#website\",\"url\":\"https:\/\/marevik.ee\/test\/\",\"name\":\"Marevik O&Uuml;\",\"description\":\"&Otilde;mblusmasina asjatundja\",\"publisher\":{\"@id\":\"https:\/\/marevik.ee\/test\/#organization\"},\"potentialAction\":[{\"@type\":\"SearchAction\",\"target\":{\"@type\":\"EntryPoint\",\"urlTemplate\":\"https:\/\/marevik.ee\/test\/?s={search_term_string}\"},\"query-input\":{\"@type\":\"PropertyValueSpecification\",\"valueRequired\":true,\"valueName\":\"search_term_string\"}}],\"inLanguage\":\"en\"},{\"@type\":\"Organization\",\"@id\":\"https:\/\/marevik.ee\/test\/#organization\",\"name\":\"Marevik O&Uuml;\",\"url\":\"https:\/\/marevik.ee\/test\/\",\"logo\":{\"@type\":\"ImageObject\",\"inLanguage\":\"en\",\"@id\":\"https:\/\/marevik.ee\/test\/#\/schema\/logo\/image\/\",\"url\":\"https:\/\/marevik.ee\/test\/wp-content\/uploads\/2020\/02\/mblusmasina-asjatundja-1994_173x105_veebi_v-ike.jpg\",\"contentUrl\":\"https:\/\/marevik.ee\/test\/wp-content\/uploads\/2020\/02\/mblusmasina-asjatundja-1994_173x105_veebi_v-ike.jpg\",\"width\":173,\"height\":105,\"caption\":\"Marevik O&Uuml;\"},\"image\":{\"@id\":\"https:\/\/marevik.ee\/test\/#\/schema\/logo\/image\/\"}}]}<\/script>\n<!-- \/ Yoast SEO plugin. -->","yoast_head_json":{"title":"Bernette Funlock 48 overlok-kattemasin","description":"Soodne ja professionaalne 5-niidiline overkok. Bernette Funlock 48 on laia pistevalikuga, kus on 15 overlok\u00f5mbluse ja 3 katte\u00f5mbluse funktsiooni. Trikotaa\u017ei \u00f5mblemine on selle masinaga puhas nauding.","robots":{"index":"index","follow":"follow","max-snippet":"max-snippet:-1","max-image-preview":"max-image-preview:large","max-video-preview":"max-video-preview:-1"},"canonical":"https:\/\/marevik.ee\/test\/toode\/bernette-funlock-48-overlok-kattemasin\/","og_locale":"en_US","og_type":"article","og_title":"Bernette Funlock 48 overlok-kattemasin","og_description":"Soodne ja professionaalne 5-niidiline overkok. Bernette Funlock 48 on laia pistevalikuga, kus on 15 overlok\u00f5mbluse ja 3 katte\u00f5mbluse funktsiooni. Trikotaa\u017ei \u00f5mblemine on selle masinaga puhas nauding.","og_url":"https:\/\/marevik.ee\/test\/toode\/bernette-funlock-48-overlok-kattemasin\/","og_site_name":"Marevik O&Uuml;","article_modified_time":"2024-12-10T06:52:45+00:00","og_image":[{"width":500,"height":500,"url":"https:\/\/marevik.ee\/test\/wp-content\/uploads\/2021\/03\/Bernette-Funlock-48.jpg","type":"image\/jpeg"}],"twitter_card":"summary_large_image","twitter_misc":{"Est. reading time":"1 minute"},"schema":{"@context":"https:\/\/schema.org","@graph":[{"@type":"WebPage","@id":"https:\/\/marevik.ee\/test\/toode\/bernette-funlock-48-overlok-kattemasin\/","url":"https:\/\/marevik.ee\/test\/toode\/bernette-funlock-48-overlok-kattemasin\/","name":"Bernette Funlock 48 overlok-kattemasin","isPartOf":{"@id":"https:\/\/marevik.ee\/test\/#website"},"primaryImageOfPage":{"@id":"https:\/\/marevik.ee\/test\/toode\/bernette-funlock-48-overlok-kattemasin\/#primaryimage"},"image":{"@id":"https:\/\/marevik.ee\/test\/toode\/bernette-funlock-48-overlok-kattemasin\/#primaryimage"},"thumbnailUrl":"https:\/\/marevik.ee\/test\/wp-content\/uploads\/2021\/03\/Bernette-Funlock-48.jpg","datePublished":"2018-02-07T12:58:03+00:00","dateModified":"2024-12-10T06:52:45+00:00","description":"Soodne ja professionaalne 5-niidiline overkok. Bernette Funlock 48 on laia pistevalikuga, kus on 15 overlok\u00f5mbluse ja 3 katte\u00f5mbluse funktsiooni. Trikotaa\u017ei \u00f5mblemine on selle masinaga puhas nauding.","breadcrumb":{"@id":"https:\/\/marevik.ee\/test\/toode\/bernette-funlock-48-overlok-kattemasin\/#breadcrumb"},"inLanguage":"en","potentialAction":[{"@type":"ReadAction","target":["https:\/\/marevik.ee\/test\/toode\/bernette-funlock-48-overlok-kattemasin\/"]}]},{"@type":"ImageObject","inLanguage":"en","@id":"https:\/\/marevik.ee\/test\/toode\/bernette-funlock-48-overlok-kattemasin\/#primaryimage","url":"https:\/\/marevik.ee\/test\/wp-content\/uploads\/2021\/03\/Bernette-Funlock-48.jpg","contentUrl":"https:\/\/marevik.ee\/test\/wp-content\/uploads\/2021\/03\/Bernette-Funlock-48.jpg","width":500,"height":500,"caption":"Bernette Funlock 48 overlok-kattemasin"},{"@type":"BreadcrumbList","@id":"https:\/\/marevik.ee\/test\/toode\/bernette-funlock-48-overlok-kattemasin\/#breadcrumb","itemListElement":[{"@type":"ListItem","position":1,"name":"Home","item":"https:\/\/marevik.ee\/test\/"},{"@type":"ListItem","position":2,"name":"E-POOD","item":"https:\/\/marevik.ee\/test\/epood\/"},{"@type":"ListItem","position":3,"name":"Bernette Funlock 48 overlok-kattemasin"}]},{"@type":"WebSite","@id":"https:\/\/marevik.ee\/test\/#website","url":"https:\/\/marevik.ee\/test\/","name":"Marevik O&Uuml;","description":"&Otilde;mblusmasina asjatundja","publisher":{"@id":"https:\/\/marevik.ee\/test\/#organization"},"potentialAction":[{"@type":"SearchAction","target":{"@type":"EntryPoint","urlTemplate":"https:\/\/marevik.ee\/test\/?s={search_term_string}"},"query-input":{"@type":"PropertyValueSpecification","valueRequired":true,"valueName":"search_term_string"}}],"inLanguage":"en"},{"@type":"Organization","@id":"https:\/\/marevik.ee\/test\/#organization","name":"Marevik O&Uuml;","url":"https:\/\/marevik.ee\/test\/","logo":{"@type":"ImageObject","inLanguage":"en","@id":"https:\/\/marevik.ee\/test\/#\/schema\/logo\/image\/","url":"https:\/\/marevik.ee\/test\/wp-content\/uploads\/2020\/02\/mblusmasina-asjatundja-1994_173x105_veebi_v-ike.jpg","contentUrl":"https:\/\/marevik.ee\/test\/wp-content\/uploads\/2020\/02\/mblusmasina-asjatundja-1994_173x105_veebi_v-ike.jpg","width":173,"height":105,"caption":"Marevik O&Uuml;"},"image":{"@id":"https:\/\/marevik.ee\/test\/#\/schema\/logo\/image\/"}}]}},"_links":{"self":[{"href":"https:\/\/marevik.ee\/test\/wp-json\/wp\/v2\/product\/8263","targetHints":{"allow":["GET"]}}],"collection":[{"href":"https:\/\/marevik.ee\/test\/wp-json\/wp\/v2\/product"}],"about":[{"href":"https:\/\/marevik.ee\/test\/wp-json\/wp\/v2\/types\/product"}],"wp:featuredmedia":[{"embeddable":true,"href":"https:\/\/marevik.ee\/test\/wp-json\/wp\/v2\/media\/8264"}],"wp:attachment":[{"href":"https:\/\/marevik.ee\/test\/wp-json\/wp\/v2\/media?parent=8263"}],"wp:term":[{"taxonomy":"product_brand","embeddable":true,"href":"https:\/\/marevik.ee\/test\/wp-json\/wp\/v2\/product_brand?post=8263"},{"taxonomy":"product_cat","embeddable":true,"href":"https:\/\/marevik.ee\/test\/wp-json\/wp\/v2\/product_cat?post=8263"},{"taxonomy":"product_tag","embeddable":true,"href":"https:\/\/marevik.ee\/test\/wp-json\/wp\/v2\/product_tag?post=8263"}],"curies":[{"name":"wp","href":"https:\/\/api.w.org\/{rel}","templated":true}]}}