{"id":8359,"date":"2018-04-10T13:19:27","date_gmt":"2018-04-10T13:19:27","guid":{"rendered":"https:\/\/xn--mblusmasinapood-rsb.ee\/product\/kummipaelatald-juki-ja-bernina-overlokile\/"},"modified":"2021-11-10T13:48:22","modified_gmt":"2021-11-10T13:48:22","slug":"kummipaelatald-juki-ja-bernina-overlokile","status":"publish","type":"product","link":"https:\/\/marevik.ee\/test\/toode\/kummipaelatald-juki-ja-bernina-overlokile\/","title":{"rendered":"Kummipaelatald Juki ja Bernina overlokile"},"content":{"rendered":"","protected":false},"excerpt":{"rendered":"<p>Kummipaela tald kergendab kummipaela \u00f5mblemist kanga serva, tagades \u00fchtlase venimise kogu pikkuses ja v\u00e4ltides kummi sattumist l\u00f5ikemehhanismi vahele. Kummipaela talla peal oleva kruvi abil saad reguleerida, et kui suure pingega kumm kanga serva \u00f5mmeldakse. Kruvist pinget nullides saad \u00f5mmelda venivate kangaste serva tugipaela, et v\u00e4ltida hilisemat v\u00e4ljavenimist.<br \/>\nSobib mudelitele: Juki 600 ja 700 seeriale. Samuti Bernina 700, 800, 1150 ja 1300 mudelitele.<\/p>\n","protected":false},"featured_media":8360,"template":"","meta":{"site-sidebar-layout":"default","site-content-layout":"default","ast-site-content-layout":"","site-content-style":"default","site-sidebar-style":"default","ast-global-header-display":"","ast-banner-title-visibility":"","ast-main-header-display":"","ast-hfb-above-header-display":"","ast-hfb-below-header-display":"","ast-hfb-mobile-header-display":"","site-post-title":"","ast-breadcrumbs-content":"","ast-featured-img":"","footer-sml-layout":"","theme-transparent-header-meta":"default","adv-header-id-meta":"","stick-header-meta":"","header-above-stick-meta":"","header-main-stick-meta":"","header-below-stick-meta":"","astra-migrate-meta-layouts":"default","ast-page-background-enabled":"default","ast-page-background-meta":{"desktop":{"background-color":"","background-image":"","background-repeat":"repeat","background-position":"center center","background-size":"auto","background-attachment":"scroll","background-type":"","background-media":"","overlay-type":"","overlay-color":"","overlay-opacity":"","overlay-gradient":""},"tablet":{"background-color":"","background-image":"","background-repeat":"repeat","background-position":"center center","background-size":"auto","background-attachment":"scroll","background-type":"","background-media":"","overlay-type":"","overlay-color":"","overlay-opacity":"","overlay-gradient":""},"mobile":{"background-color":"","background-image":"","background-repeat":"repeat","background-position":"center center","background-size":"auto","background-attachment":"scroll","background-type":"","background-media":"","overlay-type":"","overlay-color":"","overlay-opacity":"","overlay-gradient":""}},"ast-content-background-meta":{"desktop":{"background-color":"var(--ast-global-color-5)","background-image":"","background-repeat":"repeat","background-position":"center center","background-size":"auto","background-attachment":"scroll","background-type":"","background-media":"","overlay-type":"","overlay-color":"","overlay-opacity":"","overlay-gradient":""},"tablet":{"background-color":"var(--ast-global-color-5)","background-image":"","background-repeat":"repeat","background-position":"center center","background-size":"auto","background-attachment":"scroll","background-type":"","background-media":"","overlay-type":"","overlay-color":"","overlay-opacity":"","overlay-gradient":""},"mobile":{"background-color":"var(--ast-global-color-5)","background-image":"","background-repeat":"repeat","background-position":"center center","background-size":"auto","background-attachment":"scroll","background-type":"","background-media":"","overlay-type":"","overlay-color":"","overlay-opacity":"","overlay-gradient":""}}},"product_brand":[],"product_cat":[66,78],"product_tag":[92],"class_list":{"0":"post-8359","1":"product","2":"type-product","3":"status-publish","4":"has-post-thumbnail","6":"product_cat-lisatarvikud","7":"product_cat-overloki-presstallad","8":"product_tag-juki","9":"desktop-align-left","10":"tablet-align-left","11":"mobile-align-left","13":"first","14":"instock","15":"taxable","16":"shipping-taxable","17":"purchasable","18":"product-type-simple"},"yoast_head":"<!-- This site is optimized with the Yoast SEO plugin v26.1.1 - https:\/\/yoast.com\/wordpress\/plugins\/seo\/ -->\n<title>Kummipaelatald Juki ja Bernina overlokile - Marevik O&Uuml;<\/title>\n<meta name=\"description\" content=\"Kummipaela tald kergendab kummipaela \u00f5mblemist kanga serva, tagades \u00fchtlase venimise kogu pikkuses ja v\u00e4ltides kummi sattumist...\" \/>\n<meta name=\"robots\" content=\"index, follow, max-snippet:-1, max-image-preview:large, max-video-preview:-1\" \/>\n<link rel=\"canonical\" href=\"https:\/\/marevik.ee\/test\/toode\/kummipaelatald-juki-ja-bernina-overlokile\/\" \/>\n<meta property=\"og:locale\" content=\"en_US\" \/>\n<meta property=\"og:type\" content=\"article\" \/>\n<meta property=\"og:title\" content=\"Kummipaelatald Juki ja Bernina overlokile - Marevik O&Uuml;\" \/>\n<meta property=\"og:description\" content=\"Kummipaela tald kergendab kummipaela \u00f5mblemist kanga serva, tagades \u00fchtlase venimise kogu pikkuses ja v\u00e4ltides kummi sattumist...\" \/>\n<meta property=\"og:url\" content=\"https:\/\/marevik.ee\/test\/toode\/kummipaelatald-juki-ja-bernina-overlokile\/\" \/>\n<meta property=\"og:site_name\" content=\"Marevik O&Uuml;\" \/>\n<meta property=\"article:modified_time\" content=\"2021-11-10T13:48:22+00:00\" \/>\n<meta property=\"og:image\" content=\"https:\/\/marevik.ee\/test\/wp-content\/uploads\/2021\/03\/Kummipaletald-Juki.jpg\" \/>\n\t<meta property=\"og:image:width\" content=\"500\" \/>\n\t<meta property=\"og:image:height\" content=\"500\" \/>\n\t<meta property=\"og:image:type\" content=\"image\/jpeg\" \/>\n<meta name=\"twitter:card\" content=\"summary_large_image\" \/>\n<script type=\"application\/ld+json\" class=\"yoast-schema-graph\">{\"@context\":\"https:\/\/schema.org\",\"@graph\":[{\"@type\":\"WebPage\",\"@id\":\"https:\/\/marevik.ee\/test\/toode\/kummipaelatald-juki-ja-bernina-overlokile\/\",\"url\":\"https:\/\/marevik.ee\/test\/toode\/kummipaelatald-juki-ja-bernina-overlokile\/\",\"name\":\"Kummipaelatald Juki ja Bernina overlokile - Marevik O&Uuml;\",\"isPartOf\":{\"@id\":\"https:\/\/marevik.ee\/test\/#website\"},\"primaryImageOfPage\":{\"@id\":\"https:\/\/marevik.ee\/test\/toode\/kummipaelatald-juki-ja-bernina-overlokile\/#primaryimage\"},\"image\":{\"@id\":\"https:\/\/marevik.ee\/test\/toode\/kummipaelatald-juki-ja-bernina-overlokile\/#primaryimage\"},\"thumbnailUrl\":\"https:\/\/marevik.ee\/test\/wp-content\/uploads\/2021\/03\/Kummipaletald-Juki.jpg\",\"datePublished\":\"2018-04-10T13:19:27+00:00\",\"dateModified\":\"2021-11-10T13:48:22+00:00\",\"description\":\"Kummipaela tald kergendab kummipaela \u00f5mblemist kanga serva, tagades \u00fchtlase venimise kogu pikkuses ja v\u00e4ltides kummi sattumist...\",\"breadcrumb\":{\"@id\":\"https:\/\/marevik.ee\/test\/toode\/kummipaelatald-juki-ja-bernina-overlokile\/#breadcrumb\"},\"inLanguage\":\"en\",\"potentialAction\":[{\"@type\":\"ReadAction\",\"target\":[\"https:\/\/marevik.ee\/test\/toode\/kummipaelatald-juki-ja-bernina-overlokile\/\"]}]},{\"@type\":\"ImageObject\",\"inLanguage\":\"en\",\"@id\":\"https:\/\/marevik.ee\/test\/toode\/kummipaelatald-juki-ja-bernina-overlokile\/#primaryimage\",\"url\":\"https:\/\/marevik.ee\/test\/wp-content\/uploads\/2021\/03\/Kummipaletald-Juki.jpg\",\"contentUrl\":\"https:\/\/marevik.ee\/test\/wp-content\/uploads\/2021\/03\/Kummipaletald-Juki.jpg\",\"width\":500,\"height\":500,\"caption\":\"Kummipaelatald Juki ja Bernina overlokile\"},{\"@type\":\"BreadcrumbList\",\"@id\":\"https:\/\/marevik.ee\/test\/toode\/kummipaelatald-juki-ja-bernina-overlokile\/#breadcrumb\",\"itemListElement\":[{\"@type\":\"ListItem\",\"position\":1,\"name\":\"Home\",\"item\":\"https:\/\/marevik.ee\/test\/\"},{\"@type\":\"ListItem\",\"position\":2,\"name\":\"E-POOD\",\"item\":\"https:\/\/marevik.ee\/test\/epood\/\"},{\"@type\":\"ListItem\",\"position\":3,\"name\":\"Kummipaelatald Juki ja Bernina overlokile\"}]},{\"@type\":\"WebSite\",\"@id\":\"https:\/\/marevik.ee\/test\/#website\",\"url\":\"https:\/\/marevik.ee\/test\/\",\"name\":\"Marevik O&Uuml;\",\"description\":\"&Otilde;mblusmasina asjatundja\",\"publisher\":{\"@id\":\"https:\/\/marevik.ee\/test\/#organization\"},\"potentialAction\":[{\"@type\":\"SearchAction\",\"target\":{\"@type\":\"EntryPoint\",\"urlTemplate\":\"https:\/\/marevik.ee\/test\/?s={search_term_string}\"},\"query-input\":{\"@type\":\"PropertyValueSpecification\",\"valueRequired\":true,\"valueName\":\"search_term_string\"}}],\"inLanguage\":\"en\"},{\"@type\":\"Organization\",\"@id\":\"https:\/\/marevik.ee\/test\/#organization\",\"name\":\"Marevik O&Uuml;\",\"url\":\"https:\/\/marevik.ee\/test\/\",\"logo\":{\"@type\":\"ImageObject\",\"inLanguage\":\"en\",\"@id\":\"https:\/\/marevik.ee\/test\/#\/schema\/logo\/image\/\",\"url\":\"https:\/\/marevik.ee\/test\/wp-content\/uploads\/2020\/02\/mblusmasina-asjatundja-1994_173x105_veebi_v-ike.jpg\",\"contentUrl\":\"https:\/\/marevik.ee\/test\/wp-content\/uploads\/2020\/02\/mblusmasina-asjatundja-1994_173x105_veebi_v-ike.jpg\",\"width\":173,\"height\":105,\"caption\":\"Marevik O&Uuml;\"},\"image\":{\"@id\":\"https:\/\/marevik.ee\/test\/#\/schema\/logo\/image\/\"}}]}<\/script>\n<!-- \/ Yoast SEO plugin. -->","yoast_head_json":{"title":"Kummipaelatald Juki ja Bernina overlokile - Marevik O&Uuml;","description":"Kummipaela tald kergendab kummipaela \u00f5mblemist kanga serva, tagades \u00fchtlase venimise kogu pikkuses ja v\u00e4ltides kummi sattumist...","robots":{"index":"index","follow":"follow","max-snippet":"max-snippet:-1","max-image-preview":"max-image-preview:large","max-video-preview":"max-video-preview:-1"},"canonical":"https:\/\/marevik.ee\/test\/toode\/kummipaelatald-juki-ja-bernina-overlokile\/","og_locale":"en_US","og_type":"article","og_title":"Kummipaelatald Juki ja Bernina overlokile - Marevik O&Uuml;","og_description":"Kummipaela tald kergendab kummipaela \u00f5mblemist kanga serva, tagades \u00fchtlase venimise kogu pikkuses ja v\u00e4ltides kummi sattumist...","og_url":"https:\/\/marevik.ee\/test\/toode\/kummipaelatald-juki-ja-bernina-overlokile\/","og_site_name":"Marevik O&Uuml;","article_modified_time":"2021-11-10T13:48:22+00:00","og_image":[{"width":500,"height":500,"url":"https:\/\/marevik.ee\/test\/wp-content\/uploads\/2021\/03\/Kummipaletald-Juki.jpg","type":"image\/jpeg"}],"twitter_card":"summary_large_image","schema":{"@context":"https:\/\/schema.org","@graph":[{"@type":"WebPage","@id":"https:\/\/marevik.ee\/test\/toode\/kummipaelatald-juki-ja-bernina-overlokile\/","url":"https:\/\/marevik.ee\/test\/toode\/kummipaelatald-juki-ja-bernina-overlokile\/","name":"Kummipaelatald Juki ja Bernina overlokile - Marevik O&Uuml;","isPartOf":{"@id":"https:\/\/marevik.ee\/test\/#website"},"primaryImageOfPage":{"@id":"https:\/\/marevik.ee\/test\/toode\/kummipaelatald-juki-ja-bernina-overlokile\/#primaryimage"},"image":{"@id":"https:\/\/marevik.ee\/test\/toode\/kummipaelatald-juki-ja-bernina-overlokile\/#primaryimage"},"thumbnailUrl":"https:\/\/marevik.ee\/test\/wp-content\/uploads\/2021\/03\/Kummipaletald-Juki.jpg","datePublished":"2018-04-10T13:19:27+00:00","dateModified":"2021-11-10T13:48:22+00:00","description":"Kummipaela tald kergendab kummipaela \u00f5mblemist kanga serva, tagades \u00fchtlase venimise kogu pikkuses ja v\u00e4ltides kummi sattumist...","breadcrumb":{"@id":"https:\/\/marevik.ee\/test\/toode\/kummipaelatald-juki-ja-bernina-overlokile\/#breadcrumb"},"inLanguage":"en","potentialAction":[{"@type":"ReadAction","target":["https:\/\/marevik.ee\/test\/toode\/kummipaelatald-juki-ja-bernina-overlokile\/"]}]},{"@type":"ImageObject","inLanguage":"en","@id":"https:\/\/marevik.ee\/test\/toode\/kummipaelatald-juki-ja-bernina-overlokile\/#primaryimage","url":"https:\/\/marevik.ee\/test\/wp-content\/uploads\/2021\/03\/Kummipaletald-Juki.jpg","contentUrl":"https:\/\/marevik.ee\/test\/wp-content\/uploads\/2021\/03\/Kummipaletald-Juki.jpg","width":500,"height":500,"caption":"Kummipaelatald Juki ja Bernina overlokile"},{"@type":"BreadcrumbList","@id":"https:\/\/marevik.ee\/test\/toode\/kummipaelatald-juki-ja-bernina-overlokile\/#breadcrumb","itemListElement":[{"@type":"ListItem","position":1,"name":"Home","item":"https:\/\/marevik.ee\/test\/"},{"@type":"ListItem","position":2,"name":"E-POOD","item":"https:\/\/marevik.ee\/test\/epood\/"},{"@type":"ListItem","position":3,"name":"Kummipaelatald Juki ja Bernina overlokile"}]},{"@type":"WebSite","@id":"https:\/\/marevik.ee\/test\/#website","url":"https:\/\/marevik.ee\/test\/","name":"Marevik O&Uuml;","description":"&Otilde;mblusmasina asjatundja","publisher":{"@id":"https:\/\/marevik.ee\/test\/#organization"},"potentialAction":[{"@type":"SearchAction","target":{"@type":"EntryPoint","urlTemplate":"https:\/\/marevik.ee\/test\/?s={search_term_string}"},"query-input":{"@type":"PropertyValueSpecification","valueRequired":true,"valueName":"search_term_string"}}],"inLanguage":"en"},{"@type":"Organization","@id":"https:\/\/marevik.ee\/test\/#organization","name":"Marevik O&Uuml;","url":"https:\/\/marevik.ee\/test\/","logo":{"@type":"ImageObject","inLanguage":"en","@id":"https:\/\/marevik.ee\/test\/#\/schema\/logo\/image\/","url":"https:\/\/marevik.ee\/test\/wp-content\/uploads\/2020\/02\/mblusmasina-asjatundja-1994_173x105_veebi_v-ike.jpg","contentUrl":"https:\/\/marevik.ee\/test\/wp-content\/uploads\/2020\/02\/mblusmasina-asjatundja-1994_173x105_veebi_v-ike.jpg","width":173,"height":105,"caption":"Marevik O&Uuml;"},"image":{"@id":"https:\/\/marevik.ee\/test\/#\/schema\/logo\/image\/"}}]}},"_links":{"self":[{"href":"https:\/\/marevik.ee\/test\/wp-json\/wp\/v2\/product\/8359","targetHints":{"allow":["GET"]}}],"collection":[{"href":"https:\/\/marevik.ee\/test\/wp-json\/wp\/v2\/product"}],"about":[{"href":"https:\/\/marevik.ee\/test\/wp-json\/wp\/v2\/types\/product"}],"wp:featuredmedia":[{"embeddable":true,"href":"https:\/\/marevik.ee\/test\/wp-json\/wp\/v2\/media\/8360"}],"wp:attachment":[{"href":"https:\/\/marevik.ee\/test\/wp-json\/wp\/v2\/media?parent=8359"}],"wp:term":[{"taxonomy":"product_brand","embeddable":true,"href":"https:\/\/marevik.ee\/test\/wp-json\/wp\/v2\/product_brand?post=8359"},{"taxonomy":"product_cat","embeddable":true,"href":"https:\/\/marevik.ee\/test\/wp-json\/wp\/v2\/product_cat?post=8359"},{"taxonomy":"product_tag","embeddable":true,"href":"https:\/\/marevik.ee\/test\/wp-json\/wp\/v2\/product_tag?post=8359"}],"curies":[{"name":"wp","href":"https:\/\/api.w.org\/{rel}","templated":true}]}}