{"id":8805,"date":"2019-01-23T16:48:39","date_gmt":"2019-01-23T16:48:39","guid":{"rendered":"https:\/\/xn--mblusmasinapood-rsb.ee\/product\/innov-is-a150-brother\/"},"modified":"2025-07-01T06:52:34","modified_gmt":"2025-07-01T06:52:34","slug":"innov-is-a150-brother","status":"publish","type":"product","link":"https:\/\/marevik.ee\/test\/toode\/innov-is-a150-brother\/","title":{"rendered":"Innov-is A150 Brother"},"content":{"rendered":"<p>Vedelkristallekraan<br \/>\nEkraanil n\u00e4htavad valitud \u00f5mblus, pistegrupi t\u00e4his, n\u00f5ela asend, automaatne pistekinnitus, automaatne niidil\u00f5ikus, soovituslik presstald ning piste pikkus ja laius<br \/>\nMitme funktsionaalsed numbriklahvid (0 \u2013 9):<br \/>\nP\u00f5hi\u00f5mbluste kiirvalikuks<br \/>\nElektrooniline niidil\u00f5ikus<br \/>\n\u00d5mblus valitakse 150 \u00f5mbluse hulgast j\u00e4rjekorra numbri abil<br \/>\n10 erinevat t\u00e4isautomaatset n\u00f6\u00f6pauku<br \/>\n4 t\u00e4hestikufonti<br \/>\n\u00c4\u00e4ristus\u00f5mblused<br \/>\nPeit\u00f5mblused<br \/>\nKinnitus\u00f5mblus, \u00f6\u00f6side \u00f5mblemine<br \/>\nKaunistus\u00f5mblused<br \/>\n\u00d5mbluse p\u00f6\u00f6ramine peegelpildiks<br \/>\nMustrikorra \u00f5mblemine \u00fchekordselt v\u00f5i j\u00e4rjestikku<br \/>\nSuured t\u00e4hed ja numbrid<br \/>\n3 m\u00e4lukohta t\u00e4he-\/pistekombinatsioonide salvestamiseks (35 m\u00e4rki m\u00e4lukoht)<br \/>\nLapit\u00f6\u00f6- ja tepppimis\u00f5mblused<br \/>\nKaksikn\u00f5elaga \u00f5mblemine<br \/>\nHorisontaalne poolis\u00fcsteem<br \/>\nS\u00f6\u00f6tehammastiku langetamine vabak\u00e4etikandiks<br \/>\nAutomaatselt seatud piste pikkus ja laius \u00f5mbluse valides, sujuvalt reguleeritav piste pikkus (max 5mm) ja laius (max 7mm)<br \/>\nAutomaatne poolimine ja lihtne pooli paigaldamine<br \/>\nStart\/stopp nupp ilma pedaalita \u00f5mblemiseks<br \/>\n\u00d5mbluskiiruse regulaator, s\u00e4etav ka sik-sak\u00f5mbluse laiuse k\u00e4sitsi reguleerimiseks<br \/>\nAutomaatne n\u00f5elasilmaniidistaja<br \/>\nAutomaatne pistekinnitus<br \/>\nN\u00f5ela asendi muutmine (n\u00f5el \u00fcleval\/all)<br \/>\n\u00dchtlane s\u00f6\u00f6de t\u00e4nu 7-osalisele hammastikule<br \/>\nFiksaatoriga presstald h\u00f5lbustamaks \u00fcleminekud \u00f5hemalt paksemale kangakihile<br \/>\nKohtvalgustus<br \/>\nVabavars h\u00f5lbustamaks torujate detailide \u00f5mblemist<br \/>\nKandesang<br \/>\nNiidil\u00f5ikur<br \/>\nTarvikukomplekt: 3 pooli, n\u00f5elad nr. 75, 90, 100, kaksikn\u00f5el, lukutald, n\u00f6\u00f6paugutald, n\u00f6\u00f6bitald, peitpistetald, \u00e4\u00e4ristustald, dekoratiiv\u00f5mblustald, harutaja, spindel, augustaja, kruvikeerajad<br \/>\nK\u00f5va masinakate<\/p>\n","protected":false},"excerpt":{"rendered":"<p>Brother Innov-is A150 on kompuuter\u00f5mblusmasin, mis sobib hobi\u00f5mbleja t\u00f6\u00f6tuppa. 150 erinevat \u00f5mblusoperatsiooni ja 10 t\u00e4isautomaatset n\u00f6\u00f6paugu\u00f5mblust rahuldab ka professionaalsema \u00f5mbleja vajadusi. Kauni disainiga, vaikse ning sujuva k\u00e4ivitusega t\u00f6\u00f6riist.<\/p>\n","protected":false},"featured_media":8806,"template":"","meta":{"site-sidebar-layout":"default","site-content-layout":"default","ast-site-content-layout":"default","site-content-style":"default","site-sidebar-style":"default","ast-global-header-display":"","ast-banner-title-visibility":"","ast-main-header-display":"","ast-hfb-above-header-display":"","ast-hfb-below-header-display":"","ast-hfb-mobile-header-display":"","site-post-title":"","ast-breadcrumbs-content":"","ast-featured-img":"","footer-sml-layout":"","theme-transparent-header-meta":"default","adv-header-id-meta":"","stick-header-meta":"","header-above-stick-meta":"","header-main-stick-meta":"","header-below-stick-meta":"","astra-migrate-meta-layouts":"set","ast-page-background-enabled":"default","ast-page-background-meta":{"desktop":{"background-color":"","background-image":"","background-repeat":"repeat","background-position":"center center","background-size":"auto","background-attachment":"scroll","background-type":"","background-media":"","overlay-type":"","overlay-color":"","overlay-opacity":"","overlay-gradient":""},"tablet":{"background-color":"","background-image":"","background-repeat":"repeat","background-position":"center center","background-size":"auto","background-attachment":"scroll","background-type":"","background-media":"","overlay-type":"","overlay-color":"","overlay-opacity":"","overlay-gradient":""},"mobile":{"background-color":"","background-image":"","background-repeat":"repeat","background-position":"center center","background-size":"auto","background-attachment":"scroll","background-type":"","background-media":"","overlay-type":"","overlay-color":"","overlay-opacity":"","overlay-gradient":""}},"ast-content-background-meta":{"desktop":{"background-color":"var(--ast-global-color-5)","background-image":"","background-repeat":"repeat","background-position":"center center","background-size":"auto","background-attachment":"scroll","background-type":"","background-media":"","overlay-type":"","overlay-color":"","overlay-opacity":"","overlay-gradient":""},"tablet":{"background-color":"var(--ast-global-color-5)","background-image":"","background-repeat":"repeat","background-position":"center center","background-size":"auto","background-attachment":"scroll","background-type":"","background-media":"","overlay-type":"","overlay-color":"","overlay-opacity":"","overlay-gradient":""},"mobile":{"background-color":"var(--ast-global-color-5)","background-image":"","background-repeat":"repeat","background-position":"center center","background-size":"auto","background-attachment":"scroll","background-type":"","background-media":"","overlay-type":"","overlay-color":"","overlay-opacity":"","overlay-gradient":""}}},"product_brand":[],"product_cat":[68,60],"product_tag":[85],"class_list":{"0":"post-8805","1":"product","2":"type-product","3":"status-publish","4":"has-post-thumbnail","6":"product_cat-brother","7":"product_cat-omblusmasinad","8":"product_tag-brother","9":"desktop-align-left","10":"tablet-align-left","11":"mobile-align-left","13":"first","14":"instock","15":"taxable","16":"shipping-taxable","17":"purchasable","18":"product-type-simple"},"yoast_head":"<!-- This site is optimized with the Yoast SEO plugin v26.1.1 - https:\/\/yoast.com\/wordpress\/plugins\/seo\/ -->\n<title>Innov-is A150 Brother - 150 erinevat \u00f5mblusoperatsiooni<\/title>\n<meta name=\"description\" content=\"Brother Innov-is A150 on kompuuter\u00f5mblusmasin, mis sobib hobi\u00f5mbleja t\u00f6\u00f6tuppa. 150 erinevat \u00f5mblusoperatsiooni ja 10 t\u00e4isautomaatset n\u00f6\u00f6paugu\u00f5mblust.\" \/>\n<meta name=\"robots\" content=\"index, follow, max-snippet:-1, max-image-preview:large, max-video-preview:-1\" \/>\n<link rel=\"canonical\" href=\"https:\/\/marevik.ee\/test\/toode\/innov-is-a150-brother\/\" \/>\n<meta property=\"og:locale\" content=\"en_US\" \/>\n<meta property=\"og:type\" content=\"article\" \/>\n<meta property=\"og:title\" content=\"Innov-is A150 Brother - 150 erinevat \u00f5mblusoperatsiooni\" \/>\n<meta property=\"og:description\" content=\"Brother Innov-is A150 on kompuuter\u00f5mblusmasin, mis sobib hobi\u00f5mbleja t\u00f6\u00f6tuppa. 150 erinevat \u00f5mblusoperatsiooni ja 10 t\u00e4isautomaatset n\u00f6\u00f6paugu\u00f5mblust.\" \/>\n<meta property=\"og:url\" content=\"https:\/\/marevik.ee\/test\/toode\/innov-is-a150-brother\/\" \/>\n<meta property=\"og:site_name\" content=\"Marevik O&Uuml;\" \/>\n<meta property=\"article:modified_time\" content=\"2025-07-01T06:52:34+00:00\" \/>\n<meta property=\"og:image\" content=\"https:\/\/marevik.ee\/test\/wp-content\/uploads\/2021\/03\/Innov-is-A150.jpg\" \/>\n\t<meta property=\"og:image:width\" content=\"2500\" \/>\n\t<meta property=\"og:image:height\" content=\"1726\" \/>\n\t<meta property=\"og:image:type\" content=\"image\/jpeg\" \/>\n<meta name=\"twitter:card\" content=\"summary_large_image\" \/>\n<meta name=\"twitter:label1\" content=\"Est. reading time\" \/>\n\t<meta name=\"twitter:data1\" content=\"2 minutes\" \/>\n<script type=\"application\/ld+json\" class=\"yoast-schema-graph\">{\"@context\":\"https:\/\/schema.org\",\"@graph\":[{\"@type\":\"WebPage\",\"@id\":\"https:\/\/marevik.ee\/test\/toode\/innov-is-a150-brother\/\",\"url\":\"https:\/\/marevik.ee\/test\/toode\/innov-is-a150-brother\/\",\"name\":\"Innov-is A150 Brother - 150 erinevat \u00f5mblusoperatsiooni\",\"isPartOf\":{\"@id\":\"https:\/\/marevik.ee\/test\/#website\"},\"primaryImageOfPage\":{\"@id\":\"https:\/\/marevik.ee\/test\/toode\/innov-is-a150-brother\/#primaryimage\"},\"image\":{\"@id\":\"https:\/\/marevik.ee\/test\/toode\/innov-is-a150-brother\/#primaryimage\"},\"thumbnailUrl\":\"https:\/\/marevik.ee\/test\/wp-content\/uploads\/2021\/03\/Innov-is-A150.jpg\",\"datePublished\":\"2019-01-23T16:48:39+00:00\",\"dateModified\":\"2025-07-01T06:52:34+00:00\",\"description\":\"Brother Innov-is A150 on kompuuter\u00f5mblusmasin, mis sobib hobi\u00f5mbleja t\u00f6\u00f6tuppa. 150 erinevat \u00f5mblusoperatsiooni ja 10 t\u00e4isautomaatset n\u00f6\u00f6paugu\u00f5mblust.\",\"breadcrumb\":{\"@id\":\"https:\/\/marevik.ee\/test\/toode\/innov-is-a150-brother\/#breadcrumb\"},\"inLanguage\":\"en\",\"potentialAction\":[{\"@type\":\"ReadAction\",\"target\":[\"https:\/\/marevik.ee\/test\/toode\/innov-is-a150-brother\/\"]}]},{\"@type\":\"ImageObject\",\"inLanguage\":\"en\",\"@id\":\"https:\/\/marevik.ee\/test\/toode\/innov-is-a150-brother\/#primaryimage\",\"url\":\"https:\/\/marevik.ee\/test\/wp-content\/uploads\/2021\/03\/Innov-is-A150.jpg\",\"contentUrl\":\"https:\/\/marevik.ee\/test\/wp-content\/uploads\/2021\/03\/Innov-is-A150.jpg\",\"width\":2500,\"height\":1726,\"caption\":\"Innov-is A150 Brother\"},{\"@type\":\"BreadcrumbList\",\"@id\":\"https:\/\/marevik.ee\/test\/toode\/innov-is-a150-brother\/#breadcrumb\",\"itemListElement\":[{\"@type\":\"ListItem\",\"position\":1,\"name\":\"Home\",\"item\":\"https:\/\/marevik.ee\/test\/\"},{\"@type\":\"ListItem\",\"position\":2,\"name\":\"E-POOD\",\"item\":\"https:\/\/marevik.ee\/test\/epood\/\"},{\"@type\":\"ListItem\",\"position\":3,\"name\":\"Innov-is A150 Brother\"}]},{\"@type\":\"WebSite\",\"@id\":\"https:\/\/marevik.ee\/test\/#website\",\"url\":\"https:\/\/marevik.ee\/test\/\",\"name\":\"Marevik O&Uuml;\",\"description\":\"&Otilde;mblusmasina asjatundja\",\"publisher\":{\"@id\":\"https:\/\/marevik.ee\/test\/#organization\"},\"potentialAction\":[{\"@type\":\"SearchAction\",\"target\":{\"@type\":\"EntryPoint\",\"urlTemplate\":\"https:\/\/marevik.ee\/test\/?s={search_term_string}\"},\"query-input\":{\"@type\":\"PropertyValueSpecification\",\"valueRequired\":true,\"valueName\":\"search_term_string\"}}],\"inLanguage\":\"en\"},{\"@type\":\"Organization\",\"@id\":\"https:\/\/marevik.ee\/test\/#organization\",\"name\":\"Marevik O&Uuml;\",\"url\":\"https:\/\/marevik.ee\/test\/\",\"logo\":{\"@type\":\"ImageObject\",\"inLanguage\":\"en\",\"@id\":\"https:\/\/marevik.ee\/test\/#\/schema\/logo\/image\/\",\"url\":\"https:\/\/marevik.ee\/test\/wp-content\/uploads\/2020\/02\/mblusmasina-asjatundja-1994_173x105_veebi_v-ike.jpg\",\"contentUrl\":\"https:\/\/marevik.ee\/test\/wp-content\/uploads\/2020\/02\/mblusmasina-asjatundja-1994_173x105_veebi_v-ike.jpg\",\"width\":173,\"height\":105,\"caption\":\"Marevik O&Uuml;\"},\"image\":{\"@id\":\"https:\/\/marevik.ee\/test\/#\/schema\/logo\/image\/\"}}]}<\/script>\n<!-- \/ Yoast SEO plugin. -->","yoast_head_json":{"title":"Innov-is A150 Brother - 150 erinevat \u00f5mblusoperatsiooni","description":"Brother Innov-is A150 on kompuuter\u00f5mblusmasin, mis sobib hobi\u00f5mbleja t\u00f6\u00f6tuppa. 150 erinevat \u00f5mblusoperatsiooni ja 10 t\u00e4isautomaatset n\u00f6\u00f6paugu\u00f5mblust.","robots":{"index":"index","follow":"follow","max-snippet":"max-snippet:-1","max-image-preview":"max-image-preview:large","max-video-preview":"max-video-preview:-1"},"canonical":"https:\/\/marevik.ee\/test\/toode\/innov-is-a150-brother\/","og_locale":"en_US","og_type":"article","og_title":"Innov-is A150 Brother - 150 erinevat \u00f5mblusoperatsiooni","og_description":"Brother Innov-is A150 on kompuuter\u00f5mblusmasin, mis sobib hobi\u00f5mbleja t\u00f6\u00f6tuppa. 150 erinevat \u00f5mblusoperatsiooni ja 10 t\u00e4isautomaatset n\u00f6\u00f6paugu\u00f5mblust.","og_url":"https:\/\/marevik.ee\/test\/toode\/innov-is-a150-brother\/","og_site_name":"Marevik O&Uuml;","article_modified_time":"2025-07-01T06:52:34+00:00","og_image":[{"width":2500,"height":1726,"url":"https:\/\/marevik.ee\/test\/wp-content\/uploads\/2021\/03\/Innov-is-A150.jpg","type":"image\/jpeg"}],"twitter_card":"summary_large_image","twitter_misc":{"Est. reading time":"2 minutes"},"schema":{"@context":"https:\/\/schema.org","@graph":[{"@type":"WebPage","@id":"https:\/\/marevik.ee\/test\/toode\/innov-is-a150-brother\/","url":"https:\/\/marevik.ee\/test\/toode\/innov-is-a150-brother\/","name":"Innov-is A150 Brother - 150 erinevat \u00f5mblusoperatsiooni","isPartOf":{"@id":"https:\/\/marevik.ee\/test\/#website"},"primaryImageOfPage":{"@id":"https:\/\/marevik.ee\/test\/toode\/innov-is-a150-brother\/#primaryimage"},"image":{"@id":"https:\/\/marevik.ee\/test\/toode\/innov-is-a150-brother\/#primaryimage"},"thumbnailUrl":"https:\/\/marevik.ee\/test\/wp-content\/uploads\/2021\/03\/Innov-is-A150.jpg","datePublished":"2019-01-23T16:48:39+00:00","dateModified":"2025-07-01T06:52:34+00:00","description":"Brother Innov-is A150 on kompuuter\u00f5mblusmasin, mis sobib hobi\u00f5mbleja t\u00f6\u00f6tuppa. 150 erinevat \u00f5mblusoperatsiooni ja 10 t\u00e4isautomaatset n\u00f6\u00f6paugu\u00f5mblust.","breadcrumb":{"@id":"https:\/\/marevik.ee\/test\/toode\/innov-is-a150-brother\/#breadcrumb"},"inLanguage":"en","potentialAction":[{"@type":"ReadAction","target":["https:\/\/marevik.ee\/test\/toode\/innov-is-a150-brother\/"]}]},{"@type":"ImageObject","inLanguage":"en","@id":"https:\/\/marevik.ee\/test\/toode\/innov-is-a150-brother\/#primaryimage","url":"https:\/\/marevik.ee\/test\/wp-content\/uploads\/2021\/03\/Innov-is-A150.jpg","contentUrl":"https:\/\/marevik.ee\/test\/wp-content\/uploads\/2021\/03\/Innov-is-A150.jpg","width":2500,"height":1726,"caption":"Innov-is A150 Brother"},{"@type":"BreadcrumbList","@id":"https:\/\/marevik.ee\/test\/toode\/innov-is-a150-brother\/#breadcrumb","itemListElement":[{"@type":"ListItem","position":1,"name":"Home","item":"https:\/\/marevik.ee\/test\/"},{"@type":"ListItem","position":2,"name":"E-POOD","item":"https:\/\/marevik.ee\/test\/epood\/"},{"@type":"ListItem","position":3,"name":"Innov-is A150 Brother"}]},{"@type":"WebSite","@id":"https:\/\/marevik.ee\/test\/#website","url":"https:\/\/marevik.ee\/test\/","name":"Marevik O&Uuml;","description":"&Otilde;mblusmasina asjatundja","publisher":{"@id":"https:\/\/marevik.ee\/test\/#organization"},"potentialAction":[{"@type":"SearchAction","target":{"@type":"EntryPoint","urlTemplate":"https:\/\/marevik.ee\/test\/?s={search_term_string}"},"query-input":{"@type":"PropertyValueSpecification","valueRequired":true,"valueName":"search_term_string"}}],"inLanguage":"en"},{"@type":"Organization","@id":"https:\/\/marevik.ee\/test\/#organization","name":"Marevik O&Uuml;","url":"https:\/\/marevik.ee\/test\/","logo":{"@type":"ImageObject","inLanguage":"en","@id":"https:\/\/marevik.ee\/test\/#\/schema\/logo\/image\/","url":"https:\/\/marevik.ee\/test\/wp-content\/uploads\/2020\/02\/mblusmasina-asjatundja-1994_173x105_veebi_v-ike.jpg","contentUrl":"https:\/\/marevik.ee\/test\/wp-content\/uploads\/2020\/02\/mblusmasina-asjatundja-1994_173x105_veebi_v-ike.jpg","width":173,"height":105,"caption":"Marevik O&Uuml;"},"image":{"@id":"https:\/\/marevik.ee\/test\/#\/schema\/logo\/image\/"}}]}},"_links":{"self":[{"href":"https:\/\/marevik.ee\/test\/wp-json\/wp\/v2\/product\/8805","targetHints":{"allow":["GET"]}}],"collection":[{"href":"https:\/\/marevik.ee\/test\/wp-json\/wp\/v2\/product"}],"about":[{"href":"https:\/\/marevik.ee\/test\/wp-json\/wp\/v2\/types\/product"}],"wp:featuredmedia":[{"embeddable":true,"href":"https:\/\/marevik.ee\/test\/wp-json\/wp\/v2\/media\/8806"}],"wp:attachment":[{"href":"https:\/\/marevik.ee\/test\/wp-json\/wp\/v2\/media?parent=8805"}],"wp:term":[{"taxonomy":"product_brand","embeddable":true,"href":"https:\/\/marevik.ee\/test\/wp-json\/wp\/v2\/product_brand?post=8805"},{"taxonomy":"product_cat","embeddable":true,"href":"https:\/\/marevik.ee\/test\/wp-json\/wp\/v2\/product_cat?post=8805"},{"taxonomy":"product_tag","embeddable":true,"href":"https:\/\/marevik.ee\/test\/wp-json\/wp\/v2\/product_tag?post=8805"}],"curies":[{"name":"wp","href":"https:\/\/api.w.org\/{rel}","templated":true}]}}