{"id":8855,"date":"2019-01-25T16:50:05","date_gmt":"2019-01-25T16:50:05","guid":{"rendered":"https:\/\/xn--mblusmasinapood-rsb.ee\/product\/smarter-160s-pfaff\/"},"modified":"2023-01-05T11:27:08","modified_gmt":"2023-01-05T11:27:08","slug":"smarter-160s-pfaff","status":"publish","type":"product","link":"https:\/\/marevik.ee\/test\/toode\/smarter-160s-pfaff\/","title":{"rendered":"Smarter 160s Pfaff"},"content":{"rendered":"<p>Reguleeritavad piste pikkus kuni 5mm ja &#8211; laius kuni 6mm.<br \/>\nMugav kandesang ja k\u00f5va kate.<br \/>\nReguleeritav pressjala surve.<br \/>\n21 sisseehitatud enimkasutatud \u00f5mblust.<br \/>\nOverlokpisted ilusaks riide \u00e4\u00e4ristamiseks.<br \/>\nN\u00f6\u00f6paugu \u00f5mblemine kangast keeramata &#8211; \u00fcheetapiline n\u00f6\u00f6pauk.<br \/>\nNiidistamine n\u00f5elasilma niidistusabiga.<br \/>\nSelgelt m\u00e4rgitud ekstrak\u00f5rgusega pressjalg paksudele materjalidele.<br \/>\nKerge pressjala vahetus-ainult nupule vajutades.<br \/>\nPFAFF originaalpressjalad &#8211; suur lisatarvikute v\u00f5imalus.<br \/>\nTagurpidi \u00f5mblus nupuvajutusega.<br \/>\nVabavarre kiire vabastus.<br \/>\nTarvikutekarp k\u00e4ep\u00e4rane.<br \/>\nHea valgustus, mis ei peegeldu tagasi.<br \/>\n\u00d5livaba kauakestev pealt laetav poolipesa, mugav kasutada.<\/p>\n<div class=\"ast-oembed-container \" style=\"height: 100%;\"><iframe title=\"Smarter by PFAFF 160s &amp; 140s by PFAFF\u00ae\" width=\"500\" height=\"281\" src=\"https:\/\/www.youtube.com\/embed\/dFXVN6MOxOg?feature=oembed\" frameborder=\"0\" allow=\"accelerometer; autoplay; clipboard-write; encrypted-media; gyroscope; picture-in-picture; web-share\" referrerpolicy=\"strict-origin-when-cross-origin\" allowfullscreen><\/iframe><\/div>\n<p>&nbsp;<\/p>\n","protected":false},"excerpt":{"rendered":"<p>Pfaff Smarter 160s on kaunis ja kaasaegne mehaaniline \u00f5mblusmasin, mis sobib h\u00e4sti hobi\u00f5mbleja t\u00f6\u00f6tuppa. Masin teeb 21 erinevat \u00f5mblusoperatsiooni, mille hulka kuulub ka \u00fcheetapiline n\u00f6\u00f6pauk. LED valgustus ja k\u00f5va plastikust kohver ning presstalla surve reguleerimise v\u00f5imalus, mis k\u00f5ik kokku teebki korraliku t\u00f6\u00f6riista.\u00a0 Be Smart!<\/p>\n","protected":false},"featured_media":8856,"template":"","meta":{"site-sidebar-layout":"default","site-content-layout":"default","ast-site-content-layout":"","site-content-style":"default","site-sidebar-style":"default","ast-global-header-display":"","ast-banner-title-visibility":"","ast-main-header-display":"","ast-hfb-above-header-display":"","ast-hfb-below-header-display":"","ast-hfb-mobile-header-display":"","site-post-title":"","ast-breadcrumbs-content":"","ast-featured-img":"","footer-sml-layout":"","theme-transparent-header-meta":"default","adv-header-id-meta":"","stick-header-meta":"","header-above-stick-meta":"","header-main-stick-meta":"","header-below-stick-meta":"","astra-migrate-meta-layouts":"default","ast-page-background-enabled":"default","ast-page-background-meta":{"desktop":{"background-color":"","background-image":"","background-repeat":"repeat","background-position":"center center","background-size":"auto","background-attachment":"scroll","background-type":"","background-media":"","overlay-type":"","overlay-color":"","overlay-opacity":"","overlay-gradient":""},"tablet":{"background-color":"","background-image":"","background-repeat":"repeat","background-position":"center center","background-size":"auto","background-attachment":"scroll","background-type":"","background-media":"","overlay-type":"","overlay-color":"","overlay-opacity":"","overlay-gradient":""},"mobile":{"background-color":"","background-image":"","background-repeat":"repeat","background-position":"center center","background-size":"auto","background-attachment":"scroll","background-type":"","background-media":"","overlay-type":"","overlay-color":"","overlay-opacity":"","overlay-gradient":""}},"ast-content-background-meta":{"desktop":{"background-color":"var(--ast-global-color-5)","background-image":"","background-repeat":"repeat","background-position":"center center","background-size":"auto","background-attachment":"scroll","background-type":"","background-media":"","overlay-type":"","overlay-color":"","overlay-opacity":"","overlay-gradient":""},"tablet":{"background-color":"var(--ast-global-color-5)","background-image":"","background-repeat":"repeat","background-position":"center center","background-size":"auto","background-attachment":"scroll","background-type":"","background-media":"","overlay-type":"","overlay-color":"","overlay-opacity":"","overlay-gradient":""},"mobile":{"background-color":"var(--ast-global-color-5)","background-image":"","background-repeat":"repeat","background-position":"center center","background-size":"auto","background-attachment":"scroll","background-type":"","background-media":"","overlay-type":"","overlay-color":"","overlay-opacity":"","overlay-gradient":""}}},"product_brand":[],"product_cat":[60,73],"product_tag":[111],"class_list":{"0":"post-8855","1":"product","2":"type-product","3":"status-publish","4":"has-post-thumbnail","6":"product_cat-omblusmasinad","7":"product_cat-pfaff","8":"product_tag-pfaff","9":"desktop-align-left","10":"tablet-align-left","11":"mobile-align-left","13":"first","14":"instock","15":"taxable","16":"shipping-taxable","17":"purchasable","18":"product-type-simple"},"yoast_head":"<!-- This site is optimized with the Yoast SEO plugin v26.1.1 - https:\/\/yoast.com\/wordpress\/plugins\/seo\/ -->\n<title>Smarter 160s Pfaff - mehaaniline \u00f5mblusmasin hobi\u00f5mblejale<\/title>\n<meta name=\"description\" content=\"Pfaff Smarter 160s on kaunis ja kaasaegne mehaaniline \u00f5mblusmasin, mis sobib h\u00e4sti hobi\u00f5mbleja t\u00f6\u00f6tuppa. Masin teeb 21 erinevat \u00f5mblust\" \/>\n<meta name=\"robots\" content=\"index, follow, max-snippet:-1, max-image-preview:large, max-video-preview:-1\" \/>\n<link rel=\"canonical\" href=\"https:\/\/marevik.ee\/test\/toode\/smarter-160s-pfaff\/\" \/>\n<meta property=\"og:locale\" content=\"en_US\" \/>\n<meta property=\"og:type\" content=\"article\" \/>\n<meta property=\"og:title\" content=\"Smarter 160s Pfaff - mehaaniline \u00f5mblusmasin hobi\u00f5mblejale\" \/>\n<meta property=\"og:description\" content=\"Pfaff Smarter 160s on kaunis ja kaasaegne mehaaniline \u00f5mblusmasin, mis sobib h\u00e4sti hobi\u00f5mbleja t\u00f6\u00f6tuppa. Masin teeb 21 erinevat \u00f5mblust\" \/>\n<meta property=\"og:url\" content=\"https:\/\/marevik.ee\/test\/toode\/smarter-160s-pfaff\/\" \/>\n<meta property=\"og:site_name\" content=\"Marevik O&Uuml;\" \/>\n<meta property=\"article:modified_time\" content=\"2023-01-05T11:27:08+00:00\" \/>\n<meta property=\"og:image\" content=\"https:\/\/marevik.ee\/test\/wp-content\/uploads\/2021\/03\/Smarter-160s.jpg\" \/>\n\t<meta property=\"og:image:width\" content=\"1024\" \/>\n\t<meta property=\"og:image:height\" content=\"768\" \/>\n\t<meta property=\"og:image:type\" content=\"image\/jpeg\" \/>\n<meta name=\"twitter:card\" content=\"summary_large_image\" \/>\n<meta name=\"twitter:label1\" content=\"Est. reading time\" \/>\n\t<meta name=\"twitter:data1\" content=\"1 minute\" \/>\n<script type=\"application\/ld+json\" class=\"yoast-schema-graph\">{\"@context\":\"https:\/\/schema.org\",\"@graph\":[{\"@type\":\"WebPage\",\"@id\":\"https:\/\/marevik.ee\/test\/toode\/smarter-160s-pfaff\/\",\"url\":\"https:\/\/marevik.ee\/test\/toode\/smarter-160s-pfaff\/\",\"name\":\"Smarter 160s Pfaff - mehaaniline \u00f5mblusmasin hobi\u00f5mblejale\",\"isPartOf\":{\"@id\":\"https:\/\/marevik.ee\/test\/#website\"},\"primaryImageOfPage\":{\"@id\":\"https:\/\/marevik.ee\/test\/toode\/smarter-160s-pfaff\/#primaryimage\"},\"image\":{\"@id\":\"https:\/\/marevik.ee\/test\/toode\/smarter-160s-pfaff\/#primaryimage\"},\"thumbnailUrl\":\"https:\/\/marevik.ee\/test\/wp-content\/uploads\/2021\/03\/Smarter-160s.jpg\",\"datePublished\":\"2019-01-25T16:50:05+00:00\",\"dateModified\":\"2023-01-05T11:27:08+00:00\",\"description\":\"Pfaff Smarter 160s on kaunis ja kaasaegne mehaaniline \u00f5mblusmasin, mis sobib h\u00e4sti hobi\u00f5mbleja t\u00f6\u00f6tuppa. Masin teeb 21 erinevat \u00f5mblust\",\"breadcrumb\":{\"@id\":\"https:\/\/marevik.ee\/test\/toode\/smarter-160s-pfaff\/#breadcrumb\"},\"inLanguage\":\"en\",\"potentialAction\":[{\"@type\":\"ReadAction\",\"target\":[\"https:\/\/marevik.ee\/test\/toode\/smarter-160s-pfaff\/\"]}]},{\"@type\":\"ImageObject\",\"inLanguage\":\"en\",\"@id\":\"https:\/\/marevik.ee\/test\/toode\/smarter-160s-pfaff\/#primaryimage\",\"url\":\"https:\/\/marevik.ee\/test\/wp-content\/uploads\/2021\/03\/Smarter-160s.jpg\",\"contentUrl\":\"https:\/\/marevik.ee\/test\/wp-content\/uploads\/2021\/03\/Smarter-160s.jpg\",\"width\":1024,\"height\":768,\"caption\":\"Smarter 160s Pfaff\"},{\"@type\":\"BreadcrumbList\",\"@id\":\"https:\/\/marevik.ee\/test\/toode\/smarter-160s-pfaff\/#breadcrumb\",\"itemListElement\":[{\"@type\":\"ListItem\",\"position\":1,\"name\":\"Home\",\"item\":\"https:\/\/marevik.ee\/test\/\"},{\"@type\":\"ListItem\",\"position\":2,\"name\":\"E-POOD\",\"item\":\"https:\/\/marevik.ee\/test\/epood\/\"},{\"@type\":\"ListItem\",\"position\":3,\"name\":\"Smarter 160s Pfaff\"}]},{\"@type\":\"WebSite\",\"@id\":\"https:\/\/marevik.ee\/test\/#website\",\"url\":\"https:\/\/marevik.ee\/test\/\",\"name\":\"Marevik O&Uuml;\",\"description\":\"&Otilde;mblusmasina asjatundja\",\"publisher\":{\"@id\":\"https:\/\/marevik.ee\/test\/#organization\"},\"potentialAction\":[{\"@type\":\"SearchAction\",\"target\":{\"@type\":\"EntryPoint\",\"urlTemplate\":\"https:\/\/marevik.ee\/test\/?s={search_term_string}\"},\"query-input\":{\"@type\":\"PropertyValueSpecification\",\"valueRequired\":true,\"valueName\":\"search_term_string\"}}],\"inLanguage\":\"en\"},{\"@type\":\"Organization\",\"@id\":\"https:\/\/marevik.ee\/test\/#organization\",\"name\":\"Marevik O&Uuml;\",\"url\":\"https:\/\/marevik.ee\/test\/\",\"logo\":{\"@type\":\"ImageObject\",\"inLanguage\":\"en\",\"@id\":\"https:\/\/marevik.ee\/test\/#\/schema\/logo\/image\/\",\"url\":\"https:\/\/marevik.ee\/test\/wp-content\/uploads\/2020\/02\/mblusmasina-asjatundja-1994_173x105_veebi_v-ike.jpg\",\"contentUrl\":\"https:\/\/marevik.ee\/test\/wp-content\/uploads\/2020\/02\/mblusmasina-asjatundja-1994_173x105_veebi_v-ike.jpg\",\"width\":173,\"height\":105,\"caption\":\"Marevik O&Uuml;\"},\"image\":{\"@id\":\"https:\/\/marevik.ee\/test\/#\/schema\/logo\/image\/\"}}]}<\/script>\n<!-- \/ Yoast SEO plugin. -->","yoast_head_json":{"title":"Smarter 160s Pfaff - mehaaniline \u00f5mblusmasin hobi\u00f5mblejale","description":"Pfaff Smarter 160s on kaunis ja kaasaegne mehaaniline \u00f5mblusmasin, mis sobib h\u00e4sti hobi\u00f5mbleja t\u00f6\u00f6tuppa. Masin teeb 21 erinevat \u00f5mblust","robots":{"index":"index","follow":"follow","max-snippet":"max-snippet:-1","max-image-preview":"max-image-preview:large","max-video-preview":"max-video-preview:-1"},"canonical":"https:\/\/marevik.ee\/test\/toode\/smarter-160s-pfaff\/","og_locale":"en_US","og_type":"article","og_title":"Smarter 160s Pfaff - mehaaniline \u00f5mblusmasin hobi\u00f5mblejale","og_description":"Pfaff Smarter 160s on kaunis ja kaasaegne mehaaniline \u00f5mblusmasin, mis sobib h\u00e4sti hobi\u00f5mbleja t\u00f6\u00f6tuppa. Masin teeb 21 erinevat \u00f5mblust","og_url":"https:\/\/marevik.ee\/test\/toode\/smarter-160s-pfaff\/","og_site_name":"Marevik O&Uuml;","article_modified_time":"2023-01-05T11:27:08+00:00","og_image":[{"width":1024,"height":768,"url":"https:\/\/marevik.ee\/test\/wp-content\/uploads\/2021\/03\/Smarter-160s.jpg","type":"image\/jpeg"}],"twitter_card":"summary_large_image","twitter_misc":{"Est. reading time":"1 minute"},"schema":{"@context":"https:\/\/schema.org","@graph":[{"@type":"WebPage","@id":"https:\/\/marevik.ee\/test\/toode\/smarter-160s-pfaff\/","url":"https:\/\/marevik.ee\/test\/toode\/smarter-160s-pfaff\/","name":"Smarter 160s Pfaff - mehaaniline \u00f5mblusmasin hobi\u00f5mblejale","isPartOf":{"@id":"https:\/\/marevik.ee\/test\/#website"},"primaryImageOfPage":{"@id":"https:\/\/marevik.ee\/test\/toode\/smarter-160s-pfaff\/#primaryimage"},"image":{"@id":"https:\/\/marevik.ee\/test\/toode\/smarter-160s-pfaff\/#primaryimage"},"thumbnailUrl":"https:\/\/marevik.ee\/test\/wp-content\/uploads\/2021\/03\/Smarter-160s.jpg","datePublished":"2019-01-25T16:50:05+00:00","dateModified":"2023-01-05T11:27:08+00:00","description":"Pfaff Smarter 160s on kaunis ja kaasaegne mehaaniline \u00f5mblusmasin, mis sobib h\u00e4sti hobi\u00f5mbleja t\u00f6\u00f6tuppa. Masin teeb 21 erinevat \u00f5mblust","breadcrumb":{"@id":"https:\/\/marevik.ee\/test\/toode\/smarter-160s-pfaff\/#breadcrumb"},"inLanguage":"en","potentialAction":[{"@type":"ReadAction","target":["https:\/\/marevik.ee\/test\/toode\/smarter-160s-pfaff\/"]}]},{"@type":"ImageObject","inLanguage":"en","@id":"https:\/\/marevik.ee\/test\/toode\/smarter-160s-pfaff\/#primaryimage","url":"https:\/\/marevik.ee\/test\/wp-content\/uploads\/2021\/03\/Smarter-160s.jpg","contentUrl":"https:\/\/marevik.ee\/test\/wp-content\/uploads\/2021\/03\/Smarter-160s.jpg","width":1024,"height":768,"caption":"Smarter 160s Pfaff"},{"@type":"BreadcrumbList","@id":"https:\/\/marevik.ee\/test\/toode\/smarter-160s-pfaff\/#breadcrumb","itemListElement":[{"@type":"ListItem","position":1,"name":"Home","item":"https:\/\/marevik.ee\/test\/"},{"@type":"ListItem","position":2,"name":"E-POOD","item":"https:\/\/marevik.ee\/test\/epood\/"},{"@type":"ListItem","position":3,"name":"Smarter 160s Pfaff"}]},{"@type":"WebSite","@id":"https:\/\/marevik.ee\/test\/#website","url":"https:\/\/marevik.ee\/test\/","name":"Marevik O&Uuml;","description":"&Otilde;mblusmasina asjatundja","publisher":{"@id":"https:\/\/marevik.ee\/test\/#organization"},"potentialAction":[{"@type":"SearchAction","target":{"@type":"EntryPoint","urlTemplate":"https:\/\/marevik.ee\/test\/?s={search_term_string}"},"query-input":{"@type":"PropertyValueSpecification","valueRequired":true,"valueName":"search_term_string"}}],"inLanguage":"en"},{"@type":"Organization","@id":"https:\/\/marevik.ee\/test\/#organization","name":"Marevik O&Uuml;","url":"https:\/\/marevik.ee\/test\/","logo":{"@type":"ImageObject","inLanguage":"en","@id":"https:\/\/marevik.ee\/test\/#\/schema\/logo\/image\/","url":"https:\/\/marevik.ee\/test\/wp-content\/uploads\/2020\/02\/mblusmasina-asjatundja-1994_173x105_veebi_v-ike.jpg","contentUrl":"https:\/\/marevik.ee\/test\/wp-content\/uploads\/2020\/02\/mblusmasina-asjatundja-1994_173x105_veebi_v-ike.jpg","width":173,"height":105,"caption":"Marevik O&Uuml;"},"image":{"@id":"https:\/\/marevik.ee\/test\/#\/schema\/logo\/image\/"}}]}},"_links":{"self":[{"href":"https:\/\/marevik.ee\/test\/wp-json\/wp\/v2\/product\/8855","targetHints":{"allow":["GET"]}}],"collection":[{"href":"https:\/\/marevik.ee\/test\/wp-json\/wp\/v2\/product"}],"about":[{"href":"https:\/\/marevik.ee\/test\/wp-json\/wp\/v2\/types\/product"}],"wp:featuredmedia":[{"embeddable":true,"href":"https:\/\/marevik.ee\/test\/wp-json\/wp\/v2\/media\/8856"}],"wp:attachment":[{"href":"https:\/\/marevik.ee\/test\/wp-json\/wp\/v2\/media?parent=8855"}],"wp:term":[{"taxonomy":"product_brand","embeddable":true,"href":"https:\/\/marevik.ee\/test\/wp-json\/wp\/v2\/product_brand?post=8855"},{"taxonomy":"product_cat","embeddable":true,"href":"https:\/\/marevik.ee\/test\/wp-json\/wp\/v2\/product_cat?post=8855"},{"taxonomy":"product_tag","embeddable":true,"href":"https:\/\/marevik.ee\/test\/wp-json\/wp\/v2\/product_tag?post=8855"}],"curies":[{"name":"wp","href":"https:\/\/api.w.org\/{rel}","templated":true}]}}