{"id":9017,"date":"2019-04-11T15:04:21","date_gmt":"2019-04-11T15:04:21","guid":{"rendered":"https:\/\/xn--mblusmasinapood-rsb.ee\/product\/pfaff-select-4-2\/"},"modified":"2024-03-05T11:57:17","modified_gmt":"2024-03-05T11:57:17","slug":"pfaff-select-4-2","status":"publish","type":"product","link":"https:\/\/marevik.ee\/test\/toode\/pfaff-select-4-2\/","title":{"rendered":"Pfaff select 4.2"},"content":{"rendered":"<p>40 \u00f5mbluspistet \u2013 tava\u00f5mblused, overlokk\u00f5mblused,<br \/>\nkaunistus\u00f5mblused.<br \/>\nvabak\u00e4e\u00f5mblused.<br \/>\nEtappide kaupa \u00f5mmeldav n\u00f6\u00f6pauk ilma riiet keeramata ja alati \u00fcle\u00f5mmeldav.<br \/>\n\u00d5mbluslaius max. 5,5 mm, <strong>\u00d5mbluspikkus max. 6,0 mm<\/strong>, n\u00f5elasilma niidistaja ja <strong>t\u00f6\u00f6stuslik s\u00fcstik<\/strong><br \/>\nLisasuurusega \u00f5mblemispind \u2013 pikendatud vabavars<br \/>\nKaks kohtvalgustit.<br \/>\nElektrooniline pedaal \u2013 kindel n\u00f5ela l\u00e4bil\u00f6\u00f6giv\u00f5ime paksudest materjalidest ka aeglaselt \u00f5mmeldes.<br \/>\nLisak\u00f5rgusega pressjala t\u00f5ste, suurem n\u00f5elaplaat,<br \/>\nhorisontaalne t\u00f6\u00f6stuslik s\u00fcstik, poolimise automaatne stopp,\u00a0 kiirkinnitusega pressjalad,<br \/>\nkaks niidirullihoidikut.<\/p>\n<p>Palju tarvikuid kohe kaasas: standartpressjalg, l\u00e4bipaistev<br \/>\npressjalg, peit\u00f5mblusjalg, \u00f5mbluse juhik, lukujalg,<br \/>\nn\u00f6\u00f6paugujalg, harutaja, parandusjalg, n\u00f5elte komplekt.<\/p>\n<div class=\"ast-oembed-container \" style=\"height: 100%;\"><iframe title=\"What makes it so perfect? PFAFF\u00ae original IDT\u2122 System\" width=\"500\" height=\"281\" src=\"https:\/\/www.youtube.com\/embed\/5RQxHyLMkqI?feature=oembed\" frameborder=\"0\" allow=\"accelerometer; autoplay; clipboard-write; encrypted-media; gyroscope; picture-in-picture; web-share\" referrerpolicy=\"strict-origin-when-cross-origin\" allowfullscreen><\/iframe><\/div>\n","protected":false},"excerpt":{"rendered":"<p>Pfaff select 4.2 on t\u00f5en\u00e4oliselt parim mehaaniline \u00f5mblusmasin. Sobib k\u00f5igile kel k\u00f5rged n\u00f5udmised \u00f5mbluse kvaliteedile. Tugev ja j\u00f5uline t\u00f6\u00f6riist nii koju kui ka professionaalseks t\u00f6\u00f6ks.<\/p>\n","protected":false},"featured_media":9018,"template":"","meta":{"site-sidebar-layout":"default","site-content-layout":"default","ast-site-content-layout":"","site-content-style":"default","site-sidebar-style":"default","ast-global-header-display":"","ast-banner-title-visibility":"","ast-main-header-display":"","ast-hfb-above-header-display":"","ast-hfb-below-header-display":"","ast-hfb-mobile-header-display":"","site-post-title":"","ast-breadcrumbs-content":"","ast-featured-img":"","footer-sml-layout":"","theme-transparent-header-meta":"default","adv-header-id-meta":"","stick-header-meta":"","header-above-stick-meta":"","header-main-stick-meta":"","header-below-stick-meta":"","astra-migrate-meta-layouts":"default","ast-page-background-enabled":"default","ast-page-background-meta":{"desktop":{"background-color":"","background-image":"","background-repeat":"repeat","background-position":"center center","background-size":"auto","background-attachment":"scroll","background-type":"","background-media":"","overlay-type":"","overlay-color":"","overlay-opacity":"","overlay-gradient":""},"tablet":{"background-color":"","background-image":"","background-repeat":"repeat","background-position":"center center","background-size":"auto","background-attachment":"scroll","background-type":"","background-media":"","overlay-type":"","overlay-color":"","overlay-opacity":"","overlay-gradient":""},"mobile":{"background-color":"","background-image":"","background-repeat":"repeat","background-position":"center center","background-size":"auto","background-attachment":"scroll","background-type":"","background-media":"","overlay-type":"","overlay-color":"","overlay-opacity":"","overlay-gradient":""}},"ast-content-background-meta":{"desktop":{"background-color":"var(--ast-global-color-5)","background-image":"","background-repeat":"repeat","background-position":"center center","background-size":"auto","background-attachment":"scroll","background-type":"","background-media":"","overlay-type":"","overlay-color":"","overlay-opacity":"","overlay-gradient":""},"tablet":{"background-color":"var(--ast-global-color-5)","background-image":"","background-repeat":"repeat","background-position":"center center","background-size":"auto","background-attachment":"scroll","background-type":"","background-media":"","overlay-type":"","overlay-color":"","overlay-opacity":"","overlay-gradient":""},"mobile":{"background-color":"var(--ast-global-color-5)","background-image":"","background-repeat":"repeat","background-position":"center center","background-size":"auto","background-attachment":"scroll","background-type":"","background-media":"","overlay-type":"","overlay-color":"","overlay-opacity":"","overlay-gradient":""}}},"product_brand":[],"product_cat":[60,73],"product_tag":[111],"class_list":{"0":"post-9017","1":"product","2":"type-product","3":"status-publish","4":"has-post-thumbnail","6":"product_cat-omblusmasinad","7":"product_cat-pfaff","8":"product_tag-pfaff","9":"desktop-align-left","10":"tablet-align-left","11":"mobile-align-left","13":"first","14":"instock","15":"taxable","16":"shipping-taxable","17":"purchasable","18":"product-type-simple"},"yoast_head":"<!-- This site is optimized with the Yoast SEO plugin v26.1.1 - https:\/\/yoast.com\/wordpress\/plugins\/seo\/ -->\n<title>Pfaff select 4.2 - Tugev ja j\u00f5uline t\u00f6\u00f6riist professionaalseks t\u00f6\u00f6ks.<\/title>\n<meta name=\"description\" content=\"Pfaff select 4.2 on t\u00f5en\u00e4oliselt parim mehaaniline \u00f5mblusmasin. Sobib k\u00f5igile kel k\u00f5rged n\u00f5udmised \u00f5mbluse kvaliteedile. Tugev ja j\u00f5uline t\u00f6\u00f6riist nii koju kui ka professionaalseks t\u00f6\u00f6ks.\" \/>\n<meta name=\"robots\" content=\"index, follow, max-snippet:-1, max-image-preview:large, max-video-preview:-1\" \/>\n<link rel=\"canonical\" href=\"https:\/\/marevik.ee\/test\/toode\/pfaff-select-4-2\/\" \/>\n<meta property=\"og:locale\" content=\"en_US\" \/>\n<meta property=\"og:type\" content=\"article\" \/>\n<meta property=\"og:title\" content=\"Pfaff select 4.2 - Tugev ja j\u00f5uline t\u00f6\u00f6riist professionaalseks t\u00f6\u00f6ks.\" \/>\n<meta property=\"og:description\" content=\"Pfaff select 4.2 on t\u00f5en\u00e4oliselt parim mehaaniline \u00f5mblusmasin. Sobib k\u00f5igile kel k\u00f5rged n\u00f5udmised \u00f5mbluse kvaliteedile. Tugev ja j\u00f5uline t\u00f6\u00f6riist nii koju kui ka professionaalseks t\u00f6\u00f6ks.\" \/>\n<meta property=\"og:url\" content=\"https:\/\/marevik.ee\/test\/toode\/pfaff-select-4-2\/\" \/>\n<meta property=\"og:site_name\" content=\"Marevik O&Uuml;\" \/>\n<meta property=\"article:modified_time\" content=\"2024-03-05T11:57:17+00:00\" \/>\n<meta property=\"og:image\" content=\"https:\/\/marevik.ee\/test\/wp-content\/uploads\/2021\/03\/Pfaff-Select-4.2_1.jpg\" \/>\n\t<meta property=\"og:image:width\" content=\"500\" \/>\n\t<meta property=\"og:image:height\" content=\"500\" \/>\n\t<meta property=\"og:image:type\" content=\"image\/jpeg\" \/>\n<meta name=\"twitter:card\" content=\"summary_large_image\" \/>\n<meta name=\"twitter:label1\" content=\"Est. reading time\" \/>\n\t<meta name=\"twitter:data1\" content=\"1 minute\" \/>\n<script type=\"application\/ld+json\" class=\"yoast-schema-graph\">{\"@context\":\"https:\/\/schema.org\",\"@graph\":[{\"@type\":\"WebPage\",\"@id\":\"https:\/\/marevik.ee\/test\/toode\/pfaff-select-4-2\/\",\"url\":\"https:\/\/marevik.ee\/test\/toode\/pfaff-select-4-2\/\",\"name\":\"Pfaff select 4.2 - Tugev ja j\u00f5uline t\u00f6\u00f6riist professionaalseks t\u00f6\u00f6ks.\",\"isPartOf\":{\"@id\":\"https:\/\/marevik.ee\/test\/#website\"},\"primaryImageOfPage\":{\"@id\":\"https:\/\/marevik.ee\/test\/toode\/pfaff-select-4-2\/#primaryimage\"},\"image\":{\"@id\":\"https:\/\/marevik.ee\/test\/toode\/pfaff-select-4-2\/#primaryimage\"},\"thumbnailUrl\":\"https:\/\/marevik.ee\/test\/wp-content\/uploads\/2021\/03\/Pfaff-Select-4.2_1.jpg\",\"datePublished\":\"2019-04-11T15:04:21+00:00\",\"dateModified\":\"2024-03-05T11:57:17+00:00\",\"description\":\"Pfaff select 4.2 on t\u00f5en\u00e4oliselt parim mehaaniline \u00f5mblusmasin. Sobib k\u00f5igile kel k\u00f5rged n\u00f5udmised \u00f5mbluse kvaliteedile. Tugev ja j\u00f5uline t\u00f6\u00f6riist nii koju kui ka professionaalseks t\u00f6\u00f6ks.\",\"breadcrumb\":{\"@id\":\"https:\/\/marevik.ee\/test\/toode\/pfaff-select-4-2\/#breadcrumb\"},\"inLanguage\":\"en\",\"potentialAction\":[{\"@type\":\"ReadAction\",\"target\":[\"https:\/\/marevik.ee\/test\/toode\/pfaff-select-4-2\/\"]}]},{\"@type\":\"ImageObject\",\"inLanguage\":\"en\",\"@id\":\"https:\/\/marevik.ee\/test\/toode\/pfaff-select-4-2\/#primaryimage\",\"url\":\"https:\/\/marevik.ee\/test\/wp-content\/uploads\/2021\/03\/Pfaff-Select-4.2_1.jpg\",\"contentUrl\":\"https:\/\/marevik.ee\/test\/wp-content\/uploads\/2021\/03\/Pfaff-Select-4.2_1.jpg\",\"width\":500,\"height\":500,\"caption\":\"Pfaff select 4.2\"},{\"@type\":\"BreadcrumbList\",\"@id\":\"https:\/\/marevik.ee\/test\/toode\/pfaff-select-4-2\/#breadcrumb\",\"itemListElement\":[{\"@type\":\"ListItem\",\"position\":1,\"name\":\"Home\",\"item\":\"https:\/\/marevik.ee\/test\/\"},{\"@type\":\"ListItem\",\"position\":2,\"name\":\"E-POOD\",\"item\":\"https:\/\/marevik.ee\/test\/epood\/\"},{\"@type\":\"ListItem\",\"position\":3,\"name\":\"Pfaff select 4.2\"}]},{\"@type\":\"WebSite\",\"@id\":\"https:\/\/marevik.ee\/test\/#website\",\"url\":\"https:\/\/marevik.ee\/test\/\",\"name\":\"Marevik O&Uuml;\",\"description\":\"&Otilde;mblusmasina asjatundja\",\"publisher\":{\"@id\":\"https:\/\/marevik.ee\/test\/#organization\"},\"potentialAction\":[{\"@type\":\"SearchAction\",\"target\":{\"@type\":\"EntryPoint\",\"urlTemplate\":\"https:\/\/marevik.ee\/test\/?s={search_term_string}\"},\"query-input\":{\"@type\":\"PropertyValueSpecification\",\"valueRequired\":true,\"valueName\":\"search_term_string\"}}],\"inLanguage\":\"en\"},{\"@type\":\"Organization\",\"@id\":\"https:\/\/marevik.ee\/test\/#organization\",\"name\":\"Marevik O&Uuml;\",\"url\":\"https:\/\/marevik.ee\/test\/\",\"logo\":{\"@type\":\"ImageObject\",\"inLanguage\":\"en\",\"@id\":\"https:\/\/marevik.ee\/test\/#\/schema\/logo\/image\/\",\"url\":\"https:\/\/marevik.ee\/test\/wp-content\/uploads\/2020\/02\/mblusmasina-asjatundja-1994_173x105_veebi_v-ike.jpg\",\"contentUrl\":\"https:\/\/marevik.ee\/test\/wp-content\/uploads\/2020\/02\/mblusmasina-asjatundja-1994_173x105_veebi_v-ike.jpg\",\"width\":173,\"height\":105,\"caption\":\"Marevik O&Uuml;\"},\"image\":{\"@id\":\"https:\/\/marevik.ee\/test\/#\/schema\/logo\/image\/\"}}]}<\/script>\n<!-- \/ Yoast SEO plugin. -->","yoast_head_json":{"title":"Pfaff select 4.2 - Tugev ja j\u00f5uline t\u00f6\u00f6riist professionaalseks t\u00f6\u00f6ks.","description":"Pfaff select 4.2 on t\u00f5en\u00e4oliselt parim mehaaniline \u00f5mblusmasin. Sobib k\u00f5igile kel k\u00f5rged n\u00f5udmised \u00f5mbluse kvaliteedile. Tugev ja j\u00f5uline t\u00f6\u00f6riist nii koju kui ka professionaalseks t\u00f6\u00f6ks.","robots":{"index":"index","follow":"follow","max-snippet":"max-snippet:-1","max-image-preview":"max-image-preview:large","max-video-preview":"max-video-preview:-1"},"canonical":"https:\/\/marevik.ee\/test\/toode\/pfaff-select-4-2\/","og_locale":"en_US","og_type":"article","og_title":"Pfaff select 4.2 - Tugev ja j\u00f5uline t\u00f6\u00f6riist professionaalseks t\u00f6\u00f6ks.","og_description":"Pfaff select 4.2 on t\u00f5en\u00e4oliselt parim mehaaniline \u00f5mblusmasin. Sobib k\u00f5igile kel k\u00f5rged n\u00f5udmised \u00f5mbluse kvaliteedile. Tugev ja j\u00f5uline t\u00f6\u00f6riist nii koju kui ka professionaalseks t\u00f6\u00f6ks.","og_url":"https:\/\/marevik.ee\/test\/toode\/pfaff-select-4-2\/","og_site_name":"Marevik O&Uuml;","article_modified_time":"2024-03-05T11:57:17+00:00","og_image":[{"width":500,"height":500,"url":"https:\/\/marevik.ee\/test\/wp-content\/uploads\/2021\/03\/Pfaff-Select-4.2_1.jpg","type":"image\/jpeg"}],"twitter_card":"summary_large_image","twitter_misc":{"Est. reading time":"1 minute"},"schema":{"@context":"https:\/\/schema.org","@graph":[{"@type":"WebPage","@id":"https:\/\/marevik.ee\/test\/toode\/pfaff-select-4-2\/","url":"https:\/\/marevik.ee\/test\/toode\/pfaff-select-4-2\/","name":"Pfaff select 4.2 - Tugev ja j\u00f5uline t\u00f6\u00f6riist professionaalseks t\u00f6\u00f6ks.","isPartOf":{"@id":"https:\/\/marevik.ee\/test\/#website"},"primaryImageOfPage":{"@id":"https:\/\/marevik.ee\/test\/toode\/pfaff-select-4-2\/#primaryimage"},"image":{"@id":"https:\/\/marevik.ee\/test\/toode\/pfaff-select-4-2\/#primaryimage"},"thumbnailUrl":"https:\/\/marevik.ee\/test\/wp-content\/uploads\/2021\/03\/Pfaff-Select-4.2_1.jpg","datePublished":"2019-04-11T15:04:21+00:00","dateModified":"2024-03-05T11:57:17+00:00","description":"Pfaff select 4.2 on t\u00f5en\u00e4oliselt parim mehaaniline \u00f5mblusmasin. Sobib k\u00f5igile kel k\u00f5rged n\u00f5udmised \u00f5mbluse kvaliteedile. Tugev ja j\u00f5uline t\u00f6\u00f6riist nii koju kui ka professionaalseks t\u00f6\u00f6ks.","breadcrumb":{"@id":"https:\/\/marevik.ee\/test\/toode\/pfaff-select-4-2\/#breadcrumb"},"inLanguage":"en","potentialAction":[{"@type":"ReadAction","target":["https:\/\/marevik.ee\/test\/toode\/pfaff-select-4-2\/"]}]},{"@type":"ImageObject","inLanguage":"en","@id":"https:\/\/marevik.ee\/test\/toode\/pfaff-select-4-2\/#primaryimage","url":"https:\/\/marevik.ee\/test\/wp-content\/uploads\/2021\/03\/Pfaff-Select-4.2_1.jpg","contentUrl":"https:\/\/marevik.ee\/test\/wp-content\/uploads\/2021\/03\/Pfaff-Select-4.2_1.jpg","width":500,"height":500,"caption":"Pfaff select 4.2"},{"@type":"BreadcrumbList","@id":"https:\/\/marevik.ee\/test\/toode\/pfaff-select-4-2\/#breadcrumb","itemListElement":[{"@type":"ListItem","position":1,"name":"Home","item":"https:\/\/marevik.ee\/test\/"},{"@type":"ListItem","position":2,"name":"E-POOD","item":"https:\/\/marevik.ee\/test\/epood\/"},{"@type":"ListItem","position":3,"name":"Pfaff select 4.2"}]},{"@type":"WebSite","@id":"https:\/\/marevik.ee\/test\/#website","url":"https:\/\/marevik.ee\/test\/","name":"Marevik O&Uuml;","description":"&Otilde;mblusmasina asjatundja","publisher":{"@id":"https:\/\/marevik.ee\/test\/#organization"},"potentialAction":[{"@type":"SearchAction","target":{"@type":"EntryPoint","urlTemplate":"https:\/\/marevik.ee\/test\/?s={search_term_string}"},"query-input":{"@type":"PropertyValueSpecification","valueRequired":true,"valueName":"search_term_string"}}],"inLanguage":"en"},{"@type":"Organization","@id":"https:\/\/marevik.ee\/test\/#organization","name":"Marevik O&Uuml;","url":"https:\/\/marevik.ee\/test\/","logo":{"@type":"ImageObject","inLanguage":"en","@id":"https:\/\/marevik.ee\/test\/#\/schema\/logo\/image\/","url":"https:\/\/marevik.ee\/test\/wp-content\/uploads\/2020\/02\/mblusmasina-asjatundja-1994_173x105_veebi_v-ike.jpg","contentUrl":"https:\/\/marevik.ee\/test\/wp-content\/uploads\/2020\/02\/mblusmasina-asjatundja-1994_173x105_veebi_v-ike.jpg","width":173,"height":105,"caption":"Marevik O&Uuml;"},"image":{"@id":"https:\/\/marevik.ee\/test\/#\/schema\/logo\/image\/"}}]}},"_links":{"self":[{"href":"https:\/\/marevik.ee\/test\/wp-json\/wp\/v2\/product\/9017","targetHints":{"allow":["GET"]}}],"collection":[{"href":"https:\/\/marevik.ee\/test\/wp-json\/wp\/v2\/product"}],"about":[{"href":"https:\/\/marevik.ee\/test\/wp-json\/wp\/v2\/types\/product"}],"wp:featuredmedia":[{"embeddable":true,"href":"https:\/\/marevik.ee\/test\/wp-json\/wp\/v2\/media\/9018"}],"wp:attachment":[{"href":"https:\/\/marevik.ee\/test\/wp-json\/wp\/v2\/media?parent=9017"}],"wp:term":[{"taxonomy":"product_brand","embeddable":true,"href":"https:\/\/marevik.ee\/test\/wp-json\/wp\/v2\/product_brand?post=9017"},{"taxonomy":"product_cat","embeddable":true,"href":"https:\/\/marevik.ee\/test\/wp-json\/wp\/v2\/product_cat?post=9017"},{"taxonomy":"product_tag","embeddable":true,"href":"https:\/\/marevik.ee\/test\/wp-json\/wp\/v2\/product_tag?post=9017"}],"curies":[{"name":"wp","href":"https:\/\/api.w.org\/{rel}","templated":true}]}}